000
CDUS41 KGYX 252044
CLIPWM


CLIMATE REPORT
NATIONAL WEATHER SERVICE GRAY ME
444 PM EDT MON SEP 25 2017


...................................

...THE PORTLAND ME CLIMATE SUMMARY FOR SEPTEMBER 25 2017...
VALID TODAY AS OF 0400 PM LOCAL TIME.

CLIMATE NORMAL PERIOD 1981 TO 2010
CLIMATE RECORD PERIOD 1941 TO 2017


WEATHER ITEM   OBSERVED TIME   RECORD YEAR NORMAL DEPARTURE LAST
                VALUE   (LST)  VALUE       VALUE  FROM      YEAR
                                                  NORMAL
..................................................................
TEMPERATURE (F)
 TODAY
  MAXIMUM         83    137 PM  88    1970  67     16       64
  MINIMUM         62    520 AM  29    1963  47     15       42
  AVERAGE         73                        57     16       53

PRECIPITATION (IN)
  TODAY            0.00          2.42 1961   0.14  -0.14     0.00
  MONTH TO DATE    2.20                      2.96  -0.76     0.62
  SINCE SEP 1      2.20                      2.96  -0.76     0.62
  SINCE JAN 1     32.90                     32.70   0.20    24.15

SNOWFALL (IN)
  TODAY            0.0           T    1987   0.0    0.0      0.0
  MONTH TO DATE    0.0                       0.0    0.0      0.0
  SINCE SEP 1      0.0                       0.0    0.0      0.0
  SINCE JUL 1      0.0                       0.0    0.0      0.0
  SNOW DEPTH       0

DEGREE DAYS
 HEATING
  TODAY            0                         9     -9       12
  MONTH TO DATE   40                       125    -85       52
  SINCE SEP 1     40                       125    -85       52
  SINCE JUL 1     73                       170    -97       66

 COOLING
  TODAY            8                         0      8        0
  MONTH TO DATE   52                        27     25       68
  SINCE SEP 1     52                        27     25       68
  SINCE JAN 1    416                       355     61      553
..................................................................


WIND (MPH)
  HIGHEST WIND SPEED    13   HIGHEST WIND DIRECTION     E (90)
  HIGHEST GUST SPEED    19   HIGHEST GUST DIRECTION     E (90)
  AVERAGE WIND SPEED     3.7


SKY COVER
  POSSIBLE SUNSHINE  MM
  AVERAGE SKY COVER 0.1


WEATHER CONDITIONS
 THE FOLLOWING WEATHER WAS RECORDED TODAY.
  FOG


RELATIVE HUMIDITY (PERCENT)
 HIGHEST    93          1200 AM
 LOWEST     63           200 PM
 AVERAGE    78

..........................................................


THE PORTLAND ME CLIMATE NORMALS FOR TOMORROW
                         NORMAL    RECORD    YEAR
 MAXIMUM TEMPERATURE (F)   66        90      2007
 MINIMUM TEMPERATURE (F)   46        27      1950


SUNRISE AND SUNSET
SEPTEMBER 25 2017.....SUNRISE   632 AM EDT   SUNSET   633 PM EDT
SEPTEMBER 26 2017.....SUNRISE   633 AM EDT   SUNSET   631 PM EDT


-  INDICATES NEGATIVE NUMBERS.
R  INDICATES RECORD WAS SET OR TIED.
MM INDICATES DATA IS MISSING.
T  INDICATES TRACE AMOUNT.




$$
