000
CDUS41 KGYX 290804
CLIPWM


CLIMATE REPORT
NATIONAL WEATHER SERVICE GRAY ME
404 AM EDT FRI APR 29 2016


...................................

...THE PORTLAND ME CLIMATE SUMMARY FOR APRIL 28 2016...

CLIMATE NORMAL PERIOD 1981 TO 2010
CLIMATE RECORD PERIOD 1941 TO 2016


WEATHER ITEM   OBSERVED TIME   RECORD YEAR NORMAL DEPARTURE LAST
                VALUE   (LST)  VALUE       VALUE  FROM      YEAR
                                                  NORMAL
..................................................................
TEMPERATURE (F)
 YESTERDAY
  MAXIMUM         49   1040 AM  92    2009  58     -9       63
  MINIMUM         29    451 AM  24    1947  39    -10       44
  AVERAGE         39                        48     -9       54

PRECIPITATION (IN)
  YESTERDAY        0.00          1.78 1920   0.14  -0.14     0.00
  MONTH TO DATE    1.56                      4.02  -2.46     5.03
  SINCE MAR 1      5.93                      8.26  -2.33     6.82
  SINCE JAN 1     13.47                     14.89  -1.42    14.30

SNOWFALL (IN)
  YESTERDAY        0.0           2.3  1987   0.1   -0.1      0.0
  MONTH TO DATE    3.7                       2.8    0.9      2.9
  SINCE MAR 1     10.8                      15.5   -4.7      5.3
  SINCE JUL 1     51.8                      61.9  -10.1     94.5
  SNOW DEPTH       0

DEGREE DAYS
 HEATING
  YESTERDAY       26                        17      9       11
  MONTH TO DATE  619                       597     22      574
  SINCE MAR 1   1455                      1573   -118     1644
  SINCE JUL 1   5746                      6615   -869     6698

 COOLING
  YESTERDAY        0                         0      0        0
  MONTH TO DATE    0                         0      0        0
  SINCE MAR 1      0                         0      0        0
  SINCE JAN 1      0                         0      0        0
..................................................................


WIND (MPH)
  RESULTANT WIND SPEED   1   RESULTANT WIND DIRECTION  SW (230)
  HIGHEST WIND SPEED    16   HIGHEST WIND DIRECTION     S (180)
  HIGHEST GUST SPEED    20   HIGHEST GUST DIRECTION    SE (150)
  AVERAGE WIND SPEED     6.5


SKY COVER
  AVERAGE SKY COVER 0.2


WEATHER CONDITIONS
 THE FOLLOWING WEATHER WAS RECORDED YESTERDAY.
  NO SIGNIFICANT WEATHER WAS OBSERVED.


RELATIVE HUMIDITY (PERCENT)
 HIGHEST    70           900 PM
 LOWEST     29          1000 AM
 AVERAGE    50

..........................................................


THE PORTLAND ME CLIMATE NORMALS FOR TODAY
                         NORMAL    RECORD    YEAR
 MAXIMUM TEMPERATURE (F)   58        82      1974
 MINIMUM TEMPERATURE (F)   39        24      1963


SUNRISE AND SUNSET
APRIL 29 2016.........SUNRISE   536 AM EDT   SUNSET   742 PM EDT
APRIL 30 2016.........SUNRISE   534 AM EDT   SUNSET   743 PM EDT


-  INDICATES NEGATIVE NUMBERS.
R  INDICATES RECORD WAS SET OR TIED.
MM INDICATES DATA IS MISSING.
T  INDICATES TRACE AMOUNT.




$$
