000
CDUS46 KSGX 241416
CLIRAL


CLIMATE REPORT
NATIONAL WEATHER SERVICE SAN DIEGO, CA
716 AM PDT SUN JUL 24 2016


...................................

...THE RIVERSIDE MUNI AIRPORT CA CLIMATE SUMMARY FOR JULY 23 2016...

CLIMATE NORMAL PERIOD 1981 TO 2010
CLIMATE RECORD PERIOD 1893 TO 2016


WEATHER ITEM   OBSERVED TIME   RECORD YEAR NORMAL DEPARTURE LAST
                VALUE   (LST)  VALUE       VALUE  FROM      YEAR
                                                  NORMAL
..................................................................
TEMPERATURE (F)
 YESTERDAY
  MAXIMUM        110R  1238 PM 106    2006  94     16       90
  MINIMUM         73    529 AM  45    1903  65      8       66
  AVERAGE         92                        79     13       78

PRECIPITATION (IN)
  YESTERDAY        0.00          0.09 1986   0.00   0.00     0.00
  MONTH TO DATE    0.00                      0.04  -0.04     1.94
  SINCE OCT 1      5.45                     12.04  -6.59     7.69
  SINCE JAN 1      4.28                      9.23  -4.95     4.46

DEGREE DAYS
 HEATING
  YESTERDAY        0                         0      0        0
  MONTH TO DATE    0                         0      0        0
  SINCE JUN 1      0                         2     -2        0
  SINCE JUL 1      0                         0      0        0

 COOLING
  YESTERDAY       27                        14     13       13
  MONTH TO DATE  345                       297     48      276
  SINCE JUN 1    730                       517    213      647
  SINCE JAN 1   1011                       694    317      956
..................................................................


WIND (MPH)
  RESULTANT WIND SPEED   2   RESULTANT WIND DIRECTION   W (290)
  HIGHEST WIND SPEED    18   HIGHEST WIND DIRECTION     W (280)
  HIGHEST GUST SPEED    26   HIGHEST GUST DIRECTION     W (270)
  AVERAGE WIND SPEED     3.9


SKY COVER
  POSSIBLE SUNSHINE  MM
  AVERAGE SKY COVER 0.0


WEATHER CONDITIONS
 THE FOLLOWING WEATHER WAS RECORDED YESTERDAY.
  NO SIGNIFICANT WEATHER WAS OBSERVED.


RELATIVE HUMIDITY (PERCENT)
 HIGHEST    53           600 AM
 LOWEST      9          1200 PM
 AVERAGE    31

..........................................................


THE RIVERSIDE MUNI AIRPORT CA CLIMATE NORMALS FOR TODAY
                         NORMAL    RECORD    YEAR
 MAXIMUM TEMPERATURE (F)   94       111      1959
 MINIMUM TEMPERATURE (F)   65        48      1903


SUNRISE AND SUNSET
JULY 24 2016..........SUNRISE   556 AM PDT   SUNSET   756 PM PDT
JULY 25 2016..........SUNRISE   557 AM PDT   SUNSET   755 PM PDT


-  INDICATES NEGATIVE NUMBERS.
R  INDICATES RECORD WAS SET OR TIED.
MM INDICATES DATA IS MISSING.
T  INDICATES TRACE AMOUNT.




$$
