000
CDUS46 KSGX 301150
CLIRAL


CLIMATE REPORT
NATIONAL WEATHER SERVICE SAN DIEGO, CA
450 AM PDT SUN APR 30 2017


...................................

...THE RIVERSIDE MUNI AIRPORT CA CLIMATE SUMMARY FOR APRIL 29 2017...

CLIMATE NORMAL PERIOD 1981 TO 2010
CLIMATE RECORD PERIOD 1893 TO 2017


WEATHER ITEM   OBSERVED TIME   RECORD YEAR NORMAL DEPARTURE LAST
                VALUE   (LST)  VALUE       VALUE  FROM      YEAR
                                                  NORMAL
..................................................................
TEMPERATURE (F)
 YESTERDAY
  MAXIMUM         84    445 PM  98    2008  78      6       74
                                      1981
  MINIMUM         59   1054 PM  33    1894  53      6       49
  AVERAGE         72                        65      7       62

PRECIPITATION (IN)
  YESTERDAY        0.00          0.76 1983   0.02  -0.02     0.00
  MONTH TO DATE    0.10                      0.78  -0.68     0.44
  SINCE OCT 1     13.19                     11.58   1.61     5.22
  SINCE JAN 1      7.93                      8.77  -0.84     4.05

DEGREE DAYS
 HEATING
  YESTERDAY        0                         2     -2        3
  MONTH TO DATE   31                       105    -74       31
  SINCE MAR 1    129                       310   -181      132
  SINCE JUL 1   1093                      1418   -325     1009

 COOLING
  YESTERDAY        7                         2      5        0
  MONTH TO DATE   72                        40     32       84
  SINCE MAR 1    131                        52     79      113
  SINCE JAN 1    131                        61     70      189
..................................................................


WIND (MPH)
  RESULTANT WIND SPEED  10   RESULTANT WIND DIRECTION   N (20)
  HIGHEST WIND SPEED    22   HIGHEST WIND DIRECTION     N (20)
  HIGHEST GUST SPEED    33   HIGHEST GUST DIRECTION    NE (30)
  AVERAGE WIND SPEED    10.9


SKY COVER
  POSSIBLE SUNSHINE  MM
  AVERAGE SKY COVER 0.0


WEATHER CONDITIONS
 THE FOLLOWING WEATHER WAS RECORDED YESTERDAY.
  NO SIGNIFICANT WEATHER WAS OBSERVED.


RELATIVE HUMIDITY (PERCENT)
 HIGHEST    32          1100 PM
 LOWEST      7           300 PM
 AVERAGE    20

..........................................................


THE RIVERSIDE MUNI AIRPORT CA CLIMATE NORMALS FOR TODAY
                         NORMAL    RECORD    YEAR
 MAXIMUM TEMPERATURE (F)   78        98      1996
 MINIMUM TEMPERATURE (F)   53        37      1951
                                             1911


SUNRISE AND SUNSET
APRIL 30 2017.........SUNRISE   601 AM PDT   SUNSET   733 PM PDT
MAY  1 2017...........SUNRISE   600 AM PDT   SUNSET   734 PM PDT


-  INDICATES NEGATIVE NUMBERS.
R  INDICATES RECORD WAS SET OR TIED.
MM INDICATES DATA IS MISSING.
T  INDICATES TRACE AMOUNT.




$$
