000
CDUS46 KSGX 271420
CLIRAL


CLIMATE REPORT
NATIONAL WEATHER SERVICE SAN DIEGO, CA
620 AM PST FRI FEB 27 2015


...................................

...THE RIVERSIDE MUNI AIRPORT CA CLIMATE SUMMARY FOR FEBRUARY 26 2015...

CLIMATE NORMAL PERIOD 1981 TO 2010
CLIMATE RECORD PERIOD 1893 TO 2015


WEATHER ITEM   OBSERVED TIME   RECORD YEAR NORMAL DEPARTURE LAST
                VALUE   (LST)  VALUE       VALUE  FROM      YEAR
                                                  NORMAL
..................................................................
TEMPERATURE (F)
 YESTERDAY
  MAXIMUM         72    214 PM  90    1986  69      3       65
  MINIMUM         44    558 AM  25    1935  45     -1       51
  AVERAGE         58                        57      1       58

PRECIPITATION (IN)
  YESTERDAY        0.00          1.11 2004   0.12  -0.12     0.00
  MONTH TO DATE    0.73                      2.84  -2.11     0.05
  SINCE OCT 1      4.54                      8.59  -4.05     1.04
  SINCE JAN 1      1.31                      5.78  -4.47     0.05

SNOWFALL (IN)
  YESTERDAY        0.0
  MONTH TO DATE    0.0
  SINCE JAN 1      0.0
  SINCE JUL 1      0.0
  SNOW DEPTH       0

DEGREE DAYS
 HEATING
  YESTERDAY        7                         8     -1        7
  MONTH TO DATE   72                       248   -176      134
  SINCE DEC 1    525                       893   -368      510
  SINCE JUL 1    589                      1093   -504      653

 COOLING
  YESTERDAY        0                         0      0        0
  MONTH TO DATE   17                         0     17       10
  SINCE DEC 1     29                         8     21       39
  SINCE JAN 1     24                         6     18       29
..................................................................


WIND (MPH)
  RESULTANT WIND SPEED   1   RESULTANT WIND DIRECTION   W (290)
  HIGHEST WIND SPEED    14   HIGHEST WIND DIRECTION     W (280)
  HIGHEST GUST SPEED    18   HIGHEST GUST DIRECTION     W (280)
  AVERAGE WIND SPEED     3.5


SKY COVER
  POSSIBLE SUNSHINE  MM
  AVERAGE SKY COVER 0.2


WEATHER CONDITIONS
 THE FOLLOWING WEATHER WAS RECORDED YESTERDAY.
  NO SIGNIFICANT WEATHER WAS OBSERVED.


RELATIVE HUMIDITY (PERCENT)
 HIGHEST    83           600 AM
 LOWEST     31           100 PM
 AVERAGE    57

..........................................................


THE RIVERSIDE MUNI AIRPORT CA CLIMATE NORMALS FOR TODAY
                         NORMAL    RECORD    YEAR
 MAXIMUM TEMPERATURE (F)   69        87      1972
                                             1926
 MINIMUM TEMPERATURE (F)   45        26      1935


SUNRISE AND SUNSET
FEBRUARY 27 2015......SUNRISE   621 AM PST   SUNSET   544 PM PST
FEBRUARY 28 2015......SUNRISE   620 AM PST   SUNSET   545 PM PST


-  INDICATES NEGATIVE NUMBERS.
R  INDICATES RECORD WAS SET OR TIED.
MM INDICATES DATA IS MISSING.
T  INDICATES TRACE AMOUNT.




$$
