000
CDUS46 KSGX 170118
CLIRAL


CLIMATE REPORT
NATIONAL WEATHER SERVICE SAN DIEGO, CA
518 PM PST MON JAN 16 2017


...................................

...THE RIVERSIDE MUNI AIRPORT CA CLIMATE SUMMARY FOR JANUARY 16 2017...
VALID TODAY AS OF 0500 PM LOCAL TIME.

CLIMATE NORMAL PERIOD 1981 TO 2010
CLIMATE RECORD PERIOD 1893 TO 2017


WEATHER ITEM   OBSERVED TIME   RECORD YEAR NORMAL DEPARTURE LAST
                VALUE   (LST)  VALUE       VALUE  FROM      YEAR
                                                  NORMAL
..................................................................
TEMPERATURE (F)
 TODAY
  MAXIMUM         62    229 PM  86    1961  67     -5       64
  MINIMUM         42    512 AM  28    1963  43     -1       45
                                      1950
                                      1935
  AVERAGE         52                        55     -3       55

PRECIPITATION (IN)
  TODAY            0.00          2.26 1916   0.10  -0.10     0.00
  MONTH TO DATE    1.68                      1.83  -0.15     2.46
  SINCE OCT 1      6.94                      4.64   2.30     3.63
  SINCE JAN 1      1.68                      1.83  -0.15     2.46

DEGREE DAYS
 HEATING
  TODAY           13                        10      3       10
  MONTH TO DATE  172                       164      8      193
  SINCE DEC 1    433                       490    -57      524
  SINCE JUL 1    537                       690   -153      686

 COOLING
  TODAY            0                         0      0        0
  MONTH TO DATE    0                         0      0        0
  SINCE DEC 1      0                         2     -2        2
  SINCE JAN 1      0                         0      0        0
..................................................................


WIND (MPH)
  RESULTANT WIND SPEED   3   RESULTANT WIND DIRECTION   N (20)
  HIGHEST WIND SPEED    16   HIGHEST WIND DIRECTION     N (360)
  HIGHEST GUST SPEED    28   HIGHEST GUST DIRECTION     N (350)
  AVERAGE WIND SPEED     3.9


SKY COVER
  POSSIBLE SUNSHINE  MM
  AVERAGE SKY COVER 0.4


WEATHER CONDITIONS
 THE FOLLOWING WEATHER WAS RECORDED TODAY.
  NO SIGNIFICANT WEATHER WAS OBSERVED.


RELATIVE HUMIDITY (PERCENT)
 HIGHEST   100           200 AM
 LOWEST     25           300 PM
 AVERAGE    63

..........................................................


THE RIVERSIDE MUNI AIRPORT CA CLIMATE NORMALS FOR TOMORROW
                         NORMAL    RECORD    YEAR
 MAXIMUM TEMPERATURE (F)   67        89      2011
                                             1961
                                             1920
 MINIMUM TEMPERATURE (F)   43        24      2007


SUNRISE AND SUNSET
JANUARY 16 2017.......SUNRISE   655 AM PST   SUNSET   505 PM PST
JANUARY 17 2017.......SUNRISE   654 AM PST   SUNSET   506 PM PST


-  INDICATES NEGATIVE NUMBERS.
R  INDICATES RECORD WAS SET OR TIED.
MM INDICATES DATA IS MISSING.
T  INDICATES TRACE AMOUNT.




$$
