000
CDUS46 KSGX 171131
CLIRAL


CLIMATE REPORT
NATIONAL WEATHER SERVICE SAN DIEGO, CA
431 AM PDT THU AUG 17 2017


...................................

...THE RIVERSIDE MUNI AIRPORT CA CLIMATE SUMMARY FOR AUGUST 16 2017...

CLIMATE NORMAL PERIOD 1981 TO 2010
CLIMATE RECORD PERIOD 1893 TO 2017


WEATHER ITEM   OBSERVED TIME   RECORD YEAR NORMAL DEPARTURE LAST
                VALUE   (LST)  VALUE       VALUE  FROM      YEAR
                                                  NORMAL
..................................................................
TEMPERATURE (F)
 YESTERDAY
  MAXIMUM         86    313 PM 107    2015  94     -8      105
  MINIMUM         61   1228 AM  41    1902  65     -4       65
  AVERAGE         74                        80     -6       85

PRECIPITATION (IN)
  YESTERDAY        0.00          0.09 1977   0.00   0.00     0.00
  MONTH TO DATE    0.04                      0.08  -0.04     0.00
  SINCE OCT 1     13.26                     12.15   1.11     5.45
  SINCE JAN 1      8.00                      9.34  -1.34     4.28

DEGREE DAYS
 HEATING
  YESTERDAY        0                         0      0        0
  MONTH TO DATE    0                         0      0        0
  SINCE JUN 1      0                         2     -2        0
  SINCE JUL 1      0                         0      0        0

 COOLING
  YESTERDAY        9                        14     -5       20
  MONTH TO DATE  261                       239     22      257
  SINCE JUN 1   1122                       874    248     1157
  SINCE JAN 1   1400                      1051    349     1438
..................................................................


WIND (MPH)
  RESULTANT WIND SPEED   3   RESULTANT WIND DIRECTION   W (260)
  HIGHEST WIND SPEED    17   HIGHEST WIND DIRECTION     W (270)
  HIGHEST GUST SPEED    22   HIGHEST GUST DIRECTION     W (270)
  AVERAGE WIND SPEED     5.3


SKY COVER
  POSSIBLE SUNSHINE  MM
  AVERAGE SKY COVER 0.4


WEATHER CONDITIONS
 THE FOLLOWING WEATHER WAS RECORDED YESTERDAY.
  NO SIGNIFICANT WEATHER WAS OBSERVED.


RELATIVE HUMIDITY (PERCENT)
 HIGHEST    90           200 AM
 LOWEST     37           300 PM
 AVERAGE    64

..........................................................


THE RIVERSIDE MUNI AIRPORT CA CLIMATE NORMALS FOR TODAY
                         NORMAL    RECORD    YEAR
 MAXIMUM TEMPERATURE (F)   94       107      1992
 MINIMUM TEMPERATURE (F)   65        45      1916


SUNRISE AND SUNSET
AUGUST 17 2017........SUNRISE   613 AM PDT   SUNSET   734 PM PDT
AUGUST 18 2017........SUNRISE   614 AM PDT   SUNSET   733 PM PDT


-  INDICATES NEGATIVE NUMBERS.
R  INDICATES RECORD WAS SET OR TIED.
MM INDICATES DATA IS MISSING.
T  INDICATES TRACE AMOUNT.




$$
