000
CDUS43 KUNR 060831
CLIRAP


CLIMATE REPORT
NATIONAL WEATHER SERVICE RAPID CITY SD
231 AM MDT MON JUL 6 2015


...................................

...THE RAPID CITY AIRPORT SD CLIMATE SUMMARY FOR JULY 5 2015...

CLIMATE NORMAL PERIOD 1981 TO 2010
CLIMATE RECORD PERIOD 1942 TO 2015


WEATHER ITEM   OBSERVED TIME   RECORD YEAR NORMAL DEPARTURE LAST
                VALUE   (LST)  VALUE       VALUE  FROM      YEAR
                                                  NORMAL
..................................................................
TEMPERATURE (F)
 YESTERDAY
  MAXIMUM         80    225 PM 103    1988  85     -5       91
  MINIMUM         60   1159 PM  44    1972  57      3       59
  AVERAGE         70                        71     -1       75

PRECIPITATION (IN)
  YESTERDAY        0.22          0.60 2012   0.05   0.17     0.00
  MONTH TO DATE    0.74                      0.26   0.48     0.01
  SINCE JUN 1      7.86                      2.79   5.07     5.26
  SINCE JAN 1     15.91                      9.48   6.43    10.65

SNOWFALL (IN)
  YESTERDAY        0.0           0.0    MM   0.0    0.0      0.0
  MONTH TO DATE    0.0                       0.0    0.0      0.0
  SINCE JUN 1      0.0                       0.0    0.0      0.0
  SINCE JUL 1      0.0                       0.0    0.0      0.0
  SNOW DEPTH       0

DEGREE DAYS
 HEATING
  YESTERDAY        0                         1     -1        0
  MONTH TO DATE    0                         5     -5        7
  SINCE JUN 1     27                       104    -77      135
  SINCE JUL 1      0                         5     -5        7

 COOLING
  YESTERDAY        5                         7     -2       10
  MONTH TO DATE   34                        31      3       23
  SINCE JUN 1    130                       115     15       45
  SINCE JAN 1    130                       130      0       65
..................................................................


WIND (MPH)
  HIGHEST WIND SPEED    32   HIGHEST WIND DIRECTION     N (360)
  HIGHEST GUST SPEED    39   HIGHEST GUST DIRECTION     N (350)
  AVERAGE WIND SPEED    14.4


SKY COVER
  AVERAGE SKY COVER 0.4


WEATHER CONDITIONS
 THE FOLLOWING WEATHER WAS RECORDED YESTERDAY.
  HEAVY RAIN
  RAIN
  LIGHT RAIN
  FOG
  HAZE


RELATIVE HUMIDITY (PERCENT)
 HIGHEST    93           400 AM
 LOWEST     58          1000 AM
 AVERAGE    76

..........................................................


THE RAPID CITY AIRPORT SD CLIMATE NORMALS FOR TODAY
                         NORMAL    RECORD    YEAR
 MAXIMUM TEMPERATURE (F)   85       110      1973
 MINIMUM TEMPERATURE (F)   57        45      1945


SUNRISE AND SUNSET
JULY  6 2015..........SUNRISE   516 AM MDT   SUNSET   838 PM MDT
JULY  7 2015..........SUNRISE   517 AM MDT   SUNSET   837 PM MDT


-  INDICATES NEGATIVE NUMBERS.
R  INDICATES RECORD WAS SET OR TIED.
MM INDICATES DATA IS MISSING.
T  INDICATES TRACE AMOUNT.




$$
