000
CDUS43 KUNR 250833
CLIRAP


CLIMATE REPORT
NATIONAL WEATHER SERVICE RAPID CITY SD
132 AM MST SUN JAN 25 2015


...................................

...THE RAPID CITY AIRPORT SD CLIMATE SUMMARY FOR JANUARY 24 2015...

CLIMATE NORMAL PERIOD 1981 TO 2010
CLIMATE RECORD PERIOD 1942 TO 2015


WEATHER ITEM   OBSERVED TIME   RECORD YEAR NORMAL DEPARTURE LAST
                VALUE   (LST)  VALUE       VALUE  FROM      YEAR
                                                  NORMAL
..................................................................
TEMPERATURE (F)
 YESTERDAY
  MAXIMUM         57   1221 PM  69    2005  37     20       58
                                      1968
  MINIMUM         28    136 AM -22    1957  13     15       19
  AVERAGE         43                        25     18       39

PRECIPITATION (IN)
  YESTERDAY        T             0.21 1970   0.01  -0.01     0.00
  MONTH TO DATE    0.13                      0.24  -0.11     0.21
  SINCE DEC 1      0.55                      0.66  -0.11     0.77
  SINCE JAN 1      0.13                      0.24  -0.11     0.21

SNOWFALL (IN)
  YESTERDAY        0.0           1.9  1957   0.1   -0.1      0.0
  MONTH TO DATE    2.4                       3.4   -1.0      3.0
  SINCE DEC 1     11.5                       8.8    2.7     11.6
  SINCE JUL 1     27.0                      16.6   10.4     36.4
  SNOW DEPTH       0

DEGREE DAYS
 HEATING
  YESTERDAY       22                        40    -18       26
  MONTH TO DATE  967                       962      5      912
  SINCE DEC 1   2097                      2203   -106     2335
  SINCE JUL 1   3905                      3878     27     4055

 COOLING
  YESTERDAY        0                         0      0        0
  MONTH TO DATE    0                         0      0        0
  SINCE DEC 1      0                         0      0        0
  SINCE JAN 1      0                         0      0        0
..................................................................


WIND (MPH)
  HIGHEST WIND SPEED    47   HIGHEST WIND DIRECTION    NW (310)
  HIGHEST GUST SPEED    58   HIGHEST GUST DIRECTION    NW (310)
  AVERAGE WIND SPEED    21.0


SKY COVER
  AVERAGE SKY COVER 0.3


WEATHER CONDITIONS
 THE FOLLOWING WEATHER WAS RECORDED YESTERDAY.
  LIGHT RAIN


RELATIVE HUMIDITY (PERCENT)
 HIGHEST    65           400 PM
 LOWEST     47          1200 PM
 AVERAGE    56

..........................................................


THE RAPID CITY AIRPORT SD CLIMATE NORMALS FOR TODAY
                         NORMAL    RECORD    YEAR
 MAXIMUM TEMPERATURE (F)   37        66      2006
 MINIMUM TEMPERATURE (F)   13       -21      1957


SUNRISE AND SUNSET
JANUARY 25 2015.......SUNRISE   717 AM MST   SUNSET   453 PM MST
JANUARY 26 2015.......SUNRISE   716 AM MST   SUNSET   454 PM MST


-  INDICATES NEGATIVE NUMBERS.
R  INDICATES RECORD WAS SET OR TIED.
MM INDICATES DATA IS MISSING.
T  INDICATES TRACE AMOUNT.




$$
