000
CDUS43 KUNR 211833
CLIRAP


CLIMATE REPORT
NATIONAL WEATHER SERVICE RAPID CITY SD
1132 AM MST TUE FEB 21 2017


...................................

...THE RAPID CITY AIRPORT SD CLIMATE SUMMARY FOR FEBRUARY 21 2017...
VALID AS OF 1100 AM LOCAL TIME.

CLIMATE NORMAL PERIOD 1981 TO 2010
CLIMATE RECORD PERIOD 1942 TO 2017


WEATHER ITEM   OBSERVED TIME   RECORD YEAR NORMAL DEPARTURE LAST
                VALUE   (LST)  VALUE       VALUE  FROM      YEAR
                                                  NORMAL
..................................................................
TEMPERATURE (F)
 TODAY
  MAXIMUM         68   1050 AM  74    1995  41     27       47
  MINIMUM         43    657 AM -10    1963  16     27       22
  AVERAGE         56                        28     28       35

PRECIPITATION (IN)
  TODAY            0.00          0.11 2013   0.02  -0.02     0.00
  MONTH TO DATE    0.23                      0.29  -0.06     0.52
  SINCE DEC 1      1.35                      1.01   0.34     1.36
  SINCE JAN 1      0.58                      0.59  -0.01     0.73

SNOWFALL (IN)
  TODAY            0.0           1.8  1994   0.3   -0.3      0.0
  MONTH TO DATE    4.8                       4.0    0.8      3.4
  SINCE DEC 1     24.6                      13.8   10.8     18.2
  SINCE JUL 1     27.4                      21.6    5.8     24.8
  SNOW DEPTH       0

DEGREE DAYS
 HEATING
  TODAY            9                        37    -28       30
  MONTH TO DATE  664                       805   -141      606
  SINCE DEC 1   3570                      3286    284     3029
  SINCE JUL 1   4793                      4961   -168     4474

 COOLING
  TODAY            0                         0      0        0
  MONTH TO DATE    0                         0      0        0
  SINCE DEC 1      0                         0      0        0
  SINCE JAN 1      0                         0      0        0
..................................................................


WIND (MPH)
  HIGHEST WIND SPEED    37   HIGHEST WIND DIRECTION     W (280)
  HIGHEST GUST SPEED    49   HIGHEST GUST DIRECTION     W (280)
  AVERAGE WIND SPEED    14.4


SKY COVER
  AVERAGE SKY COVER 0.0


WEATHER CONDITIONS
 THE FOLLOWING WEATHER WAS RECORDED TODAY.
  NO SIGNIFICANT WEATHER WAS OBSERVED.


RELATIVE HUMIDITY (PERCENT)
 HIGHEST    58           700 AM
 LOWEST     26          1100 AM
 AVERAGE    42

..........................................................


THE RAPID CITY AIRPORT SD CLIMATE NORMALS FOR TOMORROW
                         NORMAL    RECORD    YEAR
 MAXIMUM TEMPERATURE (F)   41        70      1958
 MINIMUM TEMPERATURE (F)   16       -10      1965


SUNRISE AND SUNSET
FEBRUARY 21 2017......SUNRISE   642 AM MST   SUNSET   530 PM MST
FEBRUARY 22 2017......SUNRISE   640 AM MST   SUNSET   532 PM MST


-  INDICATES NEGATIVE NUMBERS.
R  INDICATES RECORD WAS SET OR TIED.
MM INDICATES DATA IS MISSING.
T  INDICATES TRACE AMOUNT.




$$
