000
CDUS43 KUNR 191834
CLIRAP


CLIMATE REPORT
NATIONAL WEATHER SERVICE RAPID CITY SD
1134 AM MST THU JAN 19 2017


...................................

...THE RAPID CITY AIRPORT SD CLIMATE SUMMARY FOR JANUARY 19 2017...
VALID AS OF 1100 AM LOCAL TIME.

CLIMATE NORMAL PERIOD 1981 TO 2010
CLIMATE RECORD PERIOD 1942 TO 2017


WEATHER ITEM   OBSERVED TIME   RECORD YEAR NORMAL DEPARTURE LAST
                VALUE   (LST)  VALUE       VALUE  FROM      YEAR
                                                  NORMAL
..................................................................
TEMPERATURE (F)
 TODAY
  MAXIMUM         45   1047 AM  66    2005  37      8       30
  MINIMUM         21    600 AM -26    1963  13      8       14
  AVERAGE         33                        25      8       22

PRECIPITATION (IN)
  TODAY            0.00          0.15 1945   0.00   0.00     0.00
  MONTH TO DATE    0.11                      0.19  -0.08     0.09
  SINCE DEC 1      0.88                      0.61   0.27     0.72
  SINCE JAN 1      0.11                      0.19  -0.08     0.09

SNOWFALL (IN)
  TODAY            0.0           1.8  1991   0.2   -0.2      0.0
  MONTH TO DATE    3.6                       2.7    0.9      1.3
  SINCE DEC 1     14.9                       8.1    6.8     13.8
  SINCE JUL 1     17.7                      15.9    1.8     20.4
  SNOW DEPTH       2

DEGREE DAYS
 HEATING
  TODAY           32                        40     -8       43
  MONTH TO DATE  982                       762    220      844
  SINCE DEC 1   2476                      2003    473     2041
  SINCE JUL 1   3699                      3678     21     3486

 COOLING
  TODAY            0                         0      0        0
  MONTH TO DATE    0                         0      0        0
  SINCE DEC 1      0                         0      0        0
  SINCE JAN 1      0                         0      0        0
..................................................................


WIND (MPH)
  HIGHEST WIND SPEED    22   HIGHEST WIND DIRECTION     N (340)
  HIGHEST GUST SPEED    25   HIGHEST GUST DIRECTION     N (350)
  AVERAGE WIND SPEED     5.8


SKY COVER
  AVERAGE SKY COVER 0.0


WEATHER CONDITIONS
 THE FOLLOWING WEATHER WAS RECORDED TODAY.
  NO SIGNIFICANT WEATHER WAS OBSERVED.


RELATIVE HUMIDITY (PERCENT)
 HIGHEST    75           300 AM
 LOWEST     51          1000 AM
 AVERAGE    63

..........................................................


THE RAPID CITY AIRPORT SD CLIMATE NORMALS FOR TOMORROW
                         NORMAL    RECORD    YEAR
 MAXIMUM TEMPERATURE (F)   37        64      2009
 MINIMUM TEMPERATURE (F)   13       -25      1949


SUNRISE AND SUNSET
JANUARY 19 2017.......SUNRISE   721 AM MST   SUNSET   445 PM MST
JANUARY 20 2017.......SUNRISE   721 AM MST   SUNSET   447 PM MST


-  INDICATES NEGATIVE NUMBERS.
R  INDICATES RECORD WAS SET OR TIED.
MM INDICATES DATA IS MISSING.
T  INDICATES TRACE AMOUNT.




$$
