000
CDUS43 KUNR 280830
CLIRAP


CLIMATE REPORT
NATIONAL WEATHER SERVICE RAPID CITY SD
230 AM MDT WED SEP 28 2016


...................................

...THE RAPID CITY AIRPORT SD CLIMATE SUMMARY FOR SEPTEMBER 27 2016...

CLIMATE NORMAL PERIOD 1981 TO 2010
CLIMATE RECORD PERIOD 1942 TO 2016


WEATHER ITEM   OBSERVED TIME   RECORD YEAR NORMAL DEPARTURE LAST
                VALUE   (LST)  VALUE       VALUE  FROM      YEAR
                                                  NORMAL
..................................................................
TEMPERATURE (F)
 YESTERDAY
  MAXIMUM         84    313 PM  94    1952  70     14       82
  MINIMUM         39    351 AM  26    1951  41     -2       54
  AVERAGE         62                        56      6       68

PRECIPITATION (IN)
  YESTERDAY        0.00          0.78 1982   0.04  -0.04     0.11
  MONTH TO DATE    0.84                      1.16  -0.32     0.11
  SINCE SEP 1      0.84                      1.16  -0.32     0.11
  SINCE JAN 1     11.81                     13.79  -1.98    22.70

SNOWFALL (IN)
  YESTERDAY        0.0           1.1  1984   0.0    0.0      0.0
  MONTH TO DATE    0.0                       0.1   -0.1      0.0
  SINCE SEP 1      0.0                       0.1   -0.1      0.0
  SINCE JUL 1      0.0                       0.1   -0.1      0.0
  SNOW DEPTH       0

DEGREE DAYS
 HEATING
  YESTERDAY        3                        10     -7        0
  MONTH TO DATE  119                       154    -35       65
  SINCE SEP 1    119                       154    -35       65
  SINCE JUL 1    151                       191    -40      110

 COOLING
  YESTERDAY        0                         1     -1        3
  MONTH TO DATE   30                        60    -30       83
  SINCE SEP 1     30                        60    -30       83
  SINCE JAN 1    646                       632     14      573
..................................................................


WIND (MPH)
  HIGHEST WIND SPEED    24   HIGHEST WIND DIRECTION     N (350)
  HIGHEST GUST SPEED    29   HIGHEST GUST DIRECTION     N (340)
  AVERAGE WIND SPEED     8.6


SKY COVER
  AVERAGE SKY COVER 0.0


WEATHER CONDITIONS
 THE FOLLOWING WEATHER WAS RECORDED YESTERDAY.
  NO SIGNIFICANT WEATHER WAS OBSERVED.


RELATIVE HUMIDITY (PERCENT)
 HIGHEST    92           500 AM
 LOWEST     23           300 PM
 AVERAGE    58

..........................................................


THE RAPID CITY AIRPORT SD CLIMATE NORMALS FOR TODAY
                         NORMAL    RECORD    YEAR
 MAXIMUM TEMPERATURE (F)   69        92      1994
 MINIMUM TEMPERATURE (F)   41        25      1951


SUNRISE AND SUNSET
SEPTEMBER 28 2016.....SUNRISE   647 AM MDT   SUNSET   638 PM MDT
SEPTEMBER 29 2016.....SUNRISE   648 AM MDT   SUNSET   636 PM MDT


-  INDICATES NEGATIVE NUMBERS.
R  INDICATES RECORD WAS SET OR TIED.
MM INDICATES DATA IS MISSING.
T  INDICATES TRACE AMOUNT.




$$
