687
CDUS43 KUNR 240040
CLIRAP


CLIMATE REPORT
NATIONAL WEATHER SERVICE RAPID CITY SD
640 PM MDT MON MAY 23 2016


...................................

...THE RAPID CITY AIRPORT SD CLIMATE SUMMARY FOR MAY 23 2016...
VALID TODAY AS OF 0500 PM LOCAL TIME.

CLIMATE NORMAL PERIOD 1981 TO 2010
CLIMATE RECORD PERIOD 1942 TO 2016


WEATHER ITEM   OBSERVED TIME   RECORD YEAR NORMAL DEPARTURE LAST
                VALUE   (LST)  VALUE       VALUE  FROM      YEAR
                                                  NORMAL
..................................................................
TEMPERATURE (F)
 TODAY
  MAXIMUM         77    305 PM  87    1960  70      7       58
                                      1951
  MINIMUM         39    436 AM  24    2002  45     -6       45
  AVERAGE         58                        57      1       52

PRECIPITATION (IN)
  TODAY            0.00          2.35 1946   0.11  -0.11     0.08
  MONTH TO DATE    0.32                      2.35  -2.03     5.17
  SINCE MAR 1      3.26                      5.08  -1.82     5.93
  SINCE JAN 1      4.12                      5.82  -1.70     6.36

SNOWFALL (IN)
  TODAY            0.0           T    1949   0.0    0.0      0.0
                                      1949
  MONTH TO DATE    T                         1.1   -1.1     13.0
  SINCE MAR 1     10.2                      17.7   -7.5     14.2
  SINCE JUL 1     36.3                      41.1   -4.8     49.2
  SNOW DEPTH       0

DEGREE DAYS
 HEATING
  TODAY            7                         8     -1       13
  MONTH TO DATE  276                       267      9      333
  SINCE MAR 1   1559                      1786   -227     1615
  SINCE JUL 1   6254                      6996   -742     6723

 COOLING
  TODAY            0                         0      0        0
  MONTH TO DATE    0                         0      0        0
  SINCE MAR 1      0                         2     -2        0
  SINCE JAN 1      0                         2     -2        0
..................................................................


WIND (MPH)
  HIGHEST WIND SPEED    24   HIGHEST WIND DIRECTION     W (260)
  HIGHEST GUST SPEED    29   HIGHEST GUST DIRECTION     W (260)
  AVERAGE WIND SPEED     8.5


SKY COVER
  AVERAGE SKY COVER 0.0


WEATHER CONDITIONS
 THE FOLLOWING WEATHER WAS RECORDED TODAY.
  NO SIGNIFICANT WEATHER WAS OBSERVED.


RELATIVE HUMIDITY (PERCENT)
 HIGHEST    86           500 AM
 LOWEST     15           300 PM
 AVERAGE    51

..........................................................


THE RAPID CITY AIRPORT SD CLIMATE NORMALS FOR TOMORROW
                         NORMAL    RECORD    YEAR
 MAXIMUM TEMPERATURE (F)   70        89      1985
 MINIMUM TEMPERATURE (F)   45        23      2002


SUNRISE AND SUNSET
MAY 23 2016...........SUNRISE   518 AM MDT   SUNSET   821 PM MDT
MAY 24 2016...........SUNRISE   517 AM MDT   SUNSET   822 PM MDT


-  INDICATES NEGATIVE NUMBERS.
R  INDICATES RECORD WAS SET OR TIED.
MM INDICATES DATA IS MISSING.
T  INDICATES TRACE AMOUNT.




$$
