000
CDUS43 KUNR 230042
CLIRAP


CLIMATE REPORT
NATIONAL WEATHER SERVICE RAPID CITY SD
640 PM MDT TUE JUL 22 2014


...................................

...THE RAPID CITY AIRPORT SD CLIMATE SUMMARY FOR JULY 22 2014...
VALID TODAY AS OF 0500 PM LOCAL TIME.

CLIMATE NORMAL PERIOD 1981 TO 2010
CLIMATE RECORD PERIOD 1942 TO 2014


WEATHER ITEM   OBSERVED TIME   RECORD YEAR NORMAL DEPARTURE LAST
                VALUE   (LST)  VALUE       VALUE  FROM      YEAR
                                                  NORMAL
..................................................................
TEMPERATURE (F)
 TODAY
  MAXIMUM         86    215 PM 106    2007  88     -2       88
  MINIMUM         62    251 AM  50    1949  59      3       62
  AVERAGE         74                        74      0       75

PRECIPITATION (IN)
  TODAY            0.05          0.27 1982   0.06  -0.01      T
  MONTH TO DATE    1.22                      1.25  -0.03     1.61
  SINCE JUN 1      6.47                      3.78   2.69     3.77
  SINCE JAN 1     11.86                     10.47   1.39    11.39

SNOWFALL (IN)
  TODAY            0.0                       0.0    0.0      0.0
  MONTH TO DATE    0.0                       0.0    0.0      0.0
  SINCE JUN 1      0.0                       0.0    0.0      0.0
  SINCE JUL 1      0.0                       0.0    0.0      0.0
  SNOW DEPTH       0

DEGREE DAYS
 HEATING
  TODAY            0                         0      0        0
  MONTH TO DATE   19                        10      9        0
  SINCE JUN 1    147                       109     38       80
  SINCE JUL 1     19                        10      9        0

 COOLING
  TODAY            9                         9      0       10
  MONTH TO DATE  122                       169    -47      225
  SINCE JUN 1    144                       253   -109      295
  SINCE JAN 1    164                       268   -104      303
..................................................................


WIND (MPH)
  HIGHEST WIND SPEED    17   HIGHEST WIND DIRECTION    SE (140)
  HIGHEST GUST SPEED    21   HIGHEST GUST DIRECTION    SE (120)
  AVERAGE WIND SPEED     6.6


SKY COVER
  AVERAGE SKY COVER 0.1


WEATHER CONDITIONS
 THE FOLLOWING WEATHER WAS RECORDED TODAY.
  THUNDERSTORM
  LIGHT RAIN
  FOG


RELATIVE HUMIDITY (PERCENT)
 HIGHEST    93           100 AM
 LOWEST     44           200 PM
 AVERAGE    69

..........................................................


THE RAPID CITY AIRPORT SD CLIMATE NORMALS FOR TOMORROW
                         NORMAL    RECORD    YEAR
 MAXIMUM TEMPERATURE (F)   88       106      2007
 MINIMUM TEMPERATURE (F)   59        48      1951


SUNRISE AND SUNSET
JULY 22 2014..........SUNRISE   530 AM MDT   SUNSET   827 PM MDT
JULY 23 2014..........SUNRISE   531 AM MDT   SUNSET   826 PM MDT


-  INDICATES NEGATIVE NUMBERS.
R  INDICATES RECORD WAS SET OR TIED.
MM INDICATES DATA IS MISSING.
T  INDICATES TRACE AMOUNT.




$$
