000
CDUS43 KUNR 290040
CLIRAP


CLIMATE REPORT
NATIONAL WEATHER SERVICE RAPID CITY SD
540 PM MST FRI NOV 28 2014


...................................

...THE RAPID CITY AIRPORT SD CLIMATE SUMMARY FOR NOVEMBER 28 2014...
VALID TODAY AS OF 0500 PM LOCAL TIME.

CLIMATE NORMAL PERIOD 1981 TO 2010
CLIMATE RECORD PERIOD 1942 TO 2014


WEATHER ITEM   OBSERVED TIME   RECORD YEAR NORMAL DEPARTURE LAST
                VALUE   (LST)  VALUE       VALUE  FROM      YEAR
                                                  NORMAL
..................................................................
TEMPERATURE (F)
 TODAY
  MAXIMUM         64    140 PM  68    2002  41     23       29
  MINIMUM         30    357 AM -14    1985  17     13       15
  AVERAGE         47                        29     18       22

PRECIPITATION (IN)
  TODAY            0.00          0.10 1991   0.01  -0.01     0.00
                                      1988
  MONTH TO DATE    0.78                      0.51   0.27     0.38
  SINCE SEP 1      4.49                      3.22   1.27     7.08
  SINCE JAN 1     21.09                     15.85   5.24    21.14

SNOWFALL (IN)
  TODAY            0.0           1.5  1991   0.1   -0.1      0.0
  MONTH TO DATE   15.0                       5.6    9.4      4.0
  SINCE SEP 1     15.0                       7.4    7.6     24.8
  SINCE JUL 1     15.0                       7.4    7.6     24.8
  SNOW DEPTH       T

DEGREE DAYS
 HEATING
  TODAY           18                        36    -18       43
  MONTH TO DATE 1042                       839    203      873
  SINCE SEP 1   1678                      1564    114     1663
  SINCE JUL 1   1714                      1601    113     1668

 COOLING
  TODAY            0                         0      0        0
  MONTH TO DATE    0                         0      0        0
  SINCE SEP 1     61                        64     -3      133
  SINCE JAN 1    424                       636   -212      724
..................................................................


WIND (MPH)
  HIGHEST WIND SPEED    18   HIGHEST WIND DIRECTION     W (290)
  HIGHEST GUST SPEED    24   HIGHEST GUST DIRECTION     W (290)
  AVERAGE WIND SPEED     5.2


SKY COVER
  AVERAGE SKY COVER 0.0


WEATHER CONDITIONS
 THE FOLLOWING WEATHER WAS RECORDED TODAY.
  NO SIGNIFICANT WEATHER WAS OBSERVED.


RELATIVE HUMIDITY (PERCENT)
 HIGHEST    78           400 AM
 LOWEST     27           200 PM
 AVERAGE    53

..........................................................


THE RAPID CITY AIRPORT SD CLIMATE NORMALS FOR TOMORROW
                         NORMAL    RECORD    YEAR
 MAXIMUM TEMPERATURE (F)   40        70      1973
 MINIMUM TEMPERATURE (F)   16        -6      1964


SUNRISE AND SUNSET
NOVEMBER 28 2014......SUNRISE   704 AM MST   SUNSET   417 PM MST
NOVEMBER 29 2014......SUNRISE   705 AM MST   SUNSET   416 PM MST


-  INDICATES NEGATIVE NUMBERS.
R  INDICATES RECORD WAS SET OR TIED.
MM INDICATES DATA IS MISSING.
T  INDICATES TRACE AMOUNT.




$$
