000
CDUS43 KUNR 141114
CLIRAP


CLIMATE REPORT
NATIONAL WEATHER SERVICE RAPID CITY SD
413 AM MST SUN FEB 14 2016


...................................

...THE RAPID CITY AIRPORT SD CLIMATE SUMMARY FOR FEBRUARY 13 2016...

CLIMATE NORMAL PERIOD 1981 TO 2010
CLIMATE RECORD PERIOD 1942 TO 2016


WEATHER ITEM   OBSERVED TIME   RECORD YEAR NORMAL DEPARTURE LAST
                VALUE   (LST)  VALUE       VALUE  FROM      YEAR
                                                  NORMAL
..................................................................
TEMPERATURE (F)
 YESTERDAY
  MAXIMUM         52    225 PM  68    1954  39     13       63
  MINIMUM         25   1210 AM -16    2007  15     10       26
  AVERAGE         39                        27     12       45

PRECIPITATION (IN)
  YESTERDAY        0.22          0.30 1962   0.01   0.21     0.00
  MONTH TO DATE    0.44                      0.15   0.29      T
  SINCE DEC 1      1.28                      0.87   0.41     0.60
  SINCE JAN 1      0.65                      0.45   0.20     0.18

SNOWFALL (IN)
  YESTERDAY        T             2.0  2009   0.2   -0.2      0.0
                                      1959
  MONTH TO DATE    3.4                       2.2    1.2      0.3
  SINCE DEC 1     18.2                      12.0    6.2     13.3
  SINCE JUL 1     24.8                      19.8    5.0     28.8
  SNOW DEPTH       0

DEGREE DAYS
 HEATING
  YESTERDAY       26                        38    -12       20
  MONTH TO DATE  419                       506    -87      391
  SINCE DEC 1   2842                      2987   -145     2662
  SINCE JUL 1   4287                      4662   -375     4470

 COOLING
  YESTERDAY        0                         0      0        0
  MONTH TO DATE    0                         0      0        0
  SINCE DEC 1      0                         0      0        0
  SINCE JAN 1      0                         0      0        0
..................................................................


WIND (MPH)
  HIGHEST WIND SPEED    43   HIGHEST WIND DIRECTION    NW (330)
  HIGHEST GUST SPEED    52   HIGHEST GUST DIRECTION    NW (330)
  AVERAGE WIND SPEED    16.1


SKY COVER
  AVERAGE SKY COVER 0.6


WEATHER CONDITIONS
 THE FOLLOWING WEATHER WAS RECORDED YESTERDAY.
  RAIN
  LIGHT RAIN
  LIGHT SNOW
  FOG


RELATIVE HUMIDITY (PERCENT)
 HIGHEST    92           300 AM
 LOWEST     48           300 PM
 AVERAGE    70

..........................................................


THE RAPID CITY AIRPORT SD CLIMATE NORMALS FOR TODAY
                         NORMAL    RECORD    YEAR
 MAXIMUM TEMPERATURE (F)   39        67      1954
 MINIMUM TEMPERATURE (F)   15       -20      2007


SUNRISE AND SUNSET
FEBRUARY 14 2016......SUNRISE   654 AM MST   SUNSET   520 PM MST
FEBRUARY 15 2016......SUNRISE   652 AM MST   SUNSET   521 PM MST


-  INDICATES NEGATIVE NUMBERS.
R  INDICATES RECORD WAS SET OR TIED.
MM INDICATES DATA IS MISSING.
T  INDICATES TRACE AMOUNT.




$$
