000
CDUS43 KUNR 240831
CLIRAP


CLIMATE REPORT
NATIONAL WEATHER SERVICE RAPID CITY SD
231 AM MDT WED AUG 24 2016


...................................

...THE RAPID CITY AIRPORT SD CLIMATE SUMMARY FOR AUGUST 23 2016...

CLIMATE NORMAL PERIOD 1981 TO 2010
CLIMATE RECORD PERIOD 1942 TO 2016


WEATHER ITEM   OBSERVED TIME   RECORD YEAR NORMAL DEPARTURE LAST
                VALUE   (LST)  VALUE       VALUE  FROM      YEAR
                                                  NORMAL
..................................................................
TEMPERATURE (F)
 YESTERDAY
  MAXIMUM         82    319 PM 104    1949  85     -3       74
  MINIMUM         53    357 AM  38    2015  55     -2       38
  AVERAGE         68                        70     -2       56

PRECIPITATION (IN)
  YESTERDAY        0.00          0.28 1973   0.04  -0.04     0.00
  MONTH TO DATE    1.31                      1.22   0.09     1.81
  SINCE JUN 1      5.36                      5.60  -0.24    12.94
  SINCE JAN 1     10.00                     12.29  -2.29    20.99

SNOWFALL (IN)
  YESTERDAY        0.0           0.0    MM   0.0    0.0      0.0
  MONTH TO DATE    0.0                       0.0    0.0      0.0
  SINCE JUN 1      0.0                       0.0    0.0      0.0
  SINCE JUL 1      0.0                       0.0    0.0      0.0
  SNOW DEPTH       0

DEGREE DAYS
 HEATING
  YESTERDAY        0                         1     -1        9
  MONTH TO DATE   18                         7     11       39
  SINCE JUN 1     31                       121    -90       67
  SINCE JUL 1     21                        22     -1       40

 COOLING
  YESTERDAY        3                         6     -3        0
  MONTH TO DATE  149                       182    -33      149
  SINCE JUN 1    590                       516     74      438
  SINCE JAN 1    590                       531     59      438
..................................................................


WIND (MPH)
  HIGHEST WIND SPEED    39   HIGHEST WIND DIRECTION    NW (320)
  HIGHEST GUST SPEED    50   HIGHEST GUST DIRECTION    NW (320)
  AVERAGE WIND SPEED    17.0


SKY COVER
  AVERAGE SKY COVER 0.0


WEATHER CONDITIONS
 THE FOLLOWING WEATHER WAS RECORDED YESTERDAY.
  NO SIGNIFICANT WEATHER WAS OBSERVED.


RELATIVE HUMIDITY (PERCENT)
 HIGHEST    77           400 AM
 LOWEST     16          1200 PM
 AVERAGE    47

..........................................................


THE RAPID CITY AIRPORT SD CLIMATE NORMALS FOR TODAY
                         NORMAL    RECORD    YEAR
 MAXIMUM TEMPERATURE (F)   85       101      2000
 MINIMUM TEMPERATURE (F)   55        41      2015


SUNRISE AND SUNSET
AUGUST 24 2016........SUNRISE   607 AM MDT   SUNSET   741 PM MDT
AUGUST 25 2016........SUNRISE   608 AM MDT   SUNSET   739 PM MDT


-  INDICATES NEGATIVE NUMBERS.
R  INDICATES RECORD WAS SET OR TIED.
MM INDICATES DATA IS MISSING.
T  INDICATES TRACE AMOUNT.




$$
