000
CDUS46 KMFR 010835
CLIRBG


CLIMATE REPORT
NATIONAL WEATHER SERVICE MEDFORD, OR
135 AM PDT SAT OCT 1 2016


...................................

...THE ROSEBURG OR CLIMATE SUMMARY FOR SEPTEMBER 30 2016...

CLIMATE NORMAL PERIOD 1981 TO 2010
CLIMATE RECORD PERIOD 1931 TO 2016


WEATHER ITEM   OBSERVED TIME   RECORD YEAR NORMAL DEPARTURE LAST
                VALUE   (LST)  VALUE       VALUE  FROM      YEAR
                                                  NORMAL
..................................................................
TEMPERATURE (F)
 YESTERDAY
  MAXIMUM         70    136 PM  90    1935  74     -4       77
  MINIMUM         47    622 AM  32    1954  48     -1       50
  AVERAGE         59                        61     -2       64

PRECIPITATION (IN)
  YESTERDAY        0.00          0.33 2007   0.04  -0.04     0.00
  MONTH TO DATE    0.07                      0.96  -0.89     0.37
  SINCE OCT 1     38.52                     36.26   2.26    25.55
  SINCE JAN 1     19.33                     20.61  -1.28    11.27

SNOWFALL (IN)
  YESTERDAY       MM                        MM     MM       MM
  MONTH TO DATE   MM                        MM     MM       MM
  SINCE JUL 1     MM                        MM     MM        0.0
  SNOW DEPTH      MM

DEGREE DAYS
 HEATING
  YESTERDAY        6                         5      1        1
  MONTH TO DATE   35                        67    -32       55
  SINCE SEP 1     35                        68    -33       55
  SINCE JUL 1     38                        89    -51       55

 COOLING
  YESTERDAY        0                         1     -1        0
  MONTH TO DATE   65                        65      0       83
  SINCE SEP 1     65                        65      0       83
  SINCE JAN 1    726                       476    250      972
..................................................................


WIND (MPH)
  RESULTANT WIND SPEED   0   RESULTANT WIND DIRECTION   N (360)
  HIGHEST WIND SPEED    13   HIGHEST WIND DIRECTION    NW (310)
  HIGHEST GUST SPEED    19   HIGHEST GUST DIRECTION    NW (330)
  AVERAGE WIND SPEED     2.1


SKY COVER
  POSSIBLE SUNSHINE  MM
  AVERAGE SKY COVER 0.3


WEATHER CONDITIONS
 THE FOLLOWING WEATHER WAS RECORDED YESTERDAY.
  NO SIGNIFICANT WEATHER WAS OBSERVED.


RELATIVE HUMIDITY (PERCENT)
 HIGHEST    86           500 AM
 LOWEST     22           200 PM
 AVERAGE    54

..........................................................


THE ROSEBURG OR CLIMATE NORMALS FOR TODAY
                         NORMAL    RECORD    YEAR
 MAXIMUM TEMPERATURE (F)   73        95      2001
                                             1987
 MINIMUM TEMPERATURE (F)   48        33      1959


SUNRISE AND SUNSET
OCTOBER  1 2016.......SUNRISE   712 AM PDT   SUNSET   653 PM PDT
OCTOBER  2 2016.......SUNRISE   713 AM PDT   SUNSET   652 PM PDT


-  INDICATES NEGATIVE NUMBERS.
R  INDICATES RECORD WAS SET OR TIED.
MM INDICATES DATA IS MISSING.
T  INDICATES TRACE AMOUNT.




$$
