000
CDUS46 KMFR 260839
CLIRBG


CLIMATE REPORT
NATIONAL WEATHER SERVICE MEDFORD, OR
139 AM PDT THU MAY 26 2016


...................................

...THE ROSEBURG OR CLIMATE SUMMARY FOR MAY 25 2016...

CLIMATE NORMAL PERIOD 1981 TO 2010
CLIMATE RECORD PERIOD 1931 TO 2016


WEATHER ITEM   OBSERVED TIME   RECORD YEAR NORMAL DEPARTURE LAST
                VALUE   (LST)  VALUE       VALUE  FROM      YEAR
                                                  NORMAL
..................................................................
TEMPERATURE (F)
 YESTERDAY
  MAXIMUM         68    428 PM  95    1938  72     -4       77
  MINIMUM         55   1159 PM  37    1964  49      6       51
  AVERAGE         62                        60      2       64

PRECIPITATION (IN)
  YESTERDAY        0.00          1.01 1946   0.06  -0.06     0.00
  MONTH TO DATE    0.85                      1.89  -1.04     0.18
  SINCE OCT 1     36.82                     32.90   3.92    24.66
  SINCE JAN 1     17.63                     17.25   0.38    10.38

SNOWFALL (IN)
  YESTERDAY       MM                        MM     MM       MM
  MONTH TO DATE   MM                        MM     MM       MM
  SINCE JUL 1      0.0                      MM     MM        0.0
  SNOW DEPTH      MM

DEGREE DAYS
 HEATING
  YESTERDAY        3                         6     -3        1
  MONTH TO DATE  102                       187    -85      112
  SINCE MAR 1    720                      1082   -362      775
  SINCE JUL 1   3073                      3951   -878     2832

 COOLING
  YESTERDAY        0                         1     -1        0
  MONTH TO DATE   19                        13      6        2
  SINCE MAR 1     37                        14     23        3
  SINCE JAN 1     37                        14     23        3
..................................................................


WIND (MPH)
  RESULTANT WIND SPEED   4   RESULTANT WIND DIRECTION   N (10)
  HIGHEST WIND SPEED    16   HIGHEST WIND DIRECTION     N (20)
  HIGHEST GUST SPEED    22   HIGHEST GUST DIRECTION     N (20)
  AVERAGE WIND SPEED     5.8


SKY COVER
  POSSIBLE SUNSHINE  MM
  AVERAGE SKY COVER 0.9


WEATHER CONDITIONS
 THE FOLLOWING WEATHER WAS RECORDED YESTERDAY.
  NO SIGNIFICANT WEATHER WAS OBSERVED.


RELATIVE HUMIDITY (PERCENT)
 HIGHEST    77          1100 PM
 LOWEST     42           400 PM
 AVERAGE    60

..........................................................


THE ROSEBURG OR CLIMATE NORMALS FOR TODAY
                         NORMAL    RECORD    YEAR
 MAXIMUM TEMPERATURE (F)   72        95      2005
 MINIMUM TEMPERATURE (F)   49        37      1954


SUNRISE AND SUNSET
MAY 26 2016...........SUNRISE   539 AM PDT   SUNSET   842 PM PDT
MAY 27 2016...........SUNRISE   539 AM PDT   SUNSET   843 PM PDT


-  INDICATES NEGATIVE NUMBERS.
R  INDICATES RECORD WAS SET OR TIED.
MM INDICATES DATA IS MISSING.
T  INDICATES TRACE AMOUNT.




$$
