000
CDUS46 KMFR 280036
CLIRBG


CLIMATE REPORT
NATIONAL WEATHER SERVICE MEDFORD, OR
536 PM PDT WED MAY 27 2015


...................................

...THE ROSEBURG OR CLIMATE SUMMARY FOR MAY 27 2015...
VALID TODAY AS OF 0500 PM LOCAL TIME.

CLIMATE NORMAL PERIOD 1981 TO 2010
CLIMATE RECORD PERIOD 1931 TO 2015


WEATHER ITEM   OBSERVED TIME   RECORD YEAR NORMAL DEPARTURE LAST
                VALUE   (LST)  VALUE       VALUE  FROM      YEAR
                                                  NORMAL
..................................................................
TEMPERATURE (F)
 TODAY
  MAXIMUM         83    357 PM  95    2005  72     11       67
  MINIMUM         50    528 AM  32    1954  49      1       49
  AVERAGE         67                        60      7       58

PRECIPITATION (IN)
  TODAY            0.00          0.93 1947   0.06  -0.06
  MONTH TO DATE    0.18                      2.02  -1.84
  SINCE OCT 1     24.66                     33.03  -8.37
  SINCE JAN 1     10.38                     17.38  -7.00

SNOWFALL (IN)
  TODAY           MM                        MM     MM       MM
  MONTH TO DATE   MM                        MM     MM       MM
  SINCE JUL 1      0.0                      MM     MM        0.0
  SNOW DEPTH      MM

DEGREE DAYS
 HEATING
  TODAY            0                         5     -5        7
  MONTH TO DATE  114                       198    -84      107
  SINCE MAR 1    777                      1093   -316      794
  SINCE JUL 1   2834                      3962  -1128     3721

 COOLING
  TODAY            2                         1      1        0
  MONTH TO DATE    4                        15    -11       39
  SINCE MAR 1      5                        16    -11       45
  SINCE JAN 1      5                        16    -11       45
..................................................................







THE ROSEBURG OR CLIMATE NORMALS FOR TOMORROW
                         NORMAL    RECORD    YEAR
 MAXIMUM TEMPERATURE (F)   72        90      2009
                                             2005
 MINIMUM TEMPERATURE (F)   49        36      1976


SUNRISE AND SUNSET
MAY 27 2015...........SUNRISE   539 AM PDT   SUNSET   842 PM PDT
MAY 28 2015...........SUNRISE   539 AM PDT   SUNSET   843 PM PDT


-  INDICATES NEGATIVE NUMBERS.
R  INDICATES RECORD WAS SET OR TIED.
MM INDICATES DATA IS MISSING.
T  INDICATES TRACE AMOUNT.




$$
