000
CDUS46 KMFR 210836
CLIRBG


CLIMATE REPORT
NATIONAL WEATHER SERVICE MEDFORD, OR
1236 AM PST SAT JAN 21 2017


...................................

...THE ROSEBURG OR CLIMATE SUMMARY FOR JANUARY 20 2017...

CLIMATE NORMAL PERIOD 1981 TO 2010
CLIMATE RECORD PERIOD 1931 TO 2017


WEATHER ITEM   OBSERVED TIME   RECORD YEAR NORMAL DEPARTURE LAST
                VALUE   (LST)  VALUE       VALUE  FROM      YEAR
                                                  NORMAL
..................................................................
TEMPERATURE (F)
 YESTERDAY
  MAXIMUM         53    248 PM  65    2005  50      3       48
  MINIMUM         39   1110 PM  13    1962  37      2       35
  AVERAGE         46                        43      3       42

PRECIPITATION (IN)
  YESTERDAY        0.03          2.49 1943   0.14  -0.11     0.00
  MONTH TO DATE    4.82                      3.78   1.04     4.72
  SINCE OCT 1     23.74                     19.43   4.31    23.91
  SINCE JAN 1      4.82                      3.78   1.04     4.72

SNOWFALL (IN)
  YESTERDAY       MM                        MM     MM       MM
  MONTH TO DATE   MM                        MM     MM       MM
  SINCE JUL 1     MM                        MM     MM        0.0
  SNOW DEPTH      MM

DEGREE DAYS
 HEATING
  YESTERDAY       19                        22     -3       23
  MONTH TO DATE  531                       447     84      441
  SINCE DEC 1   1299                      1158    141     1028
  SINCE JUL 1   1938                      2087   -149     1756

 COOLING
  YESTERDAY        0                         0      0        0
  MONTH TO DATE    0                         0      0        0
  SINCE DEC 1      0                         0      0        0
  SINCE JAN 1      0                         0      0        0
..................................................................


WIND (MPH)
  RESULTANT WIND SPEED   4   RESULTANT WIND DIRECTION   S (170)
  HIGHEST WIND SPEED    14   HIGHEST WIND DIRECTION    SE (150)
  HIGHEST GUST SPEED    18   HIGHEST GUST DIRECTION     S (160)
  AVERAGE WIND SPEED     4.2


SKY COVER
  POSSIBLE SUNSHINE  MM
  AVERAGE SKY COVER 0.8


WEATHER CONDITIONS
 THE FOLLOWING WEATHER WAS RECORDED YESTERDAY.
  LIGHT RAIN


RELATIVE HUMIDITY (PERCENT)
 HIGHEST    92          1000 PM
 LOWEST     54           300 PM
 AVERAGE    73

..........................................................


THE ROSEBURG OR CLIMATE NORMALS FOR TODAY
                         NORMAL    RECORD    YEAR
 MAXIMUM TEMPERATURE (F)   50        62      2016
                                             2003
                                             1960
 MINIMUM TEMPERATURE (F)   37         1      1962


SUNRISE AND SUNSET
JANUARY 21 2017.......SUNRISE   739 AM PST   SUNSET   512 PM PST
JANUARY 22 2017.......SUNRISE   738 AM PST   SUNSET   513 PM PST


-  INDICATES NEGATIVE NUMBERS.
R  INDICATES RECORD WAS SET OR TIED.
MM INDICATES DATA IS MISSING.
T  INDICATES TRACE AMOUNT.




$$
