000
CDUS46 KMFR 310840
CLIRBG


CLIMATE REPORT
NATIONAL WEATHER SERVICE MEDFORD, OR
139 AM PDT MON AUG 31 2015


...................................

...THE ROSEBURG OR CLIMATE SUMMARY FOR AUGUST 30 2015...

CLIMATE NORMAL PERIOD 1981 TO 2010
CLIMATE RECORD PERIOD 1931 TO 2015


WEATHER ITEM   OBSERVED TIME   RECORD YEAR NORMAL DEPARTURE LAST
                VALUE   (LST)  VALUE       VALUE  FROM      YEAR
                                                  NORMAL
..................................................................
TEMPERATURE (F)
 YESTERDAY
  MAXIMUM         74    144 PM 101    1987  83     -9       77
  MINIMUM         59   1159 PM  42    1961  54      5       57
  AVERAGE         67                        68     -1       67

PRECIPITATION (IN)
  YESTERDAY        0.17          0.92 1983   0.03   0.14      T
  MONTH TO DATE    0.23                      0.44  -0.21     0.03
  SINCE OCT 1     25.18                     35.27 -10.09    20.35
  SINCE JAN 1     10.90                     19.62  -8.72    16.65

SNOWFALL (IN)
  YESTERDAY       MM                        MM     MM       MM
  MONTH TO DATE   MM                        MM     MM       MM
  SINCE JUL 1      0.0                      MM     MM       MM
  SNOW DEPTH      MM

DEGREE DAYS
 HEATING
  YESTERDAY        0                         1     -1        0
  MONTH TO DATE    0                         5     -5        0
  SINCE JUN 1     12                        99    -87       42
  SINCE JUL 1      0                        16    -16        7

 COOLING
  YESTERDAY        2                         4     -2        2
  MONTH TO DATE  275                       163    112      307
  SINCE JUN 1    856                       386    470      686
  SINCE JAN 1    886                       406    480      731
..................................................................


WIND (MPH)
  RESULTANT WIND SPEED   1   RESULTANT WIND DIRECTION  SE (130)
  HIGHEST WIND SPEED    15   HIGHEST WIND DIRECTION     W (250)
  HIGHEST GUST SPEED    19   HIGHEST GUST DIRECTION     W (280)
  AVERAGE WIND SPEED     3.7


SKY COVER
  POSSIBLE SUNSHINE  MM
  AVERAGE SKY COVER 0.9


WEATHER CONDITIONS
 THE FOLLOWING WEATHER WAS RECORDED YESTERDAY.
  RAIN
  LIGHT RAIN
  FOG


RELATIVE HUMIDITY (PERCENT)
 HIGHEST    87           600 AM
 LOWEST     53           200 PM
 AVERAGE    70

..........................................................


THE ROSEBURG OR CLIMATE NORMALS FOR TODAY
                         NORMAL    RECORD    YEAR
 MAXIMUM TEMPERATURE (F)   83       103      1987
 MINIMUM TEMPERATURE (F)   54        42      1975


SUNRISE AND SUNSET
AUGUST 31 2015........SUNRISE   636 AM PDT   SUNSET   750 PM PDT
SEPTEMBER  1 2015.....SUNRISE   637 AM PDT   SUNSET   749 PM PDT


-  INDICATES NEGATIVE NUMBERS.
R  INDICATES RECORD WAS SET OR TIED.
MM INDICATES DATA IS MISSING.
T  INDICATES TRACE AMOUNT.




$$
