000
CDUS46 KMFR 300841
CLIRBG


CLIMATE REPORT
NATIONAL WEATHER SERVICE MEDFORD, OR
141 AM PDT THU OCT 30 2014


...................................

...THE ROSEBURG OR CLIMATE SUMMARY FOR OCTOBER 29 2014...

CLIMATE NORMAL PERIOD 1981 TO 2010
CLIMATE RECORD PERIOD 1931 TO 2014


WEATHER ITEM   OBSERVED TIME   RECORD YEAR NORMAL DEPARTURE LAST
                VALUE   (LST)  VALUE       VALUE  FROM      YEAR
                                                  NORMAL
..................................................................
TEMPERATURE (F)
 YESTERDAY
  MAXIMUM         61    450 PM  79    2003  60      1       60
  MINIMUM         54    755 AM  23    1971  43     11       36
  AVERAGE         58                        51      7       48

PRECIPITATION (IN)
  YESTERDAY        0.02          2.85 1950   0.14  -0.12     0.00
  MONTH TO DATE    3.39                      2.38   1.01     0.43
  SINCE SEP 1      4.91                      3.34   1.57     4.27
  SINCE JAN 1     21.56                     22.99  -1.43    12.81

SNOWFALL (IN)
  YESTERDAY       MM                        MM     MM       MM
  MONTH TO DATE   MM                        MM     MM       MM
  SINCE JUL 1     MM                        MM     MM       MM
  SNOW DEPTH      MM

DEGREE DAYS
 HEATING
  YESTERDAY        7                        14     -7       17
  MONTH TO DATE   98                       270   -172      298
  SINCE SEP 1    111                       338   -227      375
  SINCE JUL 1    118                       359   -241      376

 COOLING
  YESTERDAY        0                         0      0        0
  MONTH TO DATE   34                         2     32        0
  SINCE SEP 1    181                        67    114      121
  SINCE JAN 1    914                       478    436      823
..................................................................


WIND (MPH)
  RESULTANT WIND SPEED   1   RESULTANT WIND DIRECTION  NW (320)
  HIGHEST WIND SPEED     7   HIGHEST WIND DIRECTION     W (280)
  HIGHEST GUST SPEED     9   HIGHEST GUST DIRECTION     W (280)
  AVERAGE WIND SPEED     1.2


SKY COVER
  POSSIBLE SUNSHINE  MM
  AVERAGE SKY COVER 0.7


WEATHER CONDITIONS
 THE FOLLOWING WEATHER WAS RECORDED YESTERDAY.
  LIGHT RAIN
  FOG
  FOG W/VISIBILITY <= 1/4 MILE
  HAZE


RELATIVE HUMIDITY (PERCENT)
 HIGHEST   100           300 AM
 LOWEST     78           200 PM
 AVERAGE    89

..........................................................


THE ROSEBURG OR CLIMATE NORMALS FOR TODAY
                         NORMAL    RECORD    YEAR
 MAXIMUM TEMPERATURE (F)   60        75      1993
 MINIMUM TEMPERATURE (F)   43        23      1971


SUNRISE AND SUNSET
OCTOBER 30 2014.......SUNRISE   746 AM PDT   SUNSET   608 PM PDT
OCTOBER 31 2014.......SUNRISE   747 AM PDT   SUNSET   606 PM PDT


-  INDICATES NEGATIVE NUMBERS.
R  INDICATES RECORD WAS SET OR TIED.
MM INDICATES DATA IS MISSING.
T  INDICATES TRACE AMOUNT.




$$
