000
CDUS46 KMFR 250836
CLIRBG


CLIMATE REPORT
NATIONAL WEATHER SERVICE MEDFORD, OR
135 AM PDT THU MAY 25 2017


...................................

...THE ROSEBURG OR CLIMATE SUMMARY FOR MAY 24 2017...

CLIMATE NORMAL PERIOD 1981 TO 2010
CLIMATE RECORD PERIOD 1931 TO 2017


WEATHER ITEM   OBSERVED TIME   RECORD YEAR NORMAL DEPARTURE LAST
                VALUE   (LST)  VALUE       VALUE  FROM      YEAR
                                                  NORMAL
..................................................................
TEMPERATURE (F)
 YESTERDAY
  MAXIMUM         70    324 PM  93    1938  72     -2       74
  MINIMUM         53    633 AM  35    1953  49      4       49
  AVERAGE         62                        60      2       62

PRECIPITATION (IN)
  YESTERDAY        0.00          0.57 1942   0.07  -0.07     0.00
  MONTH TO DATE    1.14                      1.83  -0.69     0.85
  SINCE OCT 1     41.55                     32.84   8.71    36.82
  SINCE JAN 1     22.63                     17.19   5.44    17.63

SNOWFALL (IN)
  YESTERDAY       MM                        MM     MM       MM
  MONTH TO DATE   MM                        MM     MM       MM
  SINCE JUL 1     MM                        MM     MM        0.0
  SNOW DEPTH      MM

DEGREE DAYS
 HEATING
  YESTERDAY        3                         6     -3        3
  MONTH TO DATE  148                       181    -33       99
  SINCE MAR 1    961                      1076   -115      717
  SINCE JUL 1   3677                      3945   -268     3070

 COOLING
  YESTERDAY        0                         1     -1        0
  MONTH TO DATE   36                        12     24       19
  SINCE MAR 1     36                        13     23       37
  SINCE JAN 1     36                        13     23       37
..................................................................


WIND (MPH)
  RESULTANT WIND SPEED  10   RESULTANT WIND DIRECTION   N (10)
  HIGHEST WIND SPEED    24   HIGHEST WIND DIRECTION     N (10)
  HIGHEST GUST SPEED    29   HIGHEST GUST DIRECTION     N (360)
  AVERAGE WIND SPEED    11.2


SKY COVER
  POSSIBLE SUNSHINE  MM
  AVERAGE SKY COVER 0.2


WEATHER CONDITIONS
 THE FOLLOWING WEATHER WAS RECORDED YESTERDAY.
  NO SIGNIFICANT WEATHER WAS OBSERVED.


RELATIVE HUMIDITY (PERCENT)
 HIGHEST    77           100 AM
 LOWEST     26           500 PM
 AVERAGE    52

..........................................................


THE ROSEBURG OR CLIMATE NORMALS FOR TODAY
                         NORMAL    RECORD    YEAR
 MAXIMUM TEMPERATURE (F)   72        95      1938
 MINIMUM TEMPERATURE (F)   49        37      1964


SUNRISE AND SUNSET
MAY 25 2017...........SUNRISE   540 AM PDT   SUNSET   841 PM PDT
MAY 26 2017...........SUNRISE   540 AM PDT   SUNSET   842 PM PDT


-  INDICATES NEGATIVE NUMBERS.
R  INDICATES RECORD WAS SET OR TIED.
MM INDICATES DATA IS MISSING.
T  INDICATES TRACE AMOUNT.




$$
