000
CDUS46 KSTO 230039
CLIRDD

CLIMATE REPORT
NATIONAL WEATHER SERVICE SACRAMENTO, CA
437 PM PST MON DEC 22 2014


...................................

...THE REDDING AIRPORT CA CLIMATE SUMMARY FOR DECEMBER 22 2014...
VALID TODAY AS OF 400 PM LOCAL TIME.

CLIMATE NORMAL PERIOD 1981 TO 2010
CLIMATE RECORD PERIOD 1986 TO 2014


WEATHER ITEM   OBSERVED RECORD YEAR NORMAL DEPARTURE LAST
                VALUE   VALUE       VALUE  FROM      YEAR
                                           NORMAL
...........................................................
TEMPERATURE (F)
 TODAY
  MAXIMUM         69     73    2013  54     15       73
  MINIMUM         54     20    1990  36     18       42
  AVERAGE         62

PRECIPITATION (IN)
  TODAY            0.00   1.07 2005   0.21  -0.21     0.00
  MONTH TO DATE   10.24               4.32   5.92     0.38
  SINCE JUL 1     19.54              11.81   7.73     3.50
  SINCE JAN 1     33.81              32.67   1.14    12.80

SNOWFALL (IN)
  TODAY            0.0   MM      MM  MM               0.0
  MONTH TO DATE    0.0               MM               5.0
  SINCE DEC 1      0.0               MM               5.0
  SINCE JUL 1      0.0               MM               5.0

DEGREE DAYS
 HEATING
  TODAY            3

 COOLING
  TODAY            0
...........................................................


WIND (MPH)
  RESULTANT WIND SPEED   2   RESULTANT WIND DIRECTION   N (340)
  HIGHEST WIND SPEED     8   HIGHEST WIND DIRECTION     W (280)
  HIGHEST GUST SPEED    10   HIGHEST GUST DIRECTION     W (280)


SKY COVER
  POSSIBLE SUNSHINE  MM
  AVERAGE SKY COVER 0.5


WEATHER CONDITIONS
 THE FOLLOWING WEATHER WAS RECORDED TODAY.
  FOG


RELATIVE HUMIDITY (PERCENT)
 HIGHEST   100
 LOWEST     63
 AVERAGE    82

..........................................................


THE REDDING AIRPORT CA CLIMATE NORMALS FOR TOMORROW
                         NORMAL    RECORD    YEAR
 MAXIMUM TEMPERATURE (F)   54        67      1992
 MINIMUM TEMPERATURE (F)   36        20      1990


SUNRISE AND SUNSET
DECEMBER 22 2014......SUNRISE   730 AM PST   SUNSET   446 PM PST
DECEMBER 23 2014......SUNRISE   730 AM PST   SUNSET   447 PM PST


-  INDICATES NEGATIVE NUMBERS.
R  INDICATES RECORD WAS SET OR TIED.
MM INDICATES DATA IS MISSING.
T  INDICATES TRACE AMOUNT.

&&
....................................................................

REDDING CITY CLIMATE DATA FOR DECEMBER 22

CLIMATE RECORD PERIOD 1897-1986

RECORD HIGH..............     72 IN 1960
RECORD LOW...............     25 IN 1928

RECORD RAINFALL..........   7.30 IN 1964

$$

NNNN
