000
CDUS46 KSTO 160043
CLIRDD

CLIMATE REPORT
NATIONAL WEATHER SERVICE SACRAMENTO, CA
430 PM PST MON JAN 15 2018

...........................................................

...THE REDDING AIRPORT CA CLIMATE SUMMARY FOR JANUARY 15 2018...
VALID TODAY AS OF 0400 PM LOCAL TIME.

CLIMATE NORMAL PERIOD 1981 TO 2010
CLIMATE RECORD PERIOD 1986 TO 2018


WEATHER ITEM   OBSERVED RECORD YEAR NORMAL DEPARTURE LAST
                VALUE   VALUE       VALUE  FROM      YEAR
                                           NORMAL
...........................................................
TEMPERATURE (F)
 TODAY
  MAXIMUM         55     80    2014  55      0       63
  MINIMUM         40     25    2013  36      4       30
                               2012
  AVERAGE         48

PRECIPITATION (IN)
  TODAY            0.00   0.93 2000   0.20  -0.20     0.00
                               1996
  MONTH TO DATE    2.19               3.00  -0.81     7.08
  SINCE OCT 1      7.86              15.85  -7.99    25.81
  SINCE JAN 1      2.19               3.00  -0.81     7.08

SNOWFALL (IN)
  TODAY            0.0    0.0  2002  MM               0.0
  MONTH TO DATE    0.0               MM               3.0
  SINCE DEC 1      0.0               MM               3.0
  SINCE JUL 1      0.0               MM               3.0

DEGREE DAYS
 HEATING
  TODAY           17

 COOLING
  TODAY            0
...........................................................


WIND (MPH)
  RESULTANT WIND SPEED   1   RESULTANT WIND DIRECTION  NW (330)
  HIGHEST WIND SPEED     8   HIGHEST WIND DIRECTION     E (110)
  HIGHEST GUST SPEED    11   HIGHEST GUST DIRECTION    NW (310)


SKY COVER
  POSSIBLE SUNSHINE  MM
  AVERAGE SKY COVER 0.4


WEATHER CONDITIONS
 THE FOLLOWING WEATHER WAS RECORDED TODAY.
  FOG
  FOG W/VISIBILITY <= 1/4 MILE


RELATIVE HUMIDITY (PERCENT)
 HIGHEST   100
 LOWEST     83
 AVERAGE    92

..........................................................


THE REDDING AIRPORT CA CLIMATE NORMALS FOR TOMORROW
                         NORMAL    RECORD    YEAR
 MAXIMUM TEMPERATURE (F)   55        80      2014
 MINIMUM TEMPERATURE (F)   36        19      2012


SUNRISE AND SUNSET
JANUARY 15 2018.......SUNRISE   730 AM PST   SUNSET   507 PM PST
JANUARY 16 2018.......SUNRISE   730 AM PST   SUNSET   508 PM PST


-  INDICATES NEGATIVE NUMBERS.
R  INDICATES RECORD WAS SET OR TIED.
MM INDICATES DATA IS MISSING.
T  INDICATES TRACE AMOUNT.

&&
....................................................................

REDDING CITY CLIMATE DATA FOR JANUARY 15

CLIMATE RECORD PERIOD 1897-1986

RECORD HIGH..............     76 IN 1976
RECORD LOW...............     25 IN 1963

RECORD RAINFALL..........   2.19 IN 1956

$$
POWELL
