576
CDUS46 KSTO 280048
CLIRDD

CLIMATE REPORT
NATIONAL WEATHER SERVICE SACRAMENTO, CA
543 PM PDT SAT MAY 27 2017


...................................

...THE REDDING AIRPORT CA CLIMATE SUMMARY FOR MAY 27 2017...
VALID TODAY AS OF 0500 PM LOCAL TIME.

CLIMATE NORMAL PERIOD 1981 TO 2010
CLIMATE RECORD PERIOD 1986 TO 2017


WEATHER ITEM   OBSERVED RECORD YEAR NORMAL DEPARTURE LAST
                VALUE   VALUE       VALUE  FROM      YEAR
                                           NORMAL
...........................................................
TEMPERATURE (F)
 TODAY
  MAXIMUM         91    100    2009  84      7       87
  MINIMUM         55     44    1998  57     -2       57
  AVERAGE         73

PRECIPITATION (IN)
  TODAY            0.00   1.13 1998   0.06  -0.06     0.00
  MONTH TO DATE    0.02               1.63  -1.61     0.97
  SINCE OCT 1     46.21              32.80  13.41    38.03
  SINCE JAN 1     27.48              19.95   7.53    28.17

SNOWFALL (IN)
  TODAY            0.0   MM      MM  MM               0.0
  MONTH TO DATE    0.0               MM               0.0
  SINCE MAR 1      0.0               MM               0.0
  SINCE JUL 1      3.0               MM               0.0

DEGREE DAYS
 HEATING
  TODAY            0

 COOLING
  TODAY            8
...........................................................


WIND (MPH)
  RESULTANT WIND SPEED   2   RESULTANT WIND DIRECTION   S (170)
  HIGHEST WIND SPEED    14   HIGHEST WIND DIRECTION     S (170)
  HIGHEST GUST SPEED    20   HIGHEST GUST DIRECTION     S (160)


SKY COVER
  POSSIBLE SUNSHINE  MM
  AVERAGE SKY COVER 0.0


WEATHER CONDITIONS
 THE FOLLOWING WEATHER WAS RECORDED TODAY.
  NO SIGNIFICANT WEATHER WAS OBSERVED.


RELATIVE HUMIDITY (PERCENT)
 HIGHEST    86
 LOWEST     21
 AVERAGE    54

..........................................................


THE REDDING AIRPORT CA CLIMATE NORMALS FOR TOMORROW
                         NORMAL    RECORD    YEAR
 MAXIMUM TEMPERATURE (F)   85       100      2009
 MINIMUM TEMPERATURE (F)   57        45      2006


SUNRISE AND SUNSET
MAY 27 2017...........SUNRISE   543 AM PDT   SUNSET   830 PM PDT
MAY 28 2017...........SUNRISE   543 AM PDT   SUNSET   831 PM PDT


-  INDICATES NEGATIVE NUMBERS.
R  INDICATES RECORD WAS SET OR TIED.
MM INDICATES DATA IS MISSING.
T  INDICATES TRACE AMOUNT.

&&
....................................................................

REDDING CITY CLIMATE DATA FOR MAY 27

CLIMATE RECORD PERIOD 1897-1986

RECORD HIGH..............    102 IN 1982
RECORD LOW...............     37 IN 1980

RECORD RAINFALL..........   2.62 IN 1960

$$

NNNN
