000
CDUS46 KSTO 250043 RRA
CLIRDD

CLIMATE REPORT
NATIONAL WEATHER SERVICE SACRAMENTO, CA
541 PM PDT SUN SEP 24 2017


...................................

...THE REDDING AIRPORT CA CLIMATE SUMMARY FOR SEPTEMBER 24 2017...
VALID TODAY AS OF 0500 PM LOCAL TIME.

CLIMATE NORMAL PERIOD 1981 TO 2010
CLIMATE RECORD PERIOD 1986 TO 2017


WEATHER ITEM   OBSERVED RECORD YEAR NORMAL DEPARTURE LAST
                VALUE   VALUE       VALUE  FROM      YEAR
                                           NORMAL
...........................................................
TEMPERATURE (F)
 TODAY
  MAXIMUM         84    107    2003  88     -4       96
  MINIMUM         54     44    2000  56     -2       62
  AVERAGE         69

PRECIPITATION (IN)
  TODAY            0.00   0.78 2014   0.03  -0.03     0.00
  MONTH TO DATE    0.61               0.47   0.14     0.00
  SINCE OCT 1     47.74              34.45  13.29    40.49
  SINCE JAN 1     29.01              21.60   7.41    30.63

SNOWFALL (IN)
  TODAY            0.0    0.0  2002  MM               0.0
                               2001
  MONTH TO DATE    0.0               MM               0.0
  SINCE SEP 1      0.0               MM               0.0
  SINCE JUL 1      0.0               MM               0.0

DEGREE DAYS
 HEATING
  TODAY            0

 COOLING
  TODAY            4
...........................................................


WIND (MPH)
  RESULTANT WIND SPEED  10   RESULTANT WIND DIRECTION   N (360)
  HIGHEST WIND SPEED    24   HIGHEST WIND DIRECTION     N (20)
  HIGHEST GUST SPEED    28   HIGHEST GUST DIRECTION     N (10)


SKY COVER
  POSSIBLE SUNSHINE  MM
  AVERAGE SKY COVER 0.0


WEATHER CONDITIONS
 THE FOLLOWING WEATHER WAS RECORDED TODAY.
  NO SIGNIFICANT WEATHER WAS OBSERVED.


RELATIVE HUMIDITY (PERCENT)
 HIGHEST    47
 LOWEST     13
 AVERAGE    30

..........................................................


THE REDDING AIRPORT CA CLIMATE NORMALS FOR TOMORROW
                         NORMAL    RECORD    YEAR
 MAXIMUM TEMPERATURE (F)   88       104      2016
 MINIMUM TEMPERATURE (F)   56        43      2007


SUNRISE AND SUNSET
SEPTEMBER 24 2017.....SUNRISE   659 AM PDT   SUNSET   702 PM PDT
SEPTEMBER 25 2017.....SUNRISE   700 AM PDT   SUNSET   701 PM PDT


-  INDICATES NEGATIVE NUMBERS.
R  INDICATES RECORD WAS SET OR TIED.
MM INDICATES DATA IS MISSING.
T  INDICATES TRACE AMOUNT.




&&
....................................................................

REDDING CITY CLIMATE DATA FOR SEPTEMBER 24

CLIMATE RECORD PERIOD 1897-1986

RECORD HIGH..............    107 IN 1964
RECORD LOW...............     44 IN 1934

RECORD RAINFALL..........   0.50 IN 1923

$$

NNNN
