269
CDUS46 KSTO 170846
CLIRDD

CLIMATE REPORT
NATIONAL WEATHER SERVICE SACRAMENTO, CA
1245 AM PST FRI NOV 17 2017

...................................

...THE REDDING AIRPORT CA CLIMATE SUMMARY FOR NOVEMBER 16 2017...

CLIMATE NORMAL PERIOD 1981 TO 2010
CLIMATE RECORD PERIOD 1986 TO 2017

WEATHER ITEM   OBSERVED RECORD YEAR NORMAL DEPARTURE LAST
                VALUE   VALUE       VALUE  FROM      YEAR
                                           NORMAL
...........................................................
TEMPERATURE (F)
 YESTERDAY
  MAXIMUM         60     77    2005  62     -2       61
  MINIMUM         47     29    2000  41      6       39
                               1993
  AVERAGE         54

PRECIPITATION (IN)
  YESTERDAY        0.33   1.01 1988   0.15   0.18     0.00
  MONTH TO DATE    3.81               2.05   1.76     0.29
  SINCE OCT 1      4.14               4.15  -0.01     8.07
  SINCE JAN 1     33.15              25.92   7.23    38.70

SNOWFALL (IN)
  YESTERDAY       MM      0.0  2002  MM               0.0
                               2001
  MONTH TO DATE    0.0               MM               0.0
  SINCE SEP 1      0.0               MM               0.0
  SINCE JUL 1      0.0               MM               0.0

DEGREE DAYS
 HEATING
  YESTERDAY       11

 COOLING
  YESTERDAY        0
...........................................................

WIND (MPH)
  RESULTANT WIND SPEED   2   RESULTANT WIND DIRECTION   S (200)
  HIGHEST WIND SPEED    17   HIGHEST WIND DIRECTION    SW (230)
  HIGHEST GUST SPEED    23   HIGHEST GUST DIRECTION     S (190)

SKY COVER
  POSSIBLE SUNSHINE  MM
  AVERAGE SKY COVER 0.9

WEATHER CONDITIONS
 THE FOLLOWING WEATHER WAS RECORDED YESTERDAY.
  THUNDERSTORM
  HEAVY RAIN
  RAIN
  LIGHT RAIN
  FOG
  FOG W/VISIBILITY <= 1/4 MILE

RELATIVE HUMIDITY (PERCENT)
 HIGHEST   100
 LOWEST     60
 AVERAGE    80

..........................................................

THE REDDING AIRPORT CA CLIMATE NORMALS FOR TODAY
                         NORMAL    RECORD    YEAR
 MAXIMUM TEMPERATURE (F)   62        80      2005
 MINIMUM TEMPERATURE (F)   40        29      2014

SUNRISE AND SUNSET
NOVEMBER 17 2017......SUNRISE   658 AM PST   SUNSET   450 PM PST
NOVEMBER 18 2017......SUNRISE   659 AM PST   SUNSET   449 PM PST

-  INDICATES NEGATIVE NUMBERS.
R  INDICATES RECORD WAS SET OR TIED.
MM INDICATES DATA IS MISSING.
T  INDICATES TRACE AMOUNT.

&&
....................................................................

REDDING CITY CLIMATE DATA FOR NOVEMBER 16

CLIMATE RECORD PERIOD 1897-1986

RECORD HIGH..............     86 IN 1895
RECORD LOW...............     25 IN 1919

RECORD RAINFALL..........   3.55 IN 1981

$$
