000
CDUS46 KSTO 291447
CLIRDD

CLIMATE REPORT
NATIONAL WEATHER SERVICE SACRAMENTO, CA
739 AM PDT TUE JUL 29 2014


...................................

...THE REDDING AIRPORT CA CLIMATE SUMMARY FOR JULY 28 2014...

CLIMATE NORMAL PERIOD 1981 TO 2010
CLIMATE RECORD PERIOD 1986 TO 2014


WEATHER ITEM   OBSERVED RECORD YEAR NORMAL DEPARTURE LAST
                VALUE   VALUE       VALUE  FROM      YEAR
                                           NORMAL
...........................................................
TEMPERATURE (F)
 YESTERDAY
  MAXIMUM        105    113    2003 100      5      100
  MINIMUM         66     58    1987  66      0       69
  AVERAGE         86

PRECIPITATION (IN)
  YESTERDAY        0.00   0.00 2007   0.00   0.00     0.00
                               2006
                               2005
  MONTH TO DATE    0.09               0.08   0.01      T
  SINCE JUL 1      0.09               0.08   0.01      T
  SINCE JAN 1     14.36              20.94  -6.58     9.30

SNOWFALL (IN)
  YESTERDAY        0.0   MM      MM  MM               0.0
  MONTH TO DATE    0.0               MM               0.0
  SINCE JUN 1      0.0               MM               0.0
  SINCE JUL 1      0.0               MM               0.0

DEGREE DAYS
 HEATING
  YESTERDAY        0

 COOLING
  YESTERDAY       21
...........................................................


WIND (MPH)
  RESULTANT WIND SPEED   5   RESULTANT WIND DIRECTION   S (170)
  HIGHEST WIND SPEED    20   HIGHEST WIND DIRECTION     S (170)
  HIGHEST GUST SPEED    26   HIGHEST GUST DIRECTION     S (160)


SKY COVER
  POSSIBLE SUNSHINE  MM
  AVERAGE SKY COVER 0.0


WEATHER CONDITIONS
 THE FOLLOWING WEATHER WAS RECORDED YESTERDAY.
  NO SIGNIFICANT WEATHER WAS OBSERVED.


RELATIVE HUMIDITY (PERCENT)
 HIGHEST    47
 LOWEST     12
 AVERAGE    30

..........................................................


THE REDDING AIRPORT CA CLIMATE NORMALS FOR TODAY
                         NORMAL    RECORD    YEAR
 MAXIMUM TEMPERATURE (F)  100       116      2003
 MINIMUM TEMPERATURE (F)   66        58      1999


SUNRISE AND SUNSET
JULY 29 2014..........SUNRISE   604 AM PDT   SUNSET   827 PM PDT
JULY 30 2014..........SUNRISE   605 AM PDT   SUNSET   826 PM PDT


-  INDICATES NEGATIVE NUMBERS.
R  INDICATES RECORD WAS SET OR TIED.
MM INDICATES DATA IS MISSING.
T  INDICATES TRACE AMOUNT.

&&
....................................................................

REDDING CITY CLIMATE DATA FOR JULY 28

CLIMATE RECORD PERIOD 1897-1986

RECORD HIGH..............    113 IN 1923
RECORD LOW...............     55 IN 1950

RECORD RAINFALL..........   0.04 IN 1947

$$

GC
NNNN
