000
CDUS46 KSTO 040835 RRA
CLIRDD

CLIMATE REPORT
NATIONAL WEATHER SERVICE SACRAMENTO, CA
1235 AM PST SUN DEC 4 2016


...................................

...THE REDDING AIRPORT CA CLIMATE SUMMARY FOR DECEMBER 3 2016...

CLIMATE NORMAL PERIOD 1981 TO 2010
CLIMATE RECORD PERIOD 1986 TO 2016


WEATHER ITEM   OBSERVED RECORD YEAR NORMAL DEPARTURE LAST
                VALUE   VALUE       VALUE  FROM      YEAR
                                           NORMAL
...........................................................
TEMPERATURE (F)
 YESTERDAY
  MAXIMUM         68     70    1988  56     12       53
  MINIMUM         38     27    1990  37      1       45
  AVERAGE         53

PRECIPITATION (IN)
  YESTERDAY        0.00   1.39 2014   0.18  -0.18     0.69
  MONTH TO DATE    0.00               0.54  -0.54     0.76
  SINCE OCT 1     12.70               7.12   5.58     2.41
  SINCE JAN 1     43.33              28.89  14.44     9.79

SNOWFALL (IN)
  YESTERDAY        0.0   MM      MM  MM              MM
  MONTH TO DATE    0.0               MM               0.0
  SINCE DEC 1      0.0               MM               0.0
  SINCE JUL 1      0.0               MM               0.0

DEGREE DAYS
 HEATING
  YESTERDAY       12

 COOLING
  YESTERDAY        0
...........................................................


WIND (MPH)
  RESULTANT WIND SPEED   2   RESULTANT WIND DIRECTION   N (340)
  HIGHEST WIND SPEED    13   HIGHEST WIND DIRECTION     N (10)
  HIGHEST GUST SPEED    15   HIGHEST GUST DIRECTION     N (10)


SKY COVER
  POSSIBLE SUNSHINE  MM
  AVERAGE SKY COVER 0.0


WEATHER CONDITIONS
 THE FOLLOWING WEATHER WAS RECORDED YESTERDAY.
  NO SIGNIFICANT WEATHER WAS OBSERVED.


RELATIVE HUMIDITY (PERCENT)
 HIGHEST    92
 LOWEST     27
 AVERAGE    60

..........................................................


THE REDDING AIRPORT CA CLIMATE NORMALS FOR TODAY
                         NORMAL    RECORD    YEAR
 MAXIMUM TEMPERATURE (F)   56        71      2006
 MINIMUM TEMPERATURE (F)   37        28      2008
                                             1998
                                             1991


SUNRISE AND SUNSET
DECEMBER  4 2016......SUNRISE   717 AM PST   SUNSET   442 PM PST
DECEMBER  5 2016......SUNRISE   718 AM PST   SUNSET   442 PM PST


-  INDICATES NEGATIVE NUMBERS.
R  INDICATES RECORD WAS SET OR TIED.
MM INDICATES DATA IS MISSING.
T  INDICATES TRACE AMOUNT.

&&
....................................................................

REDDING CITY CLIMATE DATA FOR DECEMBER 03

CLIMATE RECORD PERIOD 1897-1986

RECORD HIGH..............     74 IN 1958
RECORD LOW...............     27 IN 1952

RECORD RAINFALL..........   3.25 IN 1980

$$
