000
CDUS46 KSTO 270841
CLIRDD

CLIMATE REPORT
NATIONAL WEATHER SERVICE SACRAMENTO, CA
1239 AM PST TUE JAN 27 2015


...................................

...THE REDDING AIRPORT CA CLIMATE SUMMARY FOR JANUARY 26 2015...

CLIMATE NORMAL PERIOD 1981 TO 2010
CLIMATE RECORD PERIOD 1986 TO 2015


WEATHER ITEM   OBSERVED RECORD YEAR NORMAL DEPARTURE LAST
                VALUE   VALUE       VALUE  FROM      YEAR
                                           NORMAL
...........................................................
TEMPERATURE (F)
 YESTERDAY
  MAXIMUM         68     73    2011  56     12       71
  MINIMUM         37     25    1991  37      0       32
  AVERAGE         53

PRECIPITATION (IN)
  YESTERDAY        0.00   1.50 1998   0.18  -0.18     0.00
  MONTH TO DATE    0.26               5.06  -4.80     0.08
  SINCE OCT 1     16.51              17.91  -1.40     2.19
  SINCE JAN 1      0.26               5.06  -4.80     0.08

SNOWFALL (IN)
  YESTERDAY        0.0   MM      MM  MM               0.0
  MONTH TO DATE    0.0               MM               0.0
  SINCE DEC 1      0.0               MM               5.0
  SINCE JUL 1      0.0               MM               5.0

DEGREE DAYS
 HEATING
  YESTERDAY       12

 COOLING
  YESTERDAY        0
...........................................................


WIND (MPH)
  RESULTANT WIND SPEED   1   RESULTANT WIND DIRECTION  NE (30)
  HIGHEST WIND SPEED     7   HIGHEST WIND DIRECTION    SE (140)
  HIGHEST GUST SPEED    11   HIGHEST GUST DIRECTION     W (270)


SKY COVER
  POSSIBLE SUNSHINE  MM
  AVERAGE SKY COVER 0.1


WEATHER CONDITIONS
 THE FOLLOWING WEATHER WAS RECORDED YESTERDAY.
  FOG
  FOG W/VISIBILITY <= 1/4 MILE


RELATIVE HUMIDITY (PERCENT)
 HIGHEST   100
 LOWEST     48
 AVERAGE    74

..........................................................


THE REDDING AIRPORT CA CLIMATE NORMALS FOR TODAY
                         NORMAL    RECORD    YEAR
 MAXIMUM TEMPERATURE (F)   56        67      2011
 MINIMUM TEMPERATURE (F)   37        22      1991


SUNRISE AND SUNSET
JANUARY 27 2015.......SUNRISE   723 AM PST   SUNSET   521 PM PST
JANUARY 28 2015.......SUNRISE   722 AM PST   SUNSET   522 PM PST


-  INDICATES NEGATIVE NUMBERS.
R  INDICATES RECORD WAS SET OR TIED.
MM INDICATES DATA IS MISSING.
T  INDICATES TRACE AMOUNT.






&&
....................................................................

REDDING CITY CLIMATE DATA FOR JANUARY 26

CLIMATE RECORD PERIOD 1897-1986

RECORD HIGH..............     74 IN 1899
RECORD LOW...............     23 IN 1950

RECORD RAINFALL..........   2.83 IN 1983

$$

NNNN
