104
CDUS46 KSTO 100036 RRA
CLIRDD

CLIMATE REPORT
NATIONAL WEATHER SERVICE SACRAMENTO, CA
434 PM PST TUE FEB 9 2016


...................................

...THE REDDING AIRPORT CA CLIMATE SUMMARY FOR FEBRUARY 9 2016...
VALID TODAY AS OF 0400 PM LOCAL TIME.

CLIMATE NORMAL PERIOD 1981 TO 2010
CLIMATE RECORD PERIOD 1986 TO 2016


WEATHER ITEM   OBSERVED RECORD YEAR NORMAL DEPARTURE LAST
                VALUE   VALUE       VALUE  FROM      YEAR
                                           NORMAL
...........................................................
TEMPERATURE (F)
 TODAY
  MAXIMUM         75     78    2006  59     16       61
  MINIMUM         41     27    2003  38      3       44
  AVERAGE         58

PRECIPITATION (IN)
  TODAY            0.00   1.71 2014   0.20  -0.20     0.59
  MONTH TO DATE    0.09               1.82  -1.73     3.38
  SINCE OCT 1     22.63              20.63   2.00    19.89
  SINCE JAN 1     12.77               7.78   4.99     3.64

SNOWFALL (IN)
  TODAY            0.0    0.0  2002  MM              MM
  MONTH TO DATE    0.0               MM               0.0
  SINCE DEC 1      0.0               MM               0.0
  SINCE JUL 1      0.0               MM               0.0

DEGREE DAYS
 HEATING
  TODAY            7

 COOLING
  TODAY            0
...........................................................


WIND (MPH)
  RESULTANT WIND SPEED   0   RESULTANT WIND DIRECTION   N (360)
  HIGHEST WIND SPEED     6   HIGHEST WIND DIRECTION    SW (220)
  HIGHEST GUST SPEED     8   HIGHEST GUST DIRECTION    SW (240)


SKY COVER
  POSSIBLE SUNSHINE  MM
  AVERAGE SKY COVER 0.0


WEATHER CONDITIONS
 THE FOLLOWING WEATHER WAS RECORDED TODAY.
  NO SIGNIFICANT WEATHER WAS OBSERVED.


RELATIVE HUMIDITY (PERCENT)
 HIGHEST    82
 LOWEST     27
 AVERAGE    55

..........................................................


THE REDDING AIRPORT CA CLIMATE NORMALS FOR TOMORROW
                         NORMAL    RECORD    YEAR
 MAXIMUM TEMPERATURE (F)   59        77      2006
 MINIMUM TEMPERATURE (F)   39        27      2009
                                             1999


SUNRISE AND SUNSET
FEBRUARY  9 2016......SUNRISE   711 AM PST   SUNSET   537 PM PST
FEBRUARY 10 2016......SUNRISE   709 AM PST   SUNSET   538 PM PST


-  INDICATES NEGATIVE NUMBERS.
R  INDICATES RECORD WAS SET OR TIED.
MM INDICATES DATA IS MISSING.
T  INDICATES TRACE AMOUNT.

&&
....................................................................

REDDING CITY CLIMATE DATA FOR FEBRUARY 09

CLIMATE RECORD PERIOD 1897-1986

RECORD HIGH..............     76 IN 1970
RECORD LOW...............     20 IN 1903

RECORD RAINFALL..........   2.30 IN 1961

$$

NNNN
