000
CDUS46 KSTO 300837
CLIRDD

CLIMATE REPORT
NATIONAL WEATHER SERVICE SACRAMENTO, CA
137 AM PDT SAT APR 30 2016


...................................

...THE REDDING AIRPORT CA CLIMATE SUMMARY FOR APRIL 29 2016...

CLIMATE NORMAL PERIOD 1981 TO 2010
CLIMATE RECORD PERIOD 1986 TO 2016


WEATHER ITEM   OBSERVED RECORD YEAR NORMAL DEPARTURE LAST
                VALUE   VALUE       VALUE  FROM      YEAR
                                           NORMAL
...........................................................
TEMPERATURE (F)
 YESTERDAY
  MAXIMUM         81     91    2014  75      6       88
  MINIMUM         58     34    2010  49      9       55
  AVERAGE         70

PRECIPITATION (IN)
  YESTERDAY        T      1.65 2003   0.07  -0.07     0.00
  MONTH TO DATE    3.25               2.41   0.84     1.18
  SINCE OCT 1     37.06              31.10   5.96    22.13
  SINCE JAN 1     27.20              18.25   8.95     5.88

SNOWFALL (IN)
  YESTERDAY        0.0   MM      MM  MM               0.0
  MONTH TO DATE    0.0               MM               0.0
  SINCE MAR 1      0.0               MM               0.0
  SINCE JUL 1      0.0               MM               0.0

DEGREE DAYS
 HEATING
  YESTERDAY        0

 COOLING
  YESTERDAY        5
...........................................................


WIND (MPH)
  RESULTANT WIND SPEED   6   RESULTANT WIND DIRECTION   N (340)
  HIGHEST WIND SPEED    25   HIGHEST WIND DIRECTION    NW (300)
  HIGHEST GUST SPEED    33   HIGHEST GUST DIRECTION     N (360)


SKY COVER
  POSSIBLE SUNSHINE  MM
  AVERAGE SKY COVER 0.1


WEATHER CONDITIONS
 THE FOLLOWING WEATHER WAS RECORDED YESTERDAY.
  NO SIGNIFICANT WEATHER WAS OBSERVED.


RELATIVE HUMIDITY (PERCENT)
 HIGHEST    46
 LOWEST     20
 AVERAGE    33

..........................................................


THE REDDING AIRPORT CA CLIMATE NORMALS FOR TODAY
                         NORMAL    RECORD    YEAR
 MAXIMUM TEMPERATURE (F)   75        92      1996
 MINIMUM TEMPERATURE (F)   49        41      2010
                                             2008
                                             1988


SUNRISE AND SUNSET
APRIL 30 2016.........SUNRISE   609 AM PDT   SUNSET   805 PM PDT
MAY  1 2016...........SUNRISE   607 AM PDT   SUNSET   806 PM PDT


-  INDICATES NEGATIVE NUMBERS.
R  INDICATES RECORD WAS SET OR TIED.
MM INDICATES DATA IS MISSING.
T  INDICATES TRACE AMOUNT.




&&
....................................................................

REDDING CITY CLIMATE DATA FOR APRIL 29

CLIMATE RECORD PERIOD 1897-1986

RECORD HIGH..............     96 IN 1981
RECORD LOW...............     37 IN 1967

RECORD RAINFALL..........   1.50 IN 1901

$$

NNNN
