000
CDUS41 KPHI 242129
CLIRDG


CLIMATE REPORT
NATIONAL WEATHER SERVICE MOUNT HOLLY NJ
529 PM EDT TUE MAY 24 2016


...................................

...THE READING PA CLIMATE SUMMARY FOR MAY 24 2016...
VALID TODAY AS OF 0500 PM LOCAL TIME.

CLIMATE NORMAL PERIOD 1981 TO 2010
CLIMATE RECORD PERIOD 1869 TO 2016


WEATHER ITEM   OBSERVED TIME   RECORD YEAR NORMAL DEPARTURE LAST
                VALUE   (LST)  VALUE       VALUE  FROM      YEAR
                                                  NORMAL
..................................................................
TEMPERATURE (F)
 TODAY
  MAXIMUM         84    306 PM  92    1975  75      9       82
  MINIMUM         54    522 AM  38    1963  53      1       44
  AVERAGE         69                        64      5       63

PRECIPITATION (IN)
  TODAY            0.01          1.96 1897   0.18  -0.17     0.00
  MONTH TO DATE    3.12                      3.07   0.05     0.44
  SINCE MAR 1      5.93                     10.32  -4.39     6.95
  SINCE JAN 1     12.74                     15.85  -3.11    10.69

SNOWFALL (IN)
  TODAY           MM            MM      MM  MM     MM       MM
  MONTH TO DATE   MM                        MM     MM       MM
  SINCE MAR 1     MM                        MM     MM       MM
  SINCE JUL 1     MM                        MM     MM       MM
  SNOW DEPTH      MM

DEGREE DAYS
 HEATING
  TODAY            0                         4     -4        2
  MONTH TO DATE  192                       149     43       68
  SINCE MAR 1   1147                      1305   -158     1357
  SINCE JUL 1   4494                      5347   -853     5662

 COOLING
  TODAY            4                         2      2        0
  MONTH TO DATE    4                        33    -29       77
  SINCE MAR 1     17                        42    -25       77
  SINCE JAN 1     17                        42    -25       77
..................................................................


WIND (MPH)
  HIGHEST WIND SPEED    21   HIGHEST WIND DIRECTION     W (290)
  HIGHEST GUST SPEED    26   HIGHEST GUST DIRECTION    NW (320)
  AVERAGE WIND SPEED     5.9


SKY COVER
  POSSIBLE SUNSHINE  MM
  AVERAGE SKY COVER 0.2


WEATHER CONDITIONS
 THE FOLLOWING WEATHER WAS RECORDED TODAY.
  LIGHT RAIN
  FOG


RELATIVE HUMIDITY (PERCENT)
 HIGHEST    93           300 AM
 LOWEST     26           300 PM
 AVERAGE    60

..........................................................


THE READING PA CLIMATE NORMALS FOR TOMORROW
                         NORMAL    RECORD    YEAR
 MAXIMUM TEMPERATURE (F)   75        93      1904
 MINIMUM TEMPERATURE (F)   53        38      1956


SUNRISE AND SUNSET
MAY 24 2016...........SUNRISE   540 AM EDT   SUNSET   822 PM EDT
MAY 25 2016...........SUNRISE   539 AM EDT   SUNSET   823 PM EDT


-  INDICATES NEGATIVE NUMBERS.
R  INDICATES RECORD WAS SET OR TIED.
MM INDICATES DATA IS MISSING.
T  INDICATES TRACE AMOUNT.




$$
