000
CDUS41 KPHI 300635
CLIRDG


CLIMATE REPORT
NATIONAL WEATHER SERVICE MOUNT HOLLY NJ
235 AM EDT THU MAR 30 2017


...................................

...THE READING PA CLIMATE SUMMARY FOR MARCH 29 2017...

CLIMATE NORMAL PERIOD 1981 TO 2010
CLIMATE RECORD PERIOD 1869 TO 2017


WEATHER ITEM   OBSERVED TIME   RECORD YEAR NORMAL DEPARTURE LAST
                VALUE   (LST)  VALUE       VALUE  FROM      YEAR
                                                  NORMAL
..................................................................
TEMPERATURE (F)
 YESTERDAY
  MAXIMUM         60    318 PM  87    1907  56      4       56
  MINIMUM         42   1159 PM  12    1923  36      6       34
  AVERAGE         51                        46      5       45

PRECIPITATION (IN)
  YESTERDAY        0.00          1.33 1983   0.13  -0.13     0.00
  MONTH TO DATE    2.62                      3.20  -0.58     1.04
  SINCE MAR 1      2.62                      3.20  -0.58     1.04
  SINCE JAN 1      6.01                      8.73  -2.72     7.85

DEGREE DAYS
 HEATING
  YESTERDAY       14                        19     -5       20
  MONTH TO DATE  746                       704     42      506
  SINCE MAR 1    746                       704     42      506
  SINCE JUL 1   4108                      4746   -638     3853

 COOLING
  YESTERDAY        0                         0      0        0
  MONTH TO DATE    0                         0      0        3
  SINCE MAR 1      0                         0      0        3
  SINCE JAN 1      0                         0      0        3
..................................................................


WIND (MPH)
  HIGHEST WIND SPEED    23   HIGHEST WIND DIRECTION     N (340)
  HIGHEST GUST SPEED    29   HIGHEST GUST DIRECTION    NW (320)
  AVERAGE WIND SPEED    12.1


SKY COVER
  POSSIBLE SUNSHINE  MM
  AVERAGE SKY COVER 0.3


WEATHER CONDITIONS
 THE FOLLOWING WEATHER WAS RECORDED YESTERDAY.
  NO SIGNIFICANT WEATHER WAS OBSERVED.


RELATIVE HUMIDITY (PERCENT)
 HIGHEST    89          1200 AM
 LOWEST     36           500 PM
 AVERAGE    63

..........................................................


THE READING PA CLIMATE NORMALS FOR TODAY
                         NORMAL    RECORD    YEAR
 MAXIMUM TEMPERATURE (F)   56        88      1998
 MINIMUM TEMPERATURE (F)   36        10      1970


SUNRISE AND SUNSET
MARCH 30 2017.........SUNRISE   650 AM EDT   SUNSET   727 PM EDT
MARCH 31 2017.........SUNRISE   649 AM EDT   SUNSET   728 PM EDT


-  INDICATES NEGATIVE NUMBERS.
R  INDICATES RECORD WAS SET OR TIED.
MM INDICATES DATA IS MISSING.
T  INDICATES TRACE AMOUNT.




$$
