000
CDUS41 KPHI 050629
CLIRDG


CLIMATE REPORT
NATIONAL WEATHER SERVICE MOUNT HOLLY NJ
129 AM EST MON DEC 5 2016


...................................

...THE READING PA CLIMATE SUMMARY FOR DECEMBER 4 2016...

CLIMATE NORMAL PERIOD 1981 TO 2010
CLIMATE RECORD PERIOD 1869 TO 2016


WEATHER ITEM   OBSERVED TIME   RECORD YEAR NORMAL DEPARTURE LAST
                VALUE   (LST)  VALUE       VALUE  FROM      YEAR
                                                  NORMAL
..................................................................
TEMPERATURE (F)
 YESTERDAY
  MAXIMUM         46    157 PM  74    1998  45      1       50
  MINIMUM         39    828 PM  12    1940  29     10       32
                                      1906
  AVERAGE         43                        37      6       41

PRECIPITATION (IN)
  YESTERDAY        T             1.85 1990   0.12  -0.12     0.00
  MONTH TO DATE    0.08                      0.47  -0.39     0.85
  SINCE DEC 1      0.08                      0.47  -0.39     0.85
  SINCE JAN 1     32.77                     40.45  -7.68    34.83

SNOWFALL (IN)
  YESTERDAY       MM            MM      MM  MM     MM       MM
  MONTH TO DATE   MM                        MM     MM       MM
  SINCE DEC 1     MM                        MM     MM       MM
  SINCE JUL 1     MM                        MM     MM       MM
  SNOW DEPTH      MM

DEGREE DAYS
 HEATING
  YESTERDAY       22                        28     -6       24
  MONTH TO DATE   83                       109    -26       78
  SINCE DEC 1     83                       109    -26       78
  SINCE JUL 1    937                      1176   -239      897

 COOLING
  YESTERDAY        0                         0      0        0
  MONTH TO DATE    0                         0      0        0
  SINCE DEC 1      0                         0      0        0
  SINCE JAN 1   1356                       896    460     1182
..................................................................


WIND (MPH)
  HIGHEST WIND SPEED    16   HIGHEST WIND DIRECTION    NW (320)
  HIGHEST GUST SPEED    20   HIGHEST GUST DIRECTION     N (350)
  AVERAGE WIND SPEED     5.9


SKY COVER
  POSSIBLE SUNSHINE  MM
  AVERAGE SKY COVER 0.5


WEATHER CONDITIONS
 THE FOLLOWING WEATHER WAS RECORDED YESTERDAY.
  LIGHT RAIN


RELATIVE HUMIDITY (PERCENT)
 HIGHEST    64          1000 PM
 LOWEST     42           200 PM
 AVERAGE    53

..........................................................


THE READING PA CLIMATE NORMALS FOR TODAY
                         NORMAL    RECORD    YEAR
 MAXIMUM TEMPERATURE (F)   45        72      2001
 MINIMUM TEMPERATURE (F)   29        12      1936
                                             1926


SUNRISE AND SUNSET
DECEMBER  5 2016......SUNRISE   712 AM EST   SUNSET   437 PM EST
DECEMBER  6 2016......SUNRISE   713 AM EST   SUNSET   437 PM EST


-  INDICATES NEGATIVE NUMBERS.
R  INDICATES RECORD WAS SET OR TIED.
MM INDICATES DATA IS MISSING.
T  INDICATES TRACE AMOUNT.




$$
