000
CDUS41 KPHI 290632
CLIRDG


CLIMATE REPORT
NATIONAL WEATHER SERVICE MOUNT HOLLY NJ
232 AM EDT FRI APR 29 2016


...................................

...THE READING PA CLIMATE SUMMARY FOR APRIL 28 2016...

CLIMATE NORMAL PERIOD 1981 TO 2010
CLIMATE RECORD PERIOD 1869 TO 2016


WEATHER ITEM   OBSERVED TIME   RECORD YEAR NORMAL DEPARTURE LAST
                VALUE   (LST)  VALUE       VALUE  FROM      YEAR
                                                  NORMAL
..................................................................
TEMPERATURE (F)
 YESTERDAY
  MAXIMUM         54   1200 PM  90    1990  67    -13       70
                                      1957
  MINIMUM         44   1159 PM  28    1972  44      0       47
  AVERAGE         49                        56     -7       59

PRECIPITATION (IN)
  YESTERDAY        0.27          1.55 1923   0.11   0.16     0.00
  MONTH TO DATE    1.76                      3.54  -1.78     1.69
  SINCE MAR 1      2.80                      7.02  -4.22     6.51
  SINCE JAN 1      9.61                     12.55  -2.94    10.25

SNOWFALL (IN)
  YESTERDAY       MM            MM      MM  MM     MM       MM
  MONTH TO DATE   MM                        MM     MM       MM
  SINCE MAR 1     MM                        MM     MM       MM
  SINCE JUL 1     MM                        MM     MM       MM
  SNOW DEPTH      MM

DEGREE DAYS
 HEATING
  YESTERDAY       16                        10      6        6
  MONTH TO DATE  392                       392      0      357
  SINCE MAR 1    925                      1135   -210     1277
  SINCE JUL 1   4272                      5177   -905     5582

 COOLING
  YESTERDAY        0                         1     -1        0
  MONTH TO DATE   10                         1      9        0
  SINCE MAR 1     13                         1     12        0
  SINCE JAN 1     13                         1     12        0
..................................................................


WIND (MPH)
  HIGHEST WIND SPEED    10   HIGHEST WIND DIRECTION     E (80)
  HIGHEST GUST SPEED    14   HIGHEST GUST DIRECTION     E (110)
  AVERAGE WIND SPEED     3.4


SKY COVER
  POSSIBLE SUNSHINE  MM
  AVERAGE SKY COVER 0.7


WEATHER CONDITIONS
 THE FOLLOWING WEATHER WAS RECORDED YESTERDAY.
  HEAVY RAIN
  RAIN
  LIGHT RAIN
  FOG
  HAZE


RELATIVE HUMIDITY (PERCENT)
 HIGHEST    93           300 AM
 LOWEST     28           900 AM
 AVERAGE    61

..........................................................


THE READING PA CLIMATE NORMALS FOR TODAY
                         NORMAL    RECORD    YEAR
 MAXIMUM TEMPERATURE (F)   67        88      1970
 MINIMUM TEMPERATURE (F)   45        29      1977


SUNRISE AND SUNSET
APRIL 29 2016.........SUNRISE   605 AM EDT   SUNSET   758 PM EDT
APRIL 30 2016.........SUNRISE   604 AM EDT   SUNSET   759 PM EDT


-  INDICATES NEGATIVE NUMBERS.
R  INDICATES RECORD WAS SET OR TIED.
MM INDICATES DATA IS MISSING.
T  INDICATES TRACE AMOUNT.




$$
