000
CDUS41 KPHI 190635
CLIRDG


CLIMATE REPORT
NATIONAL WEATHER SERVICE MOUNT HOLLY NJ
235 AM EDT FRI SEP 19 2014


...................................

...THE READING PA CLIMATE SUMMARY FOR SEPTEMBER 18 2014...

CLIMATE NORMAL PERIOD 1981 TO 2010
CLIMATE RECORD PERIOD 1869 TO 2014


WEATHER ITEM   OBSERVED TIME   RECORD YEAR NORMAL DEPARTURE LAST
                VALUE   (LST)  VALUE       VALUE  FROM      YEAR
                                                  NORMAL
..................................................................
TEMPERATURE (F)
 YESTERDAY
  MAXIMUM         77    206 PM  91    1965  75      2       71
  MINIMUM         49    340 AM  39    1990  54     -5       42
                                      1986
                                      1984
  AVERAGE         63                        64     -1       57

PRECIPITATION (IN)
  YESTERDAY        0.00          3.36 2004   0.16  -0.16     0.00
  MONTH TO DATE    1.25                      2.34  -1.09     0.77
  SINCE SEP 1      1.25                      2.34  -1.09     0.77
  SINCE JAN 1     31.68                     31.30   0.38    29.91

SNOWFALL (IN)
  YESTERDAY       MM            MM      MM  MM     MM       MM
  MONTH TO DATE   MM                        MM     MM       MM
  SINCE SEP 1     MM                        MM     MM       MM
  SINCE JUL 1     MM                        MM     MM       MM
  SNOW DEPTH      MM

DEGREE DAYS
 HEATING
  YESTERDAY        2                         3     -1        8
  MONTH TO DATE   27                        18      9       44
  SINCE SEP 1     27                        18      9       44
  SINCE JUL 1     28                        23      5       44

 COOLING
  YESTERDAY        0                         2     -2        0
  MONTH TO DATE  102                        69     33       95
  SINCE SEP 1    102                        69     33       95
  SINCE JAN 1    923                       872     51     1079
..................................................................


WIND (MPH)
  HIGHEST WIND SPEED    16   HIGHEST WIND DIRECTION    NW (300)
  HIGHEST GUST SPEED    19   HIGHEST GUST DIRECTION    NW (300)
  AVERAGE WIND SPEED     3.1


SKY COVER
  POSSIBLE SUNSHINE  MM
  AVERAGE SKY COVER 0.3


WEATHER CONDITIONS
 THE FOLLOWING WEATHER WAS RECORDED YESTERDAY.
  NO SIGNIFICANT WEATHER WAS OBSERVED.


RELATIVE HUMIDITY (PERCENT)
 HIGHEST    89          1200 AM
 LOWEST     31           400 PM
 AVERAGE    60

..........................................................


THE READING PA CLIMATE NORMALS FOR TODAY
                         NORMAL    RECORD    YEAR
 MAXIMUM TEMPERATURE (F)   74        95      1983
 MINIMUM TEMPERATURE (F)   54        39      1943


SUNRISE AND SUNSET
SEPTEMBER 19 2014.....SUNRISE   648 AM EDT   SUNSET   706 PM EDT
SEPTEMBER 20 2014.....SUNRISE   649 AM EDT   SUNSET   704 PM EDT


-  INDICATES NEGATIVE NUMBERS.
R  INDICATES RECORD WAS SET OR TIED.
MM INDICATES DATA IS MISSING.
T  INDICATES TRACE AMOUNT.




$$
