000
CDUS41 KPHI 240626
CLIRDG


CLIMATE REPORT
NATIONAL WEATHER SERVICE MOUNT HOLLY NJ
226 AM EDT THU APR 24 2014


...................................

...THE READING PA CLIMATE SUMMARY FOR APRIL 23 2014...

CLIMATE NORMAL PERIOD 1981 TO 2010
CLIMATE RECORD PERIOD 1869 TO 2014


WEATHER ITEM   OBSERVED TIME   RECORD YEAR NORMAL DEPARTURE LAST
                VALUE   (LST)  VALUE       VALUE  FROM      YEAR
                                                  NORMAL
..................................................................
TEMPERATURE (F)
 YESTERDAY
  MAXIMUM         59    310 PM  91    1960  65     -6       57
  MINIMUM         42   1159 PM  26    1982  43     -1       44
  AVERAGE         51                        54     -3       51

PRECIPITATION (IN)
  YESTERDAY        0.00          2.22 1921   0.12  -0.12     0.00
  MONTH TO DATE    2.39                      2.99  -0.60     2.23
  SINCE MAR 1      4.56                      6.47  -1.91     4.33
  SINCE JAN 1     11.24                     12.00  -0.76     9.27

SNOWFALL (IN)
  YESTERDAY       MM            MM      MM  MM     MM       MM
  MONTH TO DATE   MM                        MM     MM       MM
  SINCE MAR 1     MM                        MM     MM       MM
  SINCE JUL 1     MM                        MM     MM       MM
  SNOW DEPTH      MM

DEGREE DAYS
 HEATING
  YESTERDAY       14                        11      3       14
  MONTH TO DATE  320                       340    -20      291
  SINCE MAR 1   1237                      1083    154     1067
  SINCE JUL 1   5547                      5125    422     4778

 COOLING
  YESTERDAY        0                         0      0        0
  MONTH TO DATE    9                         0      9       15
  SINCE MAR 1      9                         0      9       15
  SINCE JAN 1      9                         0      9       15
..................................................................


WIND (MPH)
  HIGHEST WIND SPEED    29   HIGHEST WIND DIRECTION    NW (300)
  HIGHEST GUST SPEED    36   HIGHEST GUST DIRECTION    NW (330)
  AVERAGE WIND SPEED    15.6


SKY COVER
  POSSIBLE SUNSHINE  MM
  AVERAGE SKY COVER 0.6


WEATHER CONDITIONS
 THE FOLLOWING WEATHER WAS RECORDED YESTERDAY.
  NO SIGNIFICANT WEATHER WAS OBSERVED.


RELATIVE HUMIDITY (PERCENT)
 HIGHEST    60           500 AM
 LOWEST     43           300 PM
 AVERAGE    52

..........................................................


THE READING PA CLIMATE NORMALS FOR TODAY
                         NORMAL    RECORD    YEAR
 MAXIMUM TEMPERATURE (F)   66        90      1960
 MINIMUM TEMPERATURE (F)   43        29      1989
                                             1971
                                             1930


SUNRISE AND SUNSET
APRIL 24 2014.........SUNRISE   612 AM EDT   SUNSET   752 PM EDT
APRIL 25 2014.........SUNRISE   611 AM EDT   SUNSET   753 PM EDT


-  INDICATES NEGATIVE NUMBERS.
R  INDICATES RECORD WAS SET OR TIED.
MM INDICATES DATA IS MISSING.
T  INDICATES TRACE AMOUNT.




$$
