000
CDUS41 KPHI 210631
CLIRDG


CLIMATE REPORT
NATIONAL WEATHER SERVICE MOUNT HOLLY NJ
129 AM EST TUE FEB 21 2017


...................................

...THE READING PA CLIMATE SUMMARY FOR FEBRUARY 20 2017...

CLIMATE NORMAL PERIOD 1981 TO 2010
CLIMATE RECORD PERIOD 1869 TO 2017


WEATHER ITEM   OBSERVED TIME   RECORD YEAR NORMAL DEPARTURE LAST
                VALUE   (LST)  VALUE       VALUE  FROM      YEAR
                                                  NORMAL
..................................................................
TEMPERATURE (F)
 YESTERDAY
  MAXIMUM         57    355 PM  72    1930  43     14       64
  MINIMUM         37   1159 PM  -3    1903  24     13       36
  AVERAGE         47                        33     14       50

PRECIPITATION (IN)
  YESTERDAY        0.00          1.37 1924   0.10  -0.10     0.00
  MONTH TO DATE    0.75                      1.78  -1.03     1.94
  SINCE DEC 1      5.24                      8.12  -2.88     9.03
  SINCE JAN 1      3.11                      4.83  -1.72     5.47

DEGREE DAYS
 HEATING
  YESTERDAY       18                        32    -14       15
  MONTH TO DATE  555                       674   -119      668
  SINCE DEC 1   2382                      2732   -350     2320
  SINCE JUL 1   3236                      3799   -563     3139

 COOLING
  YESTERDAY        0                         0      0        0
  MONTH TO DATE    0                         0      0        0
  SINCE DEC 1      0                         0      0        0
  SINCE JAN 1      0                         0      0        0
..................................................................


WIND (MPH)
  HIGHEST WIND SPEED    16   HIGHEST WIND DIRECTION    NW (330)
  HIGHEST GUST SPEED    21   HIGHEST GUST DIRECTION    NW (330)
  AVERAGE WIND SPEED     7.0


SKY COVER
  POSSIBLE SUNSHINE  MM
  AVERAGE SKY COVER 0.0


WEATHER CONDITIONS
 THE FOLLOWING WEATHER WAS RECORDED YESTERDAY.
  NO SIGNIFICANT WEATHER WAS OBSERVED.


RELATIVE HUMIDITY (PERCENT)
 HIGHEST    70           500 AM
 LOWEST     27           900 PM
 AVERAGE    49

..........................................................


THE READING PA CLIMATE NORMALS FOR TODAY
                         NORMAL    RECORD    YEAR
 MAXIMUM TEMPERATURE (F)   43        71      1930
 MINIMUM TEMPERATURE (F)   24        -2      1978
                                             1903


SUNRISE AND SUNSET
FEBRUARY 21 2017......SUNRISE   649 AM EST   SUNSET   547 PM EST
FEBRUARY 22 2017......SUNRISE   647 AM EST   SUNSET   548 PM EST


-  INDICATES NEGATIVE NUMBERS.
R  INDICATES RECORD WAS SET OR TIED.
MM INDICATES DATA IS MISSING.
T  INDICATES TRACE AMOUNT.




$$
