000
CDUS41 KPHI 260545
CLIRDG


CLIMATE REPORT
NATIONAL WEATHER SERVICE MOUNT HOLLY NJ
144 AM EDT TUE SEP 26 2017


...................................

...THE READING PA CLIMATE SUMMARY FOR SEPTEMBER 25 2017...

CLIMATE NORMAL PERIOD 1981 TO 2010
CLIMATE RECORD PERIOD 1869 TO 2017


WEATHER ITEM   OBSERVED TIME   RECORD YEAR NORMAL DEPARTURE LAST
                VALUE   (LST)  VALUE       VALUE  FROM      YEAR
                                                  NORMAL
..................................................................
TEMPERATURE (F)
 YESTERDAY
  MAXIMUM         90    252 PM  92    1970  72     18       71
  MINIMUM         66    638 AM  34    1974  51     15       45
  AVERAGE         78                        62     16       58

PRECIPITATION (IN)
  YESTERDAY        0.00          2.85 1975   0.16  -0.16     0.00
  MONTH TO DATE    3.61                      3.48   0.13     2.53
  SINCE SEP 1      3.61                      3.48   0.13     2.53
  SINCE JAN 1     37.05                     32.44   4.61    27.04

DEGREE DAYS
 HEATING
  YESTERDAY        0                         5     -5        7
  MONTH TO DATE   39                        44     -5        8
  SINCE SEP 1     39                        44     -5        8
  SINCE JUL 1     43                        49     -6        8

 COOLING
  YESTERDAY       13                         1     12        0
  MONTH TO DATE  120                        80     40      191
  SINCE SEP 1    120                        80     40      191
  SINCE JAN 1   1009                       883    126     1333
..................................................................


WIND (MPH)
  HIGHEST WIND SPEED     9   HIGHEST WIND DIRECTION    SE (120)
  HIGHEST GUST SPEED    13   HIGHEST GUST DIRECTION     E (110)
  AVERAGE WIND SPEED     3.2


SKY COVER
  POSSIBLE SUNSHINE  MM
  AVERAGE SKY COVER 0.1


WEATHER CONDITIONS
 THE FOLLOWING WEATHER WAS RECORDED YESTERDAY.
  FOG


RELATIVE HUMIDITY (PERCENT)
 HIGHEST   100          1200 AM
 LOWEST     55           200 PM
 AVERAGE    78

..........................................................


THE READING PA CLIMATE NORMALS FOR TODAY
                         NORMAL    RECORD    YEAR
 MAXIMUM TEMPERATURE (F)   71        92      1970
 MINIMUM TEMPERATURE (F)   51        38      1983


SUNRISE AND SUNSET
SEPTEMBER 26 2017.....SUNRISE   656 AM EDT   SUNSET   654 PM EDT
SEPTEMBER 27 2017.....SUNRISE   657 AM EDT   SUNSET   652 PM EDT


-  INDICATES NEGATIVE NUMBERS.
R  INDICATES RECORD WAS SET OR TIED.
MM INDICATES DATA IS MISSING.
T  INDICATES TRACE AMOUNT.




$$
