000
CDUS46 KPDT 041005
CLIRDM

CLIMATE REPORT
NATIONAL WEATHER SERVICE PENDLETON OR
305 AM PDT FRI SEP 4 2015


...................................

...THE REDMOND OR CLIMATE SUMMARY FOR SEPTEMBER 3 2015...

CLIMATE NORMAL PERIOD 1981 TO 2010
CLIMATE RECORD PERIOD 1949 TO 2015


WEATHER ITEM   OBSERVED TIME   RECORD YEAR NORMAL DEPARTURE LAST
                VALUE   (LST)  VALUE       VALUE  FROM      YEAR
                                                  NORMAL
..................................................................
TEMPERATURE (F)
 YESTERDAY
  MAXIMUM         64    224 PM 100    1998  80    -16       71
  MINIMUM         35   1159 PM  30    1980  41     -6       37
  AVERAGE         50                        61    -11       54

PRECIPITATION (IN)
  YESTERDAY        0.00          0.14 1960   0.01  -0.01     0.00
  MONTH TO DATE    T                         0.04  -0.04     0.00
  SINCE OCT 1      8.77                      8.53   0.24     5.71
  SINCE JAN 1      4.49                      5.77  -1.28     5.00

DEGREE DAYS
 HEATING
  YESTERDAY       15                         5     10       11
  MONTH TO DATE   30                        15     15       19
  SINCE SEP 1     30                        15     15       19
  SINCE JUL 1    121                       164    -43       93

 COOLING
  YESTERDAY        0                         1     -1        0
  MONTH TO DATE    0                         3     -3        0
  SINCE SEP 1      0                         3     -3        0
  SINCE JAN 1    355                       209    146      297
..................................................................


WIND (MPH)
  RESULTANT WIND SPEED   4   RESULTANT WIND DIRECTION  NW (300)
  HIGHEST WIND SPEED    20   HIGHEST WIND DIRECTION    NW (310)
  HIGHEST GUST SPEED    25   HIGHEST GUST DIRECTION    NW (300)
  AVERAGE WIND SPEED     6.4


SKY COVER
  POSSIBLE SUNSHINE  MM
  AVERAGE SKY COVER 0.4


WEATHER CONDITIONS
 THE FOLLOWING WEATHER WAS RECORDED YESTERDAY.
  NO SIGNIFICANT WEATHER WAS OBSERVED.


RELATIVE HUMIDITY (PERCENT)
 HIGHEST    85           600 AM
 LOWEST     26           200 PM
 AVERAGE    56

..........................................................


THE REDMOND OR CLIMATE NORMALS FOR TODAY
                         NORMAL    RECORD    YEAR
 MAXIMUM TEMPERATURE (F)   80       101      1998
 MINIMUM TEMPERATURE (F)   41        31      1969


SUNRISE AND SUNSET
SEPTEMBER  4 2015.....SUNRISE   631 AM PDT   SUNSET   736 PM PDT
SEPTEMBER  5 2015.....SUNRISE   632 AM PDT   SUNSET   734 PM PDT


-  INDICATES NEGATIVE NUMBERS.
R  INDICATES RECORD WAS SET OR TIED.
MM INDICATES DATA IS MISSING.
T  INDICATES TRACE AMOUNT.

$$
