398
CDUS46 KPDT 230902 RRA
CLIRDM

CLIMATE REPORT
NATIONAL WEATHER SERVICE PENDLETON OR
126 AM PDT THU MAR 23 2017


...................................

...THE REDMOND OR CLIMATE SUMMARY FOR MARCH 22 2017...

CLIMATE NORMAL PERIOD 1981 TO 2010
CLIMATE RECORD PERIOD 1949 TO 2017


WEATHER ITEM   OBSERVED TIME   RECORD YEAR NORMAL DEPARTURE LAST
                VALUE   (LST)  VALUE       VALUE  FROM      YEAR
                                                  NORMAL
..................................................................
TEMPERATURE (F)
 YESTERDAY
  MAXIMUM         54    117 PM  76    1960  55     -1       51
  MINIMUM         29   1159 PM  12    1994  27      2       26
  AVERAGE         42                        41      1       39

PRECIPITATION (IN)
  YESTERDAY        T             0.42 1972   0.02  -0.02     0.00
  MONTH TO DATE    0.18                      0.46  -0.28     0.57
  SINCE OCT 1      6.69                      4.84   1.85     5.48
  SINCE JAN 1      2.94                      2.08   0.86     1.91

DEGREE DAYS
 HEATING
  YESTERDAY       23                        24     -1       26
  MONTH TO DATE  481                       567    -86      517
  SINCE MAR 1    481                       567    -86      517
  SINCE JUL 1   5358                      5240    118     4648

 COOLING
  YESTERDAY        0                         0      0        0
  MONTH TO DATE    0                         0      0        0
  SINCE MAR 1      0                         0      0        0
  SINCE JAN 1      0                         0      0        0
..................................................................


WIND (MPH)
  RESULTANT WIND SPEED   4   RESULTANT WIND DIRECTION   W (260)
  HIGHEST WIND SPEED    20   HIGHEST WIND DIRECTION    NW (310)
  HIGHEST GUST SPEED    26   HIGHEST GUST DIRECTION    NW (320)
  AVERAGE WIND SPEED     8.4


SKY COVER
  POSSIBLE SUNSHINE  MM
  AVERAGE SKY COVER 0.6


WEATHER CONDITIONS
 THE FOLLOWING WEATHER WAS RECORDED YESTERDAY.
  LIGHT RAIN
  FOG


RELATIVE HUMIDITY (PERCENT)
 HIGHEST    92          1200 AM
 LOWEST     35          1200 PM
 AVERAGE    64

..........................................................


THE REDMOND OR CLIMATE NORMALS FOR TODAY
                         NORMAL    RECORD    YEAR
 MAXIMUM TEMPERATURE (F)   55        76      1960
 MINIMUM TEMPERATURE (F)   27        16      2014
                                             2009
                                             1973


SUNRISE AND SUNSET
MARCH 23 2017.........SUNRISE   702 AM PDT   SUNSET   721 PM PDT
MARCH 24 2017.........SUNRISE   700 AM PDT   SUNSET   722 PM PDT


-  INDICATES NEGATIVE NUMBERS.
R  INDICATES RECORD WAS SET OR TIED.
MM INDICATES DATA IS MISSING.
T  INDICATES TRACE AMOUNT.




$$
