000
CDUS46 KPDT 030039
CLIRDM

CLIMATE REPORT
NATIONAL WEATHER SERVICE PENDLETON OR
538 PM PDT TUE SEP 2 2014


...................................

...THE REDMOND OR CLIMATE SUMMARY FOR SEPTEMBER 2 2014...
VALID TODAY AS OF 0500 PM LOCAL TIME.

CLIMATE NORMAL PERIOD 1981 TO 2010
CLIMATE RECORD PERIOD 1949 TO 2014


WEATHER ITEM   OBSERVED TIME   RECORD YEAR NORMAL DEPARTURE LAST
                VALUE   (LST)  VALUE       VALUE  FROM      YEAR
                                                  NORMAL
..................................................................
TEMPERATURE (F)
 TODAY
  MAXIMUM         83    111 PM 105    1998  81      2       87
  MINIMUM         39    553 AM  28    1973  42     -3       49
  AVERAGE         61                        61      0       68

PRECIPITATION (IN)
  TODAY            0.00          0.03 2004   0.02  -0.02     0.00
                                      1985
  MONTH TO DATE    0.00                      0.03  -0.03     0.00
  SINCE OCT 1      5.71                      8.52  -2.81     6.99
  SINCE JAN 1      5.00                      5.76  -0.76     3.08

DEGREE DAYS
 HEATING
  TODAY            4                         5     -1        0
  MONTH TO DATE    8                        10     -2        0
  SINCE SEP 1      8                        10     -2        0
  SINCE JUL 1     82                       159    -77       36

 COOLING
  TODAY            0                         1     -1        3
  MONTH TO DATE    0                         2     -2        9
  SINCE SEP 1      0                         2     -2        9
  SINCE JAN 1    297                       208     89      323
..................................................................


WIND (MPH)
  RESULTANT WIND SPEED   2   RESULTANT WIND DIRECTION   W (290)
  HIGHEST WIND SPEED    24   HIGHEST WIND DIRECTION     W (290)
  HIGHEST GUST SPEED    34   HIGHEST GUST DIRECTION    NW (330)
  AVERAGE WIND SPEED     7.1


SKY COVER
  POSSIBLE SUNSHINE  MM
  AVERAGE SKY COVER 0.0


WEATHER CONDITIONS
 THE FOLLOWING WEATHER WAS RECORDED TODAY.
  NO SIGNIFICANT WEATHER WAS OBSERVED.


RELATIVE HUMIDITY (PERCENT)
 HIGHEST    92           600 AM
 LOWEST     14           100 PM
 AVERAGE    53

..........................................................


THE REDMOND OR CLIMATE NORMALS FOR TOMORROW
                         NORMAL    RECORD    YEAR
 MAXIMUM TEMPERATURE (F)   80       100      1998
 MINIMUM TEMPERATURE (F)   41        30      1980


SUNRISE AND SUNSET
SEPTEMBER  2 2014.....SUNRISE   629 AM PDT   SUNSET   739 PM PDT
SEPTEMBER  3 2014.....SUNRISE   630 AM PDT   SUNSET   737 PM PDT


-  INDICATES NEGATIVE NUMBERS.
R  INDICATES RECORD WAS SET OR TIED.
MM INDICATES DATA IS MISSING.
T  INDICATES TRACE AMOUNT.

$$
