000
CDUS46 KPDT 210846
CLIRDM

CLIMATE REPORT
NATIONAL WEATHER SERVICE PENDLETON OR
145 AM PDT SUN SEP 21 2014


...................................

...THE REDMOND OR CLIMATE SUMMARY FOR SEPTEMBER 20 2014...

CLIMATE NORMAL PERIOD 1981 TO 2010
CLIMATE RECORD PERIOD 1949 TO 2014


WEATHER ITEM   OBSERVED TIME   RECORD YEAR NORMAL DEPARTURE LAST
                VALUE   (LST)  VALUE       VALUE  FROM      YEAR
                                                  NORMAL
..................................................................
TEMPERATURE (F)
 YESTERDAY
  MAXIMUM         85    346 PM  95    1999  75     10       80
  MINIMUM         41    514 AM  23    1983  37      4       35
  AVERAGE         63                        56      7       58

PRECIPITATION (IN)
  YESTERDAY        0.00          0.22 1986   0.02  -0.02     0.02
  MONTH TO DATE    0.03                      0.27  -0.24     0.12
  SINCE OCT 1      5.74                      8.76  -3.02     7.11
  SINCE JAN 1      5.03                      6.00  -0.97     3.20

DEGREE DAYS
 HEATING
  YESTERDAY        2                         9     -7        7
  MONTH TO DATE  119                       140    -21       67
  SINCE SEP 1    119                       140    -21       67
  SINCE JUL 1    193                       289    -96      103

 COOLING
  YESTERDAY        0                         0      0        0
  MONTH TO DATE    6                        14     -8       36
  SINCE SEP 1      6                        14     -8       36
  SINCE JAN 1    303                       220     83      350
..................................................................


WIND (MPH)
  RESULTANT WIND SPEED   5   RESULTANT WIND DIRECTION  NW (320)
  HIGHEST WIND SPEED    18   HIGHEST WIND DIRECTION    NW (330)
  HIGHEST GUST SPEED    22   HIGHEST GUST DIRECTION    NW (330)
  AVERAGE WIND SPEED     7.7


SKY COVER
  POSSIBLE SUNSHINE  MM
  AVERAGE SKY COVER 0.0


WEATHER CONDITIONS
 THE FOLLOWING WEATHER WAS RECORDED YESTERDAY.
  NO SIGNIFICANT WEATHER WAS OBSERVED.


RELATIVE HUMIDITY (PERCENT)
 HIGHEST    83           300 AM
 LOWEST     25           300 PM
 AVERAGE    54

..........................................................


THE REDMOND OR CLIMATE NORMALS FOR TODAY
                         NORMAL    RECORD    YEAR
 MAXIMUM TEMPERATURE (F)   75        96      1967
 MINIMUM TEMPERATURE (F)   37        23      1955


SUNRISE AND SUNSET
SEPTEMBER 21 2014.....SUNRISE   651 AM PDT   SUNSET   704 PM PDT
SEPTEMBER 22 2014.....SUNRISE   652 AM PDT   SUNSET   702 PM PDT


-  INDICATES NEGATIVE NUMBERS.
R  INDICATES RECORD WAS SET OR TIED.
MM INDICATES DATA IS MISSING.
T  INDICATES TRACE AMOUNT.




$$
