000
CDUS46 KPDT 230102 RRA
CLIRDM

CLIMATE REPORT
NATIONAL WEATHER SERVICE PENDLETON OR
501 PM PST SUN JAN 22 2017


...................................

...THE REDMOND OR CLIMATE SUMMARY FOR JANUARY 22 2017...
VALID TODAY AS OF 0500 PM LOCAL TIME.

CLIMATE NORMAL PERIOD 1981 TO 2010
CLIMATE RECORD PERIOD 1949 TO 2017


WEATHER ITEM   OBSERVED TIME   RECORD YEAR NORMAL DEPARTURE LAST
                VALUE   (LST)  VALUE       VALUE  FROM      YEAR
                                                  NORMAL
..................................................................
TEMPERATURE (F)
 TODAY
  MAXIMUM         42    359 PM  63    2005  43     -1       54
                                      1970
  MINIMUM         35    919 AM -27    1962  24     11       40
  AVERAGE         39                        34      5       47

PRECIPITATION (IN)
  TODAY            0.01          0.37 1970   0.02  -0.01     0.02
  MONTH TO DATE    1.54                      0.73   0.81     0.86
  SINCE OCT 1      5.29                      3.49   1.80     4.43
  SINCE JAN 1      1.54                      0.73   0.81     0.86

DEGREE DAYS
 HEATING
  TODAY           26                        31     -5       18
  MONTH TO DATE 1006                       720    286      704
  SINCE DEC 1   2265                      1786    479     1485
  SINCE JUL 1   3729                      3560    169     3203

 COOLING
  TODAY            0                         0      0        0
  MONTH TO DATE    0                         0      0        0
  SINCE DEC 1      0                         0      0        0
  SINCE JAN 1      0                         0      0        0
..................................................................


WIND (MPH)
  RESULTANT WIND SPEED   9   RESULTANT WIND DIRECTION   S (160)
  HIGHEST WIND SPEED    21   HIGHEST WIND DIRECTION    SE (130)
  HIGHEST GUST SPEED    29   HIGHEST GUST DIRECTION    SE (130)
  AVERAGE WIND SPEED    12.0


SKY COVER
  POSSIBLE SUNSHINE  MM
  AVERAGE SKY COVER 0.4


WEATHER CONDITIONS
 THE FOLLOWING WEATHER WAS RECORDED TODAY.
  LIGHT RAIN
  LIGHT SNOW


RELATIVE HUMIDITY (PERCENT)
 HIGHEST    64           800 AM
 LOWEST     34           200 PM
 AVERAGE    49

..........................................................


THE REDMOND OR CLIMATE NORMALS FOR TOMORROW
                         NORMAL    RECORD    YEAR
 MAXIMUM TEMPERATURE (F)   43        63      1953
 MINIMUM TEMPERATURE (F)   24       -11      1969


SUNRISE AND SUNSET
JANUARY 22 2017.......SUNRISE   732 AM PST   SUNSET   501 PM PST
JANUARY 23 2017.......SUNRISE   731 AM PST   SUNSET   502 PM PST


-  INDICATES NEGATIVE NUMBERS.
R  INDICATES RECORD WAS SET OR TIED.
MM INDICATES DATA IS MISSING.
T  INDICATES TRACE AMOUNT.




$$
