000
CDUS46 KPDT 160941 RRA
CLIRDM

CLIMATE REPORT
NATIONAL WEATHER SERVICE PENDLETON OR
125 AM PST SAT DEC 16 2017


...................................

...THE REDMOND OR CLIMATE SUMMARY FOR DECEMBER 15 2017...

CLIMATE NORMAL PERIOD 1981 TO 2010
CLIMATE RECORD PERIOD 1949 TO 2017


WEATHER ITEM   OBSERVED TIME   RECORD YEAR NORMAL DEPARTURE LAST
                VALUE   (LST)  VALUE       VALUE  FROM      YEAR
                                                  NORMAL
..................................................................
TEMPERATURE (F)
 YESTERDAY
  MAXIMUM         44    429 PM  63    1980  40      4       18
  MINIMUM         11    120 AM  -6    1967  20     -9       13
  AVERAGE         28                        30     -2       16

PRECIPITATION (IN)
  YESTERDAY        T             0.11 1987   0.04  -0.04     0.02
  MONTH TO DATE    T                         0.59  -0.59     1.59
  SINCE OCT 1      0.99                      2.19  -1.20     3.60
  SINCE JAN 1      6.46                      8.33  -1.87     9.14

DEGREE DAYS
 HEATING
  YESTERDAY       37                        35      2       49
  MONTH TO DATE  599                       511     88      597
  SINCE DEC 1    599                       511     88      597
  SINCE JUL 1   2178                      2285   -107     2061

 COOLING
  YESTERDAY        0                         0      0        0
  MONTH TO DATE    0                         0      0        0
  SINCE DEC 1      0                         0      0        0
  SINCE JAN 1    434                       222    212      240
..................................................................


WIND (MPH)
  RESULTANT WIND SPEED   2   RESULTANT WIND DIRECTION  NW (320)
  HIGHEST WIND SPEED    23   HIGHEST WIND DIRECTION     W (290)
  HIGHEST GUST SPEED    28   HIGHEST GUST DIRECTION     W (290)
  AVERAGE WIND SPEED     4.0


SKY COVER
  POSSIBLE SUNSHINE  MM
  AVERAGE SKY COVER 0.3


WEATHER CONDITIONS
 THE FOLLOWING WEATHER WAS RECORDED YESTERDAY.
  LIGHT RAIN
  FOG


RELATIVE HUMIDITY (PERCENT)
 HIGHEST    92           100 AM
 LOWEST     62           500 PM
 AVERAGE    77

..........................................................


THE REDMOND OR CLIMATE NORMALS FOR TODAY
                         NORMAL    RECORD    YEAR
 MAXIMUM TEMPERATURE (F)   40        63      1980
 MINIMUM TEMPERATURE (F)   20       -12      2008


SUNRISE AND SUNSET
DECEMBER 16 2017......SUNRISE   734 AM PST   SUNSET   427 PM PST
DECEMBER 17 2017......SUNRISE   735 AM PST   SUNSET   427 PM PST


-  INDICATES NEGATIVE NUMBERS.
R  INDICATES RECORD WAS SET OR TIED.
MM INDICATES DATA IS MISSING.
T  INDICATES TRACE AMOUNT.




$$
