000
CDUS46 KPDT 290841 RRA
CLIRDM

CLIMATE REPORT
NATIONAL WEATHER SERVICE PENDLETON OR
141 AM PDT FRI APR 29 2016


...................................

...THE REDMOND OR CLIMATE SUMMARY FOR APRIL 28 2016...

CLIMATE NORMAL PERIOD 1981 TO 2010
CLIMATE RECORD PERIOD 1949 TO 2016


WEATHER ITEM   OBSERVED TIME   RECORD YEAR NORMAL DEPARTURE LAST
                VALUE   (LST)  VALUE       VALUE  FROM      YEAR
                                                  NORMAL
..................................................................
TEMPERATURE (F)
 YESTERDAY
  MAXIMUM         61    158 PM  88    1968  62     -1       75
  MINIMUM         33   1223 AM  16    1999  31      2       35
  AVERAGE         47                        47      0       55

PRECIPITATION (IN)
  YESTERDAY        0.00          0.37 1983   0.03  -0.03     0.00
  MONTH TO DATE    0.27                      0.68  -0.41     0.15
  SINCE OCT 1      5.75                      5.72   0.03     5.81
  SINCE JAN 1      2.18                      2.96  -0.78     1.53

DEGREE DAYS
 HEATING
  YESTERDAY       18                        18      0       10
  MONTH TO DATE  399                       584   -185      620
  SINCE MAR 1   1129                      1362   -233     1241
  SINCE JUL 1   5260                      6035   -775     5274

 COOLING
  YESTERDAY        0                         0      0        0
  MONTH TO DATE    0                         0      0        0
  SINCE MAR 1      0                         0      0        0
  SINCE JAN 1      0                         0      0        0
..................................................................


WIND (MPH)
  RESULTANT WIND SPEED   5   RESULTANT WIND DIRECTION  NW (300)
  HIGHEST WIND SPEED    20   HIGHEST WIND DIRECTION    NW (300)
  HIGHEST GUST SPEED    25   HIGHEST GUST DIRECTION    NW (300)
  AVERAGE WIND SPEED     6.7


SKY COVER
  POSSIBLE SUNSHINE  MM
  AVERAGE SKY COVER 0.7


WEATHER CONDITIONS
 THE FOLLOWING WEATHER WAS RECORDED YESTERDAY.
  NO SIGNIFICANT WEATHER WAS OBSERVED.


RELATIVE HUMIDITY (PERCENT)
 HIGHEST    89           100 AM
 LOWEST     36           200 PM
 AVERAGE    63

..........................................................


THE REDMOND OR CLIMATE NORMALS FOR TODAY
                         NORMAL    RECORD    YEAR
 MAXIMUM TEMPERATURE (F)   63        89      1968
 MINIMUM TEMPERATURE (F)   31        14      1962


SUNRISE AND SUNSET
APRIL 29 2016.........SUNRISE   558 AM PDT   SUNSET   807 PM PDT
APRIL 30 2016.........SUNRISE   556 AM PDT   SUNSET   808 PM PDT


-  INDICATES NEGATIVE NUMBERS.
R  INDICATES RECORD WAS SET OR TIED.
MM INDICATES DATA IS MISSING.
T  INDICATES TRACE AMOUNT.




$$
