000
CDUS46 KPDT 190844
CLIRDM

CLIMATE REPORT
NATIONAL WEATHER SERVICE PENDLETON OR
126 AM PDT THU OCT 19 2017


...................................

...THE REDMOND OR CLIMATE SUMMARY FOR OCTOBER 18 2017...

CLIMATE NORMAL PERIOD 1981 TO 2010
CLIMATE RECORD PERIOD 1949 TO 2017


WEATHER ITEM   OBSERVED TIME   RECORD YEAR NORMAL DEPARTURE LAST
                VALUE   (LST)  VALUE       VALUE  FROM      YEAR
                                                  NORMAL
..................................................................
TEMPERATURE (F)
 YESTERDAY
  MAXIMUM         70    416 PM  82    1977  63      7       57
  MINIMUM         39   1217 AM  16    1976  31      8       32
  AVERAGE         55                        47      8       45

PRECIPITATION (IN)
  YESTERDAY        0.00          0.22 2007   0.02  -0.02      T
  MONTH TO DATE    0.41                      0.32   0.09     0.34
  SINCE OCT 1      0.41                      0.32   0.09     0.34
  SINCE JAN 1      5.88                      6.46  -0.58     5.88

DEGREE DAYS
 HEATING
  YESTERDAY       10                        18     -8       20
  MONTH TO DATE  359                       279     80      276
  SINCE SEP 1    581                       529     52      545
  SINCE JUL 1    604                       678    -74      634

 COOLING
  YESTERDAY        0                         0      0        0
  MONTH TO DATE    0                         0      0        0
  SINCE SEP 1     56                        16     40        1
  SINCE JAN 1    434                       222    212      240
..................................................................


WIND (MPH)
  RESULTANT WIND SPEED   6   RESULTANT WIND DIRECTION  SW (210)
  HIGHEST WIND SPEED    24   HIGHEST WIND DIRECTION     W (250)
  HIGHEST GUST SPEED    32   HIGHEST GUST DIRECTION     W (250)
  AVERAGE WIND SPEED     9.8


SKY COVER
  POSSIBLE SUNSHINE  MM
  AVERAGE SKY COVER 0.0


WEATHER CONDITIONS
 THE FOLLOWING WEATHER WAS RECORDED YESTERDAY.
  NO SIGNIFICANT WEATHER WAS OBSERVED.


RELATIVE HUMIDITY (PERCENT)
 HIGHEST    76           700 AM
 LOWEST     16           200 PM
 AVERAGE    46

..........................................................


THE REDMOND OR CLIMATE NORMALS FOR TODAY
                         NORMAL    RECORD    YEAR
 MAXIMUM TEMPERATURE (F)   62        83      1974
 MINIMUM TEMPERATURE (F)   31        14      1995


SUNRISE AND SUNSET
OCTOBER 19 2017.......SUNRISE   725 AM PDT   SUNSET   613 PM PDT
OCTOBER 20 2017.......SUNRISE   726 AM PDT   SUNSET   612 PM PDT


-  INDICATES NEGATIVE NUMBERS.
R  INDICATES RECORD WAS SET OR TIED.
MM INDICATES DATA IS MISSING.
T  INDICATES TRACE AMOUNT.




$$
