000
CDUS46 KPDT 170831
CLIRDM

CLIMATE REPORT
NATIONAL WEATHER SERVICE PENDLETON OR
128 AM PDT THU AUG 17 2017


...................................

...THE REDMOND OR CLIMATE SUMMARY FOR AUGUST 16 2017...

CLIMATE NORMAL PERIOD 1981 TO 2010
CLIMATE RECORD PERIOD 1949 TO 2017


WEATHER ITEM   OBSERVED TIME   RECORD YEAR NORMAL DEPARTURE LAST
                VALUE   (LST)  VALUE       VALUE  FROM      YEAR
                                                  NORMAL
..................................................................
TEMPERATURE (F)
 YESTERDAY
  MAXIMUM         89    349 PM 106    2008  85      4       93
  MINIMUM         46    231 AM  35    1960  45      1       46
  AVERAGE         68                        65      3       70

PRECIPITATION (IN)
  YESTERDAY        0.00          0.59 1968   0.02  -0.02     0.00
  MONTH TO DATE    0.29                      0.26   0.03     0.02
  SINCE OCT 1      8.79                      8.25   0.54     9.06
  SINCE JAN 1      5.04                      5.49  -0.45     5.49

DEGREE DAYS
 HEATING
  YESTERDAY        0                         2     -2        0
  MONTH TO DATE   10                        29    -19       25
  SINCE JUN 1    181                       315   -134      251
  SINCE JUL 1     16                        98    -82       74

 COOLING
  YESTERDAY        3                         3      0        5
  MONTH TO DATE  110                        54     56       44
  SINCE JUN 1    318                       175    143      184
  SINCE JAN 1    328                       180    148      187
..................................................................


WIND (MPH)
  RESULTANT WIND SPEED   3   RESULTANT WIND DIRECTION   N (340)
  HIGHEST WIND SPEED    20   HIGHEST WIND DIRECTION    NW (320)
  HIGHEST GUST SPEED    24   HIGHEST GUST DIRECTION     N (10)
  AVERAGE WIND SPEED     7.2


SKY COVER
  POSSIBLE SUNSHINE  MM
  AVERAGE SKY COVER 0.0


WEATHER CONDITIONS
 THE FOLLOWING WEATHER WAS RECORDED YESTERDAY.
  NO SIGNIFICANT WEATHER WAS OBSERVED.


RELATIVE HUMIDITY (PERCENT)
 HIGHEST    54           400 AM
 LOWEST     15           200 PM
 AVERAGE    35

..........................................................


THE REDMOND OR CLIMATE NORMALS FOR TODAY
                         NORMAL    RECORD    YEAR
 MAXIMUM TEMPERATURE (F)   85       103      1977
 MINIMUM TEMPERATURE (F)   45        34      1998


SUNRISE AND SUNSET
AUGUST 17 2017........SUNRISE   611 AM PDT   SUNSET   806 PM PDT
AUGUST 18 2017........SUNRISE   612 AM PDT   SUNSET   804 PM PDT


-  INDICATES NEGATIVE NUMBERS.
R  INDICATES RECORD WAS SET OR TIED.
MM INDICATES DATA IS MISSING.
T  INDICATES TRACE AMOUNT.




$$
