000
CDUS42 KRAH 300544
CLIRDU


CLIMATE REPORT
NATIONAL WEATHER SERVICE RALEIGH NC
142 AM EDT FRI SEP 30 2016


...................................

...THE RALEIGH-DURHAM INTL AIRPORT NC CLIMATE SUMMARY FOR SEPTEMBER 29 2016...

CLIMATE NORMAL PERIOD 1981 TO 2010
CLIMATE RECORD PERIOD 1887 TO 2016


WEATHER ITEM   OBSERVED TIME   RECORD YEAR NORMAL DEPARTURE LAST
                VALUE   (LST)  VALUE       VALUE  FROM      YEAR
                                                  NORMAL
..................................................................
TEMPERATURE (F)
 YESTERDAY
  MAXIMUM         79    226 PM  92    1941  78      1       82
  MINIMUM         65    740 AM  39    1970  56      9       74
                                      1942
  AVERAGE         72                        67      5       78

PRECIPITATION (IN)
  YESTERDAY        0.32          2.70 1972   0.13   0.19     0.90
  MONTH TO DATE    4.47                      4.23   0.24     4.75
  SINCE SEP 1      4.47                      4.23   0.24     4.75
  SINCE JAN 1     41.22                     33.77   7.45    38.77

DEGREE DAYS
 HEATING
  YESTERDAY        0                         2     -2        0
  MONTH TO DATE    0                        16    -16        2
  SINCE SEP 1      0                        16    -16        2
  SINCE JUL 1      0                        17    -17        2

 COOLING
  YESTERDAY        7                         4      3       13
  MONTH TO DATE  337                       222    115      253
  SINCE SEP 1    337                       222    115      253
  SINCE JAN 1   2005                      1663    342     1841
..................................................................


WIND (MPH)
  HIGHEST WIND SPEED    18   HIGHEST WIND DIRECTION     E (110)
  HIGHEST GUST SPEED    23   HIGHEST GUST DIRECTION    SE (120)
  AVERAGE WIND SPEED     6.5


SKY COVER
  POSSIBLE SUNSHINE  MM
  AVERAGE SKY COVER 0.8


WEATHER CONDITIONS
 THE FOLLOWING WEATHER WAS RECORDED YESTERDAY.
  THUNDERSTORM
  RAIN
  LIGHT RAIN
  FOG


RELATIVE HUMIDITY (PERCENT)
 HIGHEST   100           100 AM
 LOWEST     71           100 PM
 AVERAGE    86

..........................................................


THE RALEIGH-DURHAM INTL AIRPORT NC CLIMATE NORMALS FOR TODAY
                         NORMAL    RECORD    YEAR
 MAXIMUM TEMPERATURE (F)   77        89      1954
 MINIMUM TEMPERATURE (F)   56        39      1951
                                             1888


SUNRISE AND SUNSET
SEPTEMBER 30 2016.....SUNRISE   710 AM EDT   SUNSET   700 PM EDT
OCTOBER  1 2016.......SUNRISE   711 AM EDT   SUNSET   658 PM EDT


-  INDICATES NEGATIVE NUMBERS.
R  INDICATES RECORD WAS SET OR TIED.
MM INDICATES DATA IS MISSING.
T  INDICATES TRACE AMOUNT.

&&

CLIMATE REPORT
NWS FORECAST OFFICE
NCSU CENTENNIAL CAMPUS
RALEIGH NC

MAXIMUM TEMPERATURE... 76

MINIMUM TEMPERATURE... 64

PRECIPITATION... 0.45


$$
