000
CDUS42 KRAH 262042
CLIRDU


CLIMATE REPORT
NATIONAL WEATHER SERVICE RALEIGH NC
440 PM EDT WED JUL 26 2017


...................................

...THE RALEIGH-DURHAM INTL AIRPORT NC CLIMATE SUMMARY FOR JULY 26 2017...
VALID TODAY AS OF 0435 PM LOCAL TIME.

CLIMATE NORMAL PERIOD 1981 TO 2010
CLIMATE RECORD PERIOD 1887 TO 2017


WEATHER ITEM   OBSERVED TIME   RECORD YEAR NORMAL DEPARTURE LAST
                VALUE   (LST)  VALUE       VALUE  FROM      YEAR
                                                  NORMAL
..................................................................
TEMPERATURE (F)
 TODAY
  MAXIMUM         90    319 PM 101    2005  90      0       97
                                      1940
  MINIMUM         72    318 AM  58    1947  70      2       75
  AVERAGE         81                        80      1       86

PRECIPITATION (IN)
  TODAY            0.00          1.77 1937   0.16  -0.16     0.13
  MONTH TO DATE    2.14                      3.94  -1.80     7.95
  SINCE JUN 1      8.30                      7.46   0.84    13.97
  SINCE JAN 1     30.16                     24.49   5.67    33.58

DEGREE DAYS
 HEATING
  TODAY            0                         0      0        0
  MONTH TO DATE    0                         0      0        0
  SINCE JUN 1      1                         4     -3        0
  SINCE JUL 1      0                         0      0        0

 COOLING
  TODAY           16                        15      1       21
  MONTH TO DATE  468                       390     78      436
  SINCE JUN 1    793                       737     56      795
  SINCE JAN 1   1132                       946    186     1031
..................................................................


WIND (MPH)
  HIGHEST WIND SPEED    16   HIGHEST WIND DIRECTION     E (100)
  HIGHEST GUST SPEED    21   HIGHEST GUST DIRECTION     E (90)
  AVERAGE WIND SPEED     6.7


SKY COVER
  POSSIBLE SUNSHINE  MM
  AVERAGE SKY COVER 0.4


WEATHER CONDITIONS
 THE FOLLOWING WEATHER WAS RECORDED TODAY.
  NO SIGNIFICANT WEATHER WAS OBSERVED.


RELATIVE HUMIDITY (PERCENT)
 HIGHEST    90           300 AM
 LOWEST     44           200 PM
 AVERAGE    67

..........................................................


THE RALEIGH-DURHAM INTL AIRPORT NC CLIMATE NORMALS FOR TOMORROW
                         NORMAL    RECORD    YEAR
 MAXIMUM TEMPERATURE (F)   90       104      1940
 MINIMUM TEMPERATURE (F)   70        55      1962


SUNRISE AND SUNSET
JULY 26 2017..........SUNRISE   618 AM EDT   SUNSET   825 PM EDT
JULY 27 2017..........SUNRISE   619 AM EDT   SUNSET   824 PM EDT


-  INDICATES NEGATIVE NUMBERS.
R  INDICATES RECORD WAS SET OR TIED.
MM INDICATES DATA IS MISSING.
T  INDICATES TRACE AMOUNT.

&&

CLIMATE REPORT
NWS FORECAST OFFICE
NCSU CENTENNIAL CAMPUS RALEIGH NC

MAXIMUM TEMPERATURE... 88
MINIMUM TEMPERATURE... 72
PRECIPITATION... 0.00


$$
