000
CDUS42 KRAH 230746
CLIRDU


CLIMATE REPORT
NATIONAL WEATHER SERVICE RALEIGH NC
343 AM EDT SUN APR 23 2017


...................................

...THE RALEIGH-DURHAM INTL AIRPORT NC CLIMATE SUMMARY FOR APRIL 22 2017...

CLIMATE NORMAL PERIOD 1981 TO 2010
CLIMATE RECORD PERIOD 1887 TO 2017


WEATHER ITEM   OBSERVED TIME   RECORD YEAR NORMAL DEPARTURE LAST
                VALUE   (LST)  VALUE       VALUE  FROM      YEAR
                                                  NORMAL
..................................................................
TEMPERATURE (F)
 YESTERDAY
  MAXIMUM         87    222 PM  92    1985  74     13       72
  MINIMUM         56   1159 PM  32    1978  50      6       62
  AVERAGE         72                        62     10       67

PRECIPITATION (IN)
  YESTERDAY        0.09          1.93 1912   0.10  -0.01     1.02
  MONTH TO DATE    1.19                      2.20  -1.01     2.22
  SINCE MAR 1      4.32                      6.31  -1.99     6.26
  SINCE JAN 1      8.75                     13.04  -4.29    12.67

SNOWFALL (IN)
  YESTERDAY        0.0           0.0  2002   0.0    0.0      0.0
                                      2001
  MONTH TO DATE    0.0                       0.1   -0.1      0.0
  SINCE MAR 1      0.3                       0.6   -0.3       T
  SINCE JUL 1      0.8                       6.1   -5.3      1.4
  SNOW DEPTH       0

DEGREE DAYS
 HEATING
  YESTERDAY        0                         5     -5        0
  MONTH TO DATE   55                       157   -102      174
  SINCE MAR 1    469                       581   -112      408
  SINCE JUL 1   2442                      3153   -711     2551

 COOLING
  YESTERDAY        7                         2      5        2
  MONTH TO DATE   72                        31     41       19
  SINCE MAR 1     90                        42     48       57
  SINCE JAN 1     98                        43     55       57
..................................................................


WIND (MPH)
  HIGHEST WIND SPEED    26   HIGHEST WIND DIRECTION     W (250)
  HIGHEST GUST SPEED    35   HIGHEST GUST DIRECTION    SW (240)
  AVERAGE WIND SPEED     9.4


SKY COVER
  POSSIBLE SUNSHINE  MM
  AVERAGE SKY COVER 0.8


WEATHER CONDITIONS
 THE FOLLOWING WEATHER WAS RECORDED YESTERDAY.
  LIGHT RAIN
  FOG


RELATIVE HUMIDITY (PERCENT)
 HIGHEST   100           400 AM
 LOWEST     40           200 PM
 AVERAGE    70

..........................................................


THE RALEIGH-DURHAM INTL AIRPORT NC CLIMATE NORMALS FOR TODAY
                         NORMAL    RECORD    YEAR
 MAXIMUM TEMPERATURE (F)   74        95      1980
 MINIMUM TEMPERATURE (F)   50        33      1986
                                             1971


SUNRISE AND SUNSET
APRIL 23 2017.........SUNRISE   632 AM EDT   SUNSET   756 PM EDT
APRIL 24 2017.........SUNRISE   631 AM EDT   SUNSET   756 PM EDT


-  INDICATES NEGATIVE NUMBERS.
R  INDICATES RECORD WAS SET OR TIED.
MM INDICATES DATA IS MISSING.
T  INDICATES TRACE AMOUNT.

&&

CLIMATE REPORT
NWS FORECAST OFFICE
NCSU CENTENNIAL CAMPUS
RALEIGH, NC

MAXIMUM TEMPERATURE...86
MINIMUM TEMPERATURE...55
PRECIPITATION.........TRACE


$$
