000
CDUS42 KRAH 172051 CCA
CLIRDU

CLIMATE REPORT...CORRECTED TO ADD NC STATE DATA
NATIONAL WEATHER SERVICE RALEIGH NC
447 PM EDT THU APR 17 2014


...................................

...THE RALEIGH-DURHAM INTL AIRPORT NC CLIMATE SUMMARY FOR APRIL 17 2014...
VALID TODAY AS OF 0400 PM LOCAL TIME.

CLIMATE NORMAL PERIOD 1981 TO 2010
CLIMATE RECORD PERIOD 1887 TO 2014


WEATHER ITEM   OBSERVED TIME   RECORD YEAR NORMAL DEPARTURE LAST
                VALUE   (LST)  VALUE       VALUE  FROM      YEAR
                                                  NORMAL
..................................................................
TEMPERATURE (F)
 TODAY
  MAXIMUM         64    426 PM  93    1896  73     -9       80
  MINIMUM         31    536 AM  29    1962  48    -17       58
  AVERAGE         48                        61    -13       69

PRECIPITATION (IN)
  TODAY            0.00          2.55 1910   0.10  -0.10     0.00
  MONTH TO DATE    2.85                      1.72   1.13     1.83
  SINCE MAR 1      7.91                      5.83   2.08     4.78
  SINCE JAN 1     12.87                     12.56   0.31    11.96

SNOWFALL (IN)
  TODAY            0.0           T    2001   0.0    0.0      0.0
  MONTH TO DATE    0.0                       0.1   -0.1       T
  SINCE MAR 1      0.2                       0.6   -0.4       T
  SINCE JUL 1      5.8                       6.1   -0.3      1.7
  SNOW DEPTH       0

DEGREE DAYS
 HEATING
  TODAY           17                         6     11        0
  MONTH TO DATE  101                       130    -29      101
  SINCE MAR 1    684                       554    130      716
  SINCE JUL 1   3385                      3126    259     3162

 COOLING
  TODAY            0                         2     -2        4
  MONTH TO DATE   22                        21      1       33
  SINCE MAR 1     22                        32    -10       33
  SINCE JAN 1     22                        33    -11       35
..................................................................


WIND (MPH)
  HIGHEST WIND SPEED    18   HIGHEST WIND DIRECTION    NE (50)
  HIGHEST GUST SPEED    22   HIGHEST GUST DIRECTION    NE (40)
  AVERAGE WIND SPEED     7.9


SKY COVER
  POSSIBLE SUNSHINE  MM
  AVERAGE SKY COVER 0.5


WEATHER CONDITIONS
 THE FOLLOWING WEATHER WAS RECORDED TODAY.
  NO SIGNIFICANT WEATHER WAS OBSERVED.


RELATIVE HUMIDITY (PERCENT)
 HIGHEST    82           400 AM
 LOWEST     32           200 PM
 AVERAGE    57

..........................................................


THE RALEIGH-DURHAM INTL AIRPORT NC CLIMATE NORMALS FOR TOMORROW
                         NORMAL    RECORD    YEAR
 MAXIMUM TEMPERATURE (F)   73        95      1896
 MINIMUM TEMPERATURE (F)   49        30      1983


SUNRISE AND SUNSET
APRIL 17 2014.........SUNRISE   640 AM EDT   SUNSET   750 PM EDT
APRIL 18 2014.........SUNRISE   638 AM EDT   SUNSET   751 PM EDT


-  INDICATES NEGATIVE NUMBERS.
R  INDICATES RECORD WAS SET OR TIED.
MM INDICATES DATA IS MISSING.
T  INDICATES TRACE AMOUNT.


&&

CLIMATE REPORT NWS FORECAST OFFICE NCSU CENTENNIAL CAMPUS
RALEIGH, NC

MAXIMUM TEMPERATURE... 62

MINIMUM TEMPERATURE... 36

PRECIPITATION... 0.00

$$
