000
CDUS42 KRAH 250822
CLIRDU


CLIMATE REPORT
NATIONAL WEATHER SERVICE RALEIGH NC
421 AM EDT SAT MAR 25 2017


...................................

...THE RALEIGH-DURHAM INTL AIRPORT NC CLIMATE SUMMARY FOR MARCH 24 2017...

CLIMATE NORMAL PERIOD 1981 TO 2010
CLIMATE RECORD PERIOD 1887 TO 2017


WEATHER ITEM   OBSERVED TIME   RECORD YEAR NORMAL DEPARTURE LAST
                VALUE   (LST)  VALUE       VALUE  FROM      YEAR
                                                  NORMAL
..................................................................
TEMPERATURE (F)
 YESTERDAY
  MAXIMUM         71    427 PM  88    1929  66      5       78
  MINIMUM         37    609 AM  23    1971  42     -5       54
  AVERAGE         54                        54      0       66

PRECIPITATION (IN)
  YESTERDAY        0.00          1.54 1952   0.12  -0.12     0.00
  MONTH TO DATE    2.59                      3.19  -0.60     3.13
  SINCE MAR 1      2.59                      3.19  -0.60     3.13
  SINCE JAN 1      7.02                      9.92  -2.90     9.54

SNOWFALL (IN)
  YESTERDAY        0.0           7.3  1983   0.1   -0.1      0.0
  MONTH TO DATE    0.3                       0.5   -0.2       T
  SINCE MAR 1      0.3                       0.5   -0.2       T
  SINCE JUL 1      0.8                       6.0   -5.2      1.4
  SNOW DEPTH       0

DEGREE DAYS
 HEATING
  YESTERDAY       11                        11      0        0
  MONTH TO DATE  408                       352     56      203
  SINCE MAR 1    408                       352     56      203
  SINCE JUL 1   2381                      2924   -543     2346

 COOLING
  YESTERDAY        0                         0      0        1
  MONTH TO DATE    5                         0      5       32
  SINCE MAR 1      5                         0      5       32
  SINCE JAN 1     13                         1     12       32
..................................................................


WIND (MPH)
  HIGHEST WIND SPEED    23   HIGHEST WIND DIRECTION    SW (230)
  HIGHEST GUST SPEED    27   HIGHEST GUST DIRECTION    SW (230)
  AVERAGE WIND SPEED     9.6


SKY COVER
  POSSIBLE SUNSHINE  MM
  AVERAGE SKY COVER 0.3


WEATHER CONDITIONS
 THE FOLLOWING WEATHER WAS RECORDED YESTERDAY.
  NO SIGNIFICANT WEATHER WAS OBSERVED.


RELATIVE HUMIDITY (PERCENT)
 HIGHEST    70           400 AM
 LOWEST     42           200 PM
 AVERAGE    56

..........................................................


THE RALEIGH-DURHAM INTL AIRPORT NC CLIMATE NORMALS FOR TODAY
                         NORMAL    RECORD    YEAR
 MAXIMUM TEMPERATURE (F)   66        87      1939
 MINIMUM TEMPERATURE (F)   42        21      1940


SUNRISE AND SUNSET
MARCH 25 2017.........SUNRISE   711 AM EDT   SUNSET   731 PM EDT
MARCH 26 2017.........SUNRISE   710 AM EDT   SUNSET   732 PM EDT


-  INDICATES NEGATIVE NUMBERS.
R  INDICATES RECORD WAS SET OR TIED.
MM INDICATES DATA IS MISSING.
T  INDICATES TRACE AMOUNT.


&&

CLIMATE REPORT
NWS FORECAST OFFICE
NCSU CENTENNIAL CAMPUS
RALEIGH NC

MAXIMUM TEMPERATURE... 69

MINIMUM TEMPERATURE... 36

PRECIPITATION... 0.00

$$
