000
CDUS42 KRAH 220634
CLIRDU


CLIMATE REPORT
NATIONAL WEATHER SERVICE RALEIGH NC
130 AM EST SUN JAN 22 2017


...................................

...THE RALEIGH-DURHAM INTL AIRPORT NC CLIMATE SUMMARY FOR JANUARY 21 2017...

CLIMATE NORMAL PERIOD 1981 TO 2010
CLIMATE RECORD PERIOD 1887 TO 2017


WEATHER ITEM   OBSERVED TIME   RECORD YEAR NORMAL DEPARTURE LAST
                VALUE   (LST)  VALUE       VALUE  FROM      YEAR
                                                  NORMAL
..................................................................
TEMPERATURE (F)
 YESTERDAY
  MAXIMUM         55   1159 PM  75    1933  51      4       44
  MINIMUM         51    930 AM  -9    1985  31     20       26
  AVERAGE         53                        41     12       35

PRECIPITATION (IN)
  YESTERDAY        0.38          1.44 1979   0.11   0.27     0.00
  MONTH TO DATE    3.32                      2.38   0.94     0.77
  SINCE DEC 1      5.51                      5.45   0.06     6.84
  SINCE JAN 1      3.32                      2.38   0.94     0.77

SNOWFALL (IN)
  YESTERDAY        0.0           1.2  1961   0.1   -0.1      0.0
  MONTH TO DATE    0.5                       1.9   -1.4       T
  SINCE DEC 1      0.5                       2.5   -2.0       T
  SINCE JUL 1      0.5                       2.6   -2.1       T
  SNOW DEPTH       0

DEGREE DAYS
 HEATING
  YESTERDAY       12                        24    -12       30
  MONTH TO DATE  396                       510   -114      546
  SINCE DEC 1   1023                      1180   -157      841
  SINCE JUL 1   1478                      1761   -283     1292

 COOLING
  YESTERDAY        0                         0      0        0
  MONTH TO DATE    0                         0      0        0
  SINCE DEC 1      0                         2     -2       27
  SINCE JAN 1      0                         0      0        0
..................................................................


WIND (MPH)
  HIGHEST WIND SPEED    12   HIGHEST WIND DIRECTION     E (90)
  HIGHEST GUST SPEED    14   HIGHEST GUST DIRECTION     E (90)
  AVERAGE WIND SPEED     3.5


SKY COVER
  POSSIBLE SUNSHINE  MM
  AVERAGE SKY COVER 1.0


WEATHER CONDITIONS
 THE FOLLOWING WEATHER WAS RECORDED YESTERDAY.
  LIGHT RAIN
  FOG
  FOG W/VISIBILITY <= 1/4 MILE


RELATIVE HUMIDITY (PERCENT)
 HIGHEST   100          1200 AM
 LOWEST     93           100 AM
 AVERAGE    97

..........................................................


THE RALEIGH-DURHAM INTL AIRPORT NC CLIMATE NORMALS FOR TODAY
                         NORMAL    RECORD    YEAR
 MAXIMUM TEMPERATURE (F)   51        76      1937
 MINIMUM TEMPERATURE (F)   31         0      1970


SUNRISE AND SUNSET
JANUARY 22 2017.......SUNRISE   722 AM EST   SUNSET   532 PM EST
JANUARY 23 2017.......SUNRISE   721 AM EST   SUNSET   533 PM EST


-  INDICATES NEGATIVE NUMBERS.
R  INDICATES RECORD WAS SET OR TIED.
M  INDICATES DATA IS MISSING.
T  INDICATES TRACE AMOUNT.

&&


CLIMATE REPORT
NWS FORECAST OFFICE
NCSU CENTENNIAL CAMPUS
RALEIGH NC

MAXIMUM TEMPERATURE... 55

MINIMUM TEMPERATURE... 49

PRECIPITATION... 0.22


$$
