000
CDUS42 KRAH 070045
CLIRDU


CLIMATE REPORT
NATIONAL WEATHER SERVICE RALEIGH NC
843 PM EDT FRI MAY 6 2016


...................................

...THE RALEIGH-DURHAM INTL AIRPORT NC CLIMATE SUMMARY FOR MAY 6 2016...
VALID AS OF 0843 PM LOCAL TIME.

CLIMATE NORMAL PERIOD 1981 TO 2010
CLIMATE RECORD PERIOD 1887 TO 2016


WEATHER ITEM   OBSERVED TIME   RECORD YEAR NORMAL DEPARTURE LAST
                VALUE   (LST)  VALUE       VALUE  FROM      YEAR
                                                  NORMAL
..................................................................
TEMPERATURE (F)
 TODAY
  MAXIMUM         67    308 PM  95    1950  77    -10       83
  MINIMUM         50    610 AM  34    1973  53     -3       54
  AVERAGE         59                        65     -6       69

PRECIPITATION (IN)
  TODAY            0.68          2.32 1958   0.10   0.58     0.00
  MONTH TO DATE    2.07                      0.55   1.52     0.58
  SINCE MAR 1      9.09                      7.58   1.51     9.12
  SINCE JAN 1     15.50                     14.31   1.19    15.38

SNOWFALL (IN)
  TODAY            0.0          MM      MM   0.0    0.0      0.0
  MONTH TO DATE    T                         0.0    0.0      0.0
  SINCE MAR 1      T                         0.6   -0.6      0.0
  SINCE JUL 1      1.4                       6.1   -4.7      7.9
  SNOW DEPTH       0

DEGREE DAYS
 HEATING
  TODAY            6                         3      3        0
  MONTH TO DATE   16                        19     -3       16
  SINCE MAR 1    430                       636   -206      583
  SINCE JUL 1   2573                      3208   -635     3480

 COOLING
  TODAY            0                         3     -3        4
  MONTH TO DATE   21                        18      3       11
  SINCE MAR 1    116                        78     38       67
  SINCE JAN 1    116                        79     37       67
..................................................................


WIND (MPH)
  HIGHEST WIND SPEED    15   HIGHEST WIND DIRECTION     N (360)
  HIGHEST GUST SPEED    24   HIGHEST GUST DIRECTION     N (20)
  AVERAGE WIND SPEED     4.6


SKY COVER
  POSSIBLE SUNSHINE  MM
  AVERAGE SKY COVER 0.9


WEATHER CONDITIONS
 THE FOLLOWING WEATHER WAS RECORDED TODAY.
  THUNDERSTORM
  LIGHT RAIN
  FOG


RELATIVE HUMIDITY (PERCENT)
 HIGHEST   100          1200 AM
 LOWEST     56           300 PM
 AVERAGE    78

..........................................................


THE RALEIGH-DURHAM INTL AIRPORT NC CLIMATE NORMALS FOR TOMORROW
                         NORMAL    RECORD    YEAR
 MAXIMUM TEMPERATURE (F)   78        92      1959
                                             1940
 MINIMUM TEMPERATURE (F)   54        35      1970


SUNRISE AND SUNSET
MAY  6 2016...........SUNRISE   617 AM EDT   SUNSET   807 PM EDT
MAY  7 2016...........SUNRISE   616 AM EDT   SUNSET   808 PM EDT


-  INDICATES NEGATIVE NUMBERS.
R  INDICATES RECORD WAS SET OR TIED.
MM INDICATES DATA IS MISSING.
T  INDICATES TRACE AMOUNT.


&&

CLIMATE REPORT
NWS FORECAST OFFICE
NCSU CENTENNIAL CAMPUS
RALEIGH NC

MAXIMUM TEMPERATURE... 66

MINIMUM TEMPERATURE... 49

PRECIPITATION... 0.54

$$
