000
CDUS46 KBOI 200935
CLIREO


CLIMATE REPORT
NATIONAL WEATHER SERVICE BOISE ID
334 AM MDT FRI OCT 20 2017


...................................

...THE ROME OR CLIMATE SUMMARY FOR OCTOBER 19 2017...

CLIMATE NORMAL PERIOD 1981 TO 2010
CLIMATE RECORD PERIOD 9999 TO 9999


WEATHER ITEM   OBSERVED TIME   NORMAL DEPARTURE LAST
                VALUE   (LST)  VALUE  FROM      YEAR
                                      NORMAL
......................................................
TEMPERATURE (F)
 YESTERDAY
  MAXIMUM         75        MM  63     12       60
  MINIMUM         46        MM  30     16       28
  AVERAGE         61            47     14       44

PRECIPITATION (IN)
  YESTERDAY        0.00          0.02  -0.02     0.00
  MONTH TO DATE    0.12          0.42  -0.30     0.32
  SINCE OCT 1      0.12          0.42  -0.30     0.32
  SINCE JAN 1      7.24          7.15   0.09     4.63

DEGREE DAYS
 HEATING
  YESTERDAY        4            18    -14       21
  MONTH TO DATE  345           287     58      242
  SINCE SEP 1    538           470     68      397
  SINCE JUL 1    538           511     27      418

 COOLING
  YESTERDAY        0             0      0        0
  MONTH TO DATE    0             0      0        0
  SINCE SEP 1    132            40     92       36
  SINCE JAN 1   1037           506    531      697
......................................................


WIND (MPH)
  RESULTANT WIND SPEED  11   RESULTANT WIND DIRECTION   S (190)
  HIGHEST WIND SPEED    22   HIGHEST WIND DIRECTION    SW (210)
  HIGHEST GUST SPEED    44   HIGHEST GUST DIRECTION     S (200)
  AVERAGE WIND SPEED    13.4


SKY COVER
  AVERAGE SKY COVER 0.0


WEATHER CONDITIONS
 THE FOLLOWING WEATHER WAS RECORDED YESTERDAY.
  NO SIGNIFICANT WEATHER WAS OBSERVED.


RELATIVE HUMIDITY (PERCENT)
 HIGHEST    46          1100 PM
 LOWEST      8          1000 AM
 AVERAGE    27

..........................................................


THE ROME OR CLIMATE NORMALS FOR TODAY
                         NORMAL    RECORD    YEAR
 MAXIMUM TEMPERATURE (F)   63        MM        MM
 MINIMUM TEMPERATURE (F)   30        MM        MM


SUNRISE AND SUNSET
OCTOBER 20 2017.......SUNRISE   711 AM PDT   SUNSET   601 PM PDT
OCTOBER 21 2017.......SUNRISE   712 AM PDT   SUNSET   559 PM PDT


-  INDICATES NEGATIVE NUMBERS.
R  INDICATES RECORD WAS SET OR TIED.
MM INDICATES DATA IS MISSING.
T  INDICATES TRACE AMOUNT.




$$
