000
CDUS46 KBOI 290931
CLIREO


CLIMATE REPORT
NATIONAL WEATHER SERVICE BOISE ID
330 AM MDT FRI MAY 29 2015


...................................

...THE ROME OR CLIMATE SUMMARY FOR MAY 28 2015...

CLIMATE NORMAL PERIOD 1981 TO 2010
CLIMATE RECORD PERIOD 9999 TO 9999


WEATHER ITEM   OBSERVED TIME   NORMAL DEPARTURE LAST
                VALUE   (LST)  VALUE  FROM      YEAR
                                      NORMAL
......................................................
TEMPERATURE (F)
 YESTERDAY
  MAXIMUM         78    433 PM  73      5       67
  MINIMUM         45    443 AM  40      5       40
  AVERAGE         62            57      5       54

PRECIPITATION (IN)
  YESTERDAY        0.00          0.05  -0.05     0.00
  MONTH TO DATE    3.48          1.29   2.19     0.11
  SINCE OCT 1      7.10          6.85   0.25     1.91
  SINCE JAN 1      5.10          4.66   0.44     1.72

DEGREE DAYS
 HEATING
  YESTERDAY        3             9     -6       11
  MONTH TO DATE  231           337   -106      221
  SINCE MAR 1   1341          1697   -356     1398
  SINCE JUL 1   5148          6431  -1283     5820

 COOLING
  YESTERDAY        0             1     -1        0
  MONTH TO DATE    0             2     -2       11
  SINCE MAR 1      0             2     -2       11
  SINCE JAN 1      0             2     -2       11
......................................................


WIND (MPH)
  RESULTANT WIND SPEED   3   RESULTANT WIND DIRECTION   E (80)
  HIGHEST WIND SPEED    13   HIGHEST WIND DIRECTION    NE (50)
  HIGHEST GUST SPEED    16   HIGHEST GUST DIRECTION    NE (60)
  AVERAGE WIND SPEED     5.2


SKY COVER
  AVERAGE SKY COVER 0.0


WEATHER CONDITIONS
 THE FOLLOWING WEATHER WAS RECORDED YESTERDAY.
  NO SIGNIFICANT WEATHER WAS OBSERVED.


RELATIVE HUMIDITY (PERCENT)
 HIGHEST    86           300 AM
 LOWEST     24           500 PM
 AVERAGE    55

..........................................................


THE ROME OR CLIMATE NORMALS FOR TODAY
                         NORMAL    RECORD    YEAR
 MAXIMUM TEMPERATURE (F)   74        MM        MM
 MINIMUM TEMPERATURE (F)   40        MM        MM


SUNRISE AND SUNSET
MAY 29 2015...........SUNRISE   518 AM PDT   SUNSET   820 PM PDT
MAY 30 2015...........SUNRISE   518 AM PDT   SUNSET   821 PM PDT


-  INDICATES NEGATIVE NUMBERS.
R  INDICATES RECORD WAS SET OR TIED.
MM INDICATES DATA IS MISSING.
T  INDICATES TRACE AMOUNT.




$$
