000
CDUS46 KBOI 220940
CLIREO


CLIMATE REPORT
NATIONAL WEATHER SERVICE BOISE ID
239 AM MST SAT NOV 22 2014


...................................

...THE ROME OR CLIMATE SUMMARY FOR NOVEMBER 21 2014...

CLIMATE NORMAL PERIOD 1981 TO 2010
CLIMATE RECORD PERIOD 9999 TO 9999


WEATHER ITEM   OBSERVED TIME   NORMAL DEPARTURE LAST
                VALUE   (LST)  VALUE  FROM      YEAR
                                      NORMAL
......................................................
TEMPERATURE (F)
 YESTERDAY
  MAXIMUM         50    224 PM  46      4       36
  MINIMUM         26    740 AM  22      4       15
  AVERAGE         38            34      4       26

PRECIPITATION (IN)
  YESTERDAY        0.03          0.02   0.01     0.00
  MONTH TO DATE    0.86          0.44   0.42     0.00
  SINCE OCT 1      1.05          1.18  -0.13     0.04
  SINCE JAN 1      4.45          7.91  -3.46     5.14

DEGREE DAYS
 HEATING
  YESTERDAY       27            31     -4       39
  MONTH TO DATE  604           562     42      504
  SINCE SEP 1   1036          1278   -242     1235
  SINCE JUL 1   1046          1319   -273     1235

 COOLING
  YESTERDAY        0             0      0        0
  MONTH TO DATE    0             0      0        0
  SINCE SEP 1     64            41     23       78
  SINCE JAN 1    690           507    183      878
......................................................


WIND (MPH)
  RESULTANT WIND SPEED   6   RESULTANT WIND DIRECTION   S (180)
  HIGHEST WIND SPEED    30   HIGHEST WIND DIRECTION    SE (130)
  HIGHEST GUST SPEED    39   HIGHEST GUST DIRECTION     S (160)
  AVERAGE WIND SPEED     8.8


SKY COVER
  AVERAGE SKY COVER 0.0


WEATHER CONDITIONS
 THE FOLLOWING WEATHER WAS RECORDED YESTERDAY.
  NO SIGNIFICANT WEATHER WAS OBSERVED.


RELATIVE HUMIDITY (PERCENT)
 HIGHEST    92           600 AM
 LOWEST     46           100 PM
 AVERAGE    69

..........................................................


THE ROME OR CLIMATE NORMALS FOR TODAY
                         NORMAL    RECORD    YEAR
 MAXIMUM TEMPERATURE (F)   46        MM        MM
 MINIMUM TEMPERATURE (F)   22        MM        MM


SUNRISE AND SUNSET
NOVEMBER 22 2014......SUNRISE   651 AM PST   SUNSET   423 PM PST
NOVEMBER 23 2014......SUNRISE   653 AM PST   SUNSET   423 PM PST


-  INDICATES NEGATIVE NUMBERS.
R  INDICATES RECORD WAS SET OR TIED.
MM INDICATES DATA IS MISSING.
T  INDICATES TRACE AMOUNT.




$$
