000
CDUS46 KBOI 300931
CLIREO


CLIMATE REPORT
NATIONAL WEATHER SERVICE BOISE ID
331 AM MDT THU MAR 30 2017


...................................

...THE ROME OR CLIMATE SUMMARY FOR MARCH 29 2017...

CLIMATE NORMAL PERIOD 1981 TO 2010
CLIMATE RECORD PERIOD 9999 TO 9999


WEATHER ITEM   OBSERVED TIME   NORMAL DEPARTURE LAST
                VALUE   (LST)  VALUE  FROM      YEAR
                                      NORMAL
......................................................
TEMPERATURE (F)
 YESTERDAY
  MAXIMUM         69    147 PM  56     13       50
  MINIMUM         34   1254 AM  28      6       28
  AVERAGE         52            42     10       39

PRECIPITATION (IN)
  YESTERDAY        0.08          0.04   0.04     0.00
  MONTH TO DATE    0.46          0.90  -0.44     0.44
  SINCE OCT 1      6.11          4.50   1.61     5.60
  SINCE JAN 1      3.73          2.31   1.42     1.17

DEGREE DAYS
 HEATING
  YESTERDAY       13            23    -10       26
  MONTH TO DATE  506           736   -230      585
  SINCE MAR 1    506           736   -230      585
  SINCE JUL 1   5086          5470   -384     4681

 COOLING
  YESTERDAY        0             0      0        0
  MONTH TO DATE    0             0      0        0
  SINCE MAR 1      0             0      0        0
  SINCE JAN 1      0             0      0        0
......................................................


WIND (MPH)
  RESULTANT WIND SPEED   9   RESULTANT WIND DIRECTION   S (200)
  HIGHEST WIND SPEED    28   HIGHEST WIND DIRECTION    SW (230)
  HIGHEST GUST SPEED    33   HIGHEST GUST DIRECTION    SW (230)
  AVERAGE WIND SPEED    10.4


SKY COVER
  AVERAGE SKY COVER 0.0


WEATHER CONDITIONS
 THE FOLLOWING WEATHER WAS RECORDED YESTERDAY.
  NO SIGNIFICANT WEATHER WAS OBSERVED.


RELATIVE HUMIDITY (PERCENT)
 HIGHEST    93           700 PM
 LOWEST     32           100 PM
 AVERAGE    63

..........................................................


THE ROME OR CLIMATE NORMALS FOR TODAY
                         NORMAL    RECORD    YEAR
 MAXIMUM TEMPERATURE (F)   57        MM        MM
 MINIMUM TEMPERATURE (F)   28        MM        MM


SUNRISE AND SUNSET
MARCH 30 2017.........SUNRISE   637 AM PDT   SUNSET   716 PM PDT
MARCH 31 2017.........SUNRISE   635 AM PDT   SUNSET   717 PM PDT


-  INDICATES NEGATIVE NUMBERS.
R  INDICATES RECORD WAS SET OR TIED.
MM INDICATES DATA IS MISSING.
T  INDICATES TRACE AMOUNT.




$$
