000
CDUS46 KBOI 300930
CLIREO


CLIMATE REPORT
NATIONAL WEATHER SERVICE BOISE ID
230 AM MST FRI JAN 30 2015


...................................

...THE ROME OR CLIMATE SUMMARY FOR JANUARY 29 2015...

CLIMATE NORMAL PERIOD 1981 TO 2010
CLIMATE RECORD PERIOD 9999 TO 9999


WEATHER ITEM   OBSERVED TIME   NORMAL DEPARTURE LAST
                VALUE   (LST)  VALUE  FROM      YEAR
                                      NORMAL
......................................................
TEMPERATURE (F)
 YESTERDAY
  MAXIMUM         46    253 PM  41      5       56
  MINIMUM         26    732 AM  21      5       32
  AVERAGE         36            30      6       44

PRECIPITATION (IN)
  YESTERDAY        0.00          0.02  -0.02     0.07
  MONTH TO DATE    0.17          0.61  -0.44     0.13
  SINCE OCT 1      2.17          2.80  -0.63     0.32
  SINCE JAN 1      0.17          0.61  -0.44     0.13

DEGREE DAYS
 HEATING
  YESTERDAY       29            34     -5       21
  MONTH TO DATE  931          1034   -103      920
  SINCE DEC 1   1849          2168   -319     2111
  SINCE JUL 1   3087          3781   -694     3629

 COOLING
  YESTERDAY        0             0      0        0
  MONTH TO DATE    0             0      0        0
  SINCE DEC 1      0             0      0        0
  SINCE JAN 1      0             0      0        0
......................................................


WIND (MPH)
  RESULTANT WIND SPEED   6   RESULTANT WIND DIRECTION   N (20)
  HIGHEST WIND SPEED    16   HIGHEST WIND DIRECTION     N (350)
  HIGHEST GUST SPEED    20   HIGHEST GUST DIRECTION     N (340)
  AVERAGE WIND SPEED     7.0


SKY COVER
  AVERAGE SKY COVER 0.0


WEATHER CONDITIONS
 THE FOLLOWING WEATHER WAS RECORDED YESTERDAY.
  NO SIGNIFICANT WEATHER WAS OBSERVED.


RELATIVE HUMIDITY (PERCENT)
 HIGHEST    92           200 AM
 LOWEST     60           300 PM
 AVERAGE    76

..........................................................


THE ROME OR CLIMATE NORMALS FOR TODAY
                         NORMAL    RECORD    YEAR
 MAXIMUM TEMPERATURE (F)   41        MM        MM
 MINIMUM TEMPERATURE (F)   21        MM        MM


SUNRISE AND SUNSET
JANUARY 30 2015.......SUNRISE   708 AM PST   SUNSET   502 PM PST
JANUARY 31 2015.......SUNRISE   707 AM PST   SUNSET   504 PM PST


-  INDICATES NEGATIVE NUMBERS.
R  INDICATES RECORD WAS SET OR TIED.
MM INDICATES DATA IS MISSING.
T  INDICATES TRACE AMOUNT.




$$
