665
CDUS46 KBOI 290930
CLIREO


CLIMATE REPORT
NATIONAL WEATHER SERVICE BOISE ID
330 AM MDT THU SEP 29 2016


...................................

...THE ROME OR CLIMATE SUMMARY FOR SEPTEMBER 28 2016...

CLIMATE NORMAL PERIOD 1981 TO 2010
CLIMATE RECORD PERIOD 9999 TO 9999


WEATHER ITEM   OBSERVED TIME   NORMAL DEPARTURE LAST
                VALUE   (LST)  VALUE  FROM      YEAR
                                      NORMAL
......................................................
TEMPERATURE (F)
 YESTERDAY
  MAXIMUM         92    221 PM  74     18       85
  MINIMUM         46    443 AM  36     10       40
  AVERAGE         69            55     14       63

PRECIPITATION (IN)
  YESTERDAY        0.00          0.02  -0.02     0.00
  MONTH TO DATE    0.64          0.36   0.28     0.31
  SINCE OCT 1      8.74          8.88  -0.14     7.98
  SINCE JAN 1      4.31          6.69  -2.38     5.98

DEGREE DAYS
 HEATING
  YESTERDAY        0            10    -10        2
  MONTH TO DATE  155           161     -6       98
  SINCE SEP 1    155           161     -6       98
  SINCE JUL 1    176           202    -26      105

 COOLING
  YESTERDAY        4             0      4        0
  MONTH TO DATE   29            39    -10       78
  SINCE SEP 1     29            39    -10       78
  SINCE JAN 1    690           505    185      863
......................................................


WIND (MPH)
  RESULTANT WIND SPEED   4   RESULTANT WIND DIRECTION   E (110)
  HIGHEST WIND SPEED    15   HIGHEST WIND DIRECTION    SE (130)
  HIGHEST GUST SPEED    16   HIGHEST GUST DIRECTION     W (290)
  AVERAGE WIND SPEED     4.9


SKY COVER
  AVERAGE SKY COVER 0.0


WEATHER CONDITIONS
 THE FOLLOWING WEATHER WAS RECORDED YESTERDAY.
  NO SIGNIFICANT WEATHER WAS OBSERVED.


RELATIVE HUMIDITY (PERCENT)
 HIGHEST    53           400 AM
 LOWEST     10           100 PM
 AVERAGE    32

..........................................................


THE ROME OR CLIMATE NORMALS FOR TODAY
                         NORMAL    RECORD    YEAR
 MAXIMUM TEMPERATURE (F)   73        MM        MM
 MINIMUM TEMPERATURE (F)   36        MM        MM


SUNRISE AND SUNSET
SEPTEMBER 29 2016.....SUNRISE   647 AM PDT   SUNSET   635 PM PDT
SEPTEMBER 30 2016.....SUNRISE   648 AM PDT   SUNSET   634 PM PDT


-  INDICATES NEGATIVE NUMBERS.
R  INDICATES RECORD WAS SET OR TIED.
MM INDICATES DATA IS MISSING.
T  INDICATES TRACE AMOUNT.




$$
