976
CDUS43 KGRB 100632
CLIRHI


CLIMATE REPORT
NATIONAL WEATHER SERVICE GREEN BAY
1231 AM CST WED FEB 10 2016


...................................

...THE RHINELANDER WI CLIMATE SUMMARY FOR FEBRUARY 9 2016...

CLIMATE NORMAL PERIOD 1981 TO 2010
CLIMATE RECORD PERIOD 1908 TO 2016


WEATHER ITEM   OBSERVED TIME   RECORD YEAR NORMAL DEPARTURE LAST
                VALUE   (LST)  VALUE       VALUE  FROM      YEAR
                                                  NORMAL
..................................................................
TEMPERATURE (F)
 YESTERDAY
  MAXIMUM         13    237 PM  49    1977  24    -11       25
  MINIMUM          7   1159 PM -40    1951   5      2        4
  AVERAGE         10                        15     -5       15

PRECIPITATION (IN)
  YESTERDAY        0.04          0.55 1939   0.04   0.00      T
  MONTH TO DATE    0.44                      0.28   0.16     0.02
  SINCE DEC 1      5.16                      2.83   2.33     2.72
  SINCE JAN 1      1.20                      1.39  -0.19     0.70

SNOWFALL (IN)
  YESTERDAY        0.6           4.0  1939  MM     MM         T
  MONTH TO DATE    5.6                      MM     MM        0.3
  SINCE DEC 1     25.7                      MM     MM       28.7
  SINCE JUL 1     29.8                      MM     MM       63.8
  SNOW DEPTH      13

DEGREE DAYS
 HEATING
  YESTERDAY       55                        50      5       50
  MONTH TO DATE  399                       461    -62      504
  SINCE DEC 1   3058                      3588   -530     3595
  SINCE JUL 1   4775                      5722   -947     6116

 COOLING
  YESTERDAY        0                         0      0        0
  MONTH TO DATE    0                         0      0        0
  SINCE DEC 1      0                         0      0        0
  SINCE JAN 1      0                         0      0        0
..................................................................


WIND (MPH)
  HIGHEST WIND SPEED    18   HIGHEST WIND DIRECTION    NW (330)
  HIGHEST GUST SPEED    28   HIGHEST GUST DIRECTION     N (360)
  AVERAGE WIND SPEED     9.7


SKY COVER
  POSSIBLE SUNSHINE  MM
  AVERAGE SKY COVER 0.9


WEATHER CONDITIONS
 THE FOLLOWING WEATHER WAS RECORDED YESTERDAY.
  LIGHT SNOW
  FOG
  HAZE
  BLOWING SNOW


RELATIVE HUMIDITY (PERCENT)
 HIGHEST    80           300 AM
 LOWEST     61           300 PM
 AVERAGE    71

..........................................................


THE RHINELANDER WI CLIMATE NORMALS FOR TODAY
                         NORMAL    RECORD    YEAR
 MAXIMUM TEMPERATURE (F)   25        52      1977
 MINIMUM TEMPERATURE (F)    5       -34      1933


SUNRISE AND SUNSET
FEBRUARY 10 2016......SUNRISE   708 AM CST   SUNSET   517 PM CST
FEBRUARY 11 2016......SUNRISE   706 AM CST   SUNSET   518 PM CST


-  INDICATES NEGATIVE NUMBERS.
R  INDICATES RECORD WAS SET OR TIED.
MM INDICATES DATA IS MISSING.
T  INDICATES TRACE AMOUNT.




$$
