000
CDUS43 KGRB 312129
CLIRHI


CLIMATE REPORT
NATIONAL WEATHER SERVICE GREEN BAY
428 PM CDT FRI OCT 31 2014


...................................

...THE RHINELANDER WI CLIMATE SUMMARY FOR OCTOBER 31 2014...
VALID TODAY AS OF 0400 PM LOCAL TIME.

CLIMATE NORMAL PERIOD 1981 TO 2010
CLIMATE RECORD PERIOD 1908 TO 2014


WEATHER ITEM   OBSERVED TIME   RECORD YEAR NORMAL DEPARTURE LAST
                VALUE   (LST)  VALUE       VALUE  FROM      YEAR
                                                  NORMAL
..................................................................
TEMPERATURE (F)
 TODAY
  MAXIMUM         32    142 PM  76    1950  47    -15       52
  MINIMUM         26    752 AM  11    1925  30     -4       43
  AVERAGE         29                        38     -9       48

PRECIPITATION (IN)
  TODAY            T             1.15 1960   0.07  -0.07     0.22
  MONTH TO DATE    3.34                      3.04   0.30     4.15
  SINCE SEP 1      9.72                      7.24   2.48     6.27
  SINCE JAN 1     36.18                     28.12   8.06    33.11

SNOWFALL (IN)
  TODAY           MM             0.8  1939  MM     MM        0.0
  MONTH TO DATE    0.4                      MM     MM        2.2
  SINCE SEP 1      0.4                      MM     MM        2.2
  SINCE JUL 1      0.4                      MM     MM        2.2
  SNOW DEPTH       0

DEGREE DAYS
 HEATING
  TODAY           36                        27      9       17
  MONTH TO DATE  681                       662     19      650
  SINCE SEP 1    995                       966     29      912
  SINCE JUL 1   1195                      1093    102     1102

 COOLING
  TODAY            0                         0      0        0
  MONTH TO DATE    0                         2     -2        0
  SINCE SEP 1      1                        20    -19       17
  SINCE JAN 1    148                       261   -113      281
..................................................................


WIND (MPH)
  HIGHEST WIND SPEED    22   HIGHEST WIND DIRECTION    NE (30)
  HIGHEST GUST SPEED    36   HIGHEST GUST DIRECTION     N (340)
  AVERAGE WIND SPEED    12.4


SKY COVER
  POSSIBLE SUNSHINE  MM
  AVERAGE SKY COVER 0.8


WEATHER CONDITIONS
 THE FOLLOWING WEATHER WAS RECORDED TODAY.
  SNOW
  LIGHT SNOW
  FOG


RELATIVE HUMIDITY (PERCENT)
 HIGHEST    92          1200 AM
 LOWEST     63           100 PM
 AVERAGE    78

..........................................................


THE RHINELANDER WI CLIMATE NORMALS FOR TOMORROW
                         NORMAL    RECORD    YEAR
 MAXIMUM TEMPERATURE (F)   46        74      1933
 MINIMUM TEMPERATURE (F)   29        10      1984
                                             1951


SUNRISE AND SUNSET
OCTOBER 31 2014.......SUNRISE   736 AM CDT   SUNSET   546 PM CDT
NOVEMBER  1 2014......SUNRISE   738 AM CDT   SUNSET   545 PM CDT


-  INDICATES NEGATIVE NUMBERS.
R  INDICATES RECORD WAS SET OR TIED.
MM INDICATES DATA IS MISSING.
T  INDICATES TRACE AMOUNT.




$$
