000
CDUS43 KGRB 230647
CLIRHI


CLIMATE REPORT
NATIONAL WEATHER SERVICE GREEN BAY
146 AM CDT THU MAR 23 2017


...................................

...THE RHINELANDER WI CLIMATE SUMMARY FOR MARCH 22 2017...

CLIMATE NORMAL PERIOD 1981 TO 2010
CLIMATE RECORD PERIOD 1908 TO 2017


WEATHER ITEM   OBSERVED TIME   RECORD YEAR NORMAL DEPARTURE LAST
                VALUE   (LST)  VALUE       VALUE  FROM      YEAR
                                                  NORMAL
..................................................................
TEMPERATURE (F)
 YESTERDAY
  MAXIMUM         37    301 PM  71    1910  40     -3       41
  MINIMUM          7    600 AM -14    1989  20    -13       30
  AVERAGE         22                        30     -8       36

PRECIPITATION (IN)
  YESTERDAY        0.00          0.66 1972   0.06  -0.06      T
  MONTH TO DATE    0.61                      1.05  -0.44     2.75
  SINCE MAR 1      0.61                      1.05  -0.44     2.75
  SINCE JAN 1      3.97                      3.09   0.88     4.48

SNOWFALL (IN)
  YESTERDAY        0.0           5.0  1955  MM     MM         T
  MONTH TO DATE    3.5                      MM     MM        5.0
  SINCE MAR 1      3.5                      MM     MM        5.0
  SINCE JUL 1     55.0                      MM     MM       39.5
  SNOW DEPTH       0

DEGREE DAYS
 HEATING
  YESTERDAY       43                        35      8       29
  MONTH TO DATE  903                       877     26      684
  SINCE MAR 1    903                       877     26      684
  SINCE JUL 1   6414                      7499  -1085     6367

 COOLING
  YESTERDAY        0                         0      0        0
  MONTH TO DATE    0                         0      0        0
  SINCE MAR 1      0                         0      0        0
  SINCE JAN 1      0                         0      0        0
..................................................................


WIND (MPH)
  HIGHEST WIND SPEED    13   HIGHEST WIND DIRECTION    SW (220)
  HIGHEST GUST SPEED    17   HIGHEST GUST DIRECTION     S (170)
  AVERAGE WIND SPEED     4.5


SKY COVER
  POSSIBLE SUNSHINE  MM
  AVERAGE SKY COVER 0.0


WEATHER CONDITIONS
 THE FOLLOWING WEATHER WAS RECORDED YESTERDAY.
  NO SIGNIFICANT WEATHER WAS OBSERVED.


RELATIVE HUMIDITY (PERCENT)
 HIGHEST    83           400 AM
 LOWEST     26           200 PM
 AVERAGE    55

..........................................................


THE RHINELANDER WI CLIMATE NORMALS FOR TODAY
                         NORMAL    RECORD    YEAR
 MAXIMUM TEMPERATURE (F)   40        70      1910
 MINIMUM TEMPERATURE (F)   20       -10      1974
                                             1965


SUNRISE AND SUNSET
MARCH 23 2017.........SUNRISE   655 AM CDT   SUNSET   715 PM CDT
MARCH 24 2017.........SUNRISE   653 AM CDT   SUNSET   716 PM CDT


-  INDICATES NEGATIVE NUMBERS.
R  INDICATES RECORD WAS SET OR TIED.
MM INDICATES DATA IS MISSING.
T  INDICATES TRACE AMOUNT.




$$
