000
CDUS43 KGRB 012237
CLIRHI


CLIMATE REPORT
NATIONAL WEATHER SERVICE GREEN BAY
436 PM CST SUN FEB 1 2015


...................................

...THE RHINELANDER WI CLIMATE SUMMARY FOR FEBRUARY 1 2015...
VALID TODAY AS OF 0400 PM LOCAL TIME.

CLIMATE NORMAL PERIOD 1981 TO 2010
CLIMATE RECORD PERIOD 1908 TO 2015


WEATHER ITEM   OBSERVED TIME   RECORD YEAR NORMAL DEPARTURE LAST
                VALUE   (LST)  VALUE       VALUE  FROM      YEAR
                                                  NORMAL
..................................................................
TEMPERATURE (F)
 TODAY
  MAXIMUM         10    359 PM  46    1931  22    -12       14
  MINIMUM          4    333 AM -38    1996   4      0      -15
  AVERAGE          7                        13     -6        0

PRECIPITATION (IN)
  TODAY            0.00          0.67 1933   0.03  -0.03      T
  MONTH TO DATE    0.00                      0.03  -0.03      T
  SINCE DEC 1      2.70                      2.58   0.12     3.04
  SINCE JAN 1      0.68                      1.14  -0.46     1.38

SNOWFALL (IN)
  TODAY            0.0           7.0  1933  MM     MM         T
  MONTH TO DATE    0.0                      MM     MM         T
  SINCE DEC 1     28.4                      MM     MM       45.0
  SINCE JUL 1     63.5                      MM     MM       54.8
  SNOW DEPTH      14

DEGREE DAYS
 HEATING
  TODAY           58                        52      6       65
  MONTH TO DATE   58                        52      6       65
  SINCE DEC 1   3149                      3179    -30     3776
  SINCE JUL 1   5670                      5313    357     6003

 COOLING
  TODAY            0                         0      0        0
  MONTH TO DATE    0                         0      0        0
  SINCE DEC 1      0                         0      0        0
  SINCE JAN 1      0                         0      0        0
..................................................................


WIND (MPH)
  HIGHEST WIND SPEED    17   HIGHEST WIND DIRECTION    NE (60)
  HIGHEST GUST SPEED    24   HIGHEST GUST DIRECTION     E (70)
  AVERAGE WIND SPEED     9.9


SKY COVER
  POSSIBLE SUNSHINE  MM
  AVERAGE SKY COVER 0.4


WEATHER CONDITIONS
 THE FOLLOWING WEATHER WAS RECORDED TODAY.
  NO SIGNIFICANT WEATHER WAS OBSERVED.


RELATIVE HUMIDITY (PERCENT)
 HIGHEST    83           200 AM
 LOWEST     58           300 PM
 AVERAGE    71

..........................................................


THE RHINELANDER WI CLIMATE NORMALS FOR TOMORROW
                         NORMAL    RECORD    YEAR
 MAXIMUM TEMPERATURE (F)   23        47      1991
                                             1935
 MINIMUM TEMPERATURE (F)    4       -36      1996


SUNRISE AND SUNSET
FEBRUARY  1 2015......SUNRISE   719 AM CST   SUNSET   504 PM CST
FEBRUARY  2 2015......SUNRISE   718 AM CST   SUNSET   505 PM CST


-  INDICATES NEGATIVE NUMBERS.
R  INDICATES RECORD WAS SET OR TIED.
MM INDICATES DATA IS MISSING.
T  INDICATES TRACE AMOUNT.




$$
