000
CDUS43 KGRB 302147
CLIRHI


CLIMATE REPORT
NATIONAL WEATHER SERVICE GREEN BAY
446 PM CDT TUE SEP 30 2014


...................................

...THE RHINELANDER WI CLIMATE SUMMARY FOR SEPTEMBER 30 2014...
VALID TODAY AS OF 0400 PM LOCAL TIME.

CLIMATE NORMAL PERIOD 1981 TO 2010
CLIMATE RECORD PERIOD 1908 TO 2014


WEATHER ITEM   OBSERVED TIME   RECORD YEAR NORMAL DEPARTURE LAST
                VALUE   (LST)  VALUE       VALUE  FROM      YEAR
                                                  NORMAL
..................................................................
TEMPERATURE (F)
 TODAY
  MAXIMUM         56    259 PM  79    1976  60     -4       68
  MINIMUM         37    643 AM  21    1918  39     -2       49
  AVERAGE         47                        49     -2       59

PRECIPITATION (IN)
  TODAY            0.00          2.45 1971   0.13  -0.13     0.00
  MONTH TO DATE    6.38                      4.20   2.18     2.12
  SINCE SEP 1      6.38                      4.20   2.18     2.12
  SINCE JAN 1     32.84                     25.08   7.76    28.96

SNOWFALL (IN)
  TODAY            0.0           0.5  1985  MM     MM        0.0
                                      1985
                                      1908
  MONTH TO DATE    T                        MM     MM        0.0
  SINCE SEP 1      T                        MM     MM        0.0
  SINCE JUL 1      T                        MM     MM        0.0
  SNOW DEPTH       0

DEGREE DAYS
 HEATING
  TODAY           18                        16      2        6
  MONTH TO DATE  314                       304     10      262
  SINCE SEP 1    314                       305      9      262
  SINCE JUL 1    514                       432     82      452

 COOLING
  TODAY            0                         0      0        0
  MONTH TO DATE    1                        18    -17       17
  SINCE SEP 1      1                        18    -17       17
  SINCE JAN 1    148                       259   -111      281
..................................................................


WIND (MPH)
  HIGHEST WIND SPEED    10   HIGHEST WIND DIRECTION     E (70)
  HIGHEST GUST SPEED    14   HIGHEST GUST DIRECTION     N (360)
  AVERAGE WIND SPEED     5.2


SKY COVER
  POSSIBLE SUNSHINE  MM
  AVERAGE SKY COVER 0.8


WEATHER CONDITIONS
 THE FOLLOWING WEATHER WAS RECORDED TODAY.
  FOG


RELATIVE HUMIDITY (PERCENT)
 HIGHEST   100           600 AM
 LOWEST     61           300 PM
 AVERAGE    81

..........................................................


THE RHINELANDER WI CLIMATE NORMALS FOR TOMORROW
                         NORMAL    RECORD    YEAR
 MAXIMUM TEMPERATURE (F)   60        92      1976
 MINIMUM TEMPERATURE (F)   38        24      2003
                                             1920


SUNRISE AND SUNSET
SEPTEMBER 30 2014.....SUNRISE   655 AM CDT   SUNSET   640 PM CDT
OCTOBER  1 2014.......SUNRISE   656 AM CDT   SUNSET   638 PM CDT


-  INDICATES NEGATIVE NUMBERS.
R  INDICATES RECORD WAS SET OR TIED.
MM INDICATES DATA IS MISSING.
T  INDICATES TRACE AMOUNT.




$$
