000
CDUS43 KGRB 230732
CLIRHI


CLIMATE REPORT
NATIONAL WEATHER SERVICE GREEN BAY
231 AM CDT MON OCT 23 2017


...................................

...THE RHINELANDER WI CLIMATE SUMMARY FOR OCTOBER 22 2017...

CLIMATE NORMAL PERIOD 1981 TO 2010
CLIMATE RECORD PERIOD 1908 TO 2017


WEATHER ITEM   OBSERVED TIME   RECORD YEAR NORMAL DEPARTURE LAST
                VALUE   (LST)  VALUE       VALUE  FROM      YEAR
                                                  NORMAL
..................................................................
TEMPERATURE (F)
 YESTERDAY
  MAXIMUM         66   1200 AM  78    1947  51     15       59
  MINIMUM         42   1159 PM  14    1930  32     10       32
  AVERAGE         54                        42     12       46

PRECIPITATION (IN)
  YESTERDAY        0.22          2.47 1979   0.09   0.13     0.00
  MONTH TO DATE    3.70                      2.37   1.33     5.29
  SINCE SEP 1      5.65                      6.57  -0.92    10.91
  SINCE JAN 1     36.74                     27.45   9.29    38.50

SNOWFALL (IN)
  YESTERDAY        0.0           4.0  1938  MM     MM        0.0
  MONTH TO DATE    0.0                      MM     MM        0.0
  SINCE SEP 1      0.0                      MM     MM        0.0
  SINCE JUL 1      0.0                      MM     MM        0.0
  SNOW DEPTH       0

DEGREE DAYS
 HEATING
  YESTERDAY       11                        23    -12       19
  MONTH TO DATE  272                       435   -163      313
  SINCE SEP 1    479                       740   -261      473
  SINCE JUL 1    645                       867   -222      534

 COOLING
  YESTERDAY        0                         0      0        0
  MONTH TO DATE    0                         0      0        0
  SINCE SEP 1     53                        18     35       13
  SINCE JAN 1    215                       259    -44      321
..................................................................


WIND (MPH)
  HIGHEST WIND SPEED    18   HIGHEST WIND DIRECTION     W (260)
  HIGHEST GUST SPEED    26   HIGHEST GUST DIRECTION     W (260)
  AVERAGE WIND SPEED     7.5


SKY COVER
  POSSIBLE SUNSHINE  MM
  AVERAGE SKY COVER 0.6


WEATHER CONDITIONS
 THE FOLLOWING WEATHER WAS RECORDED YESTERDAY.
  THUNDERSTORM
  LIGHT RAIN
  FOG


RELATIVE HUMIDITY (PERCENT)
 HIGHEST   100           100 AM
 LOWEST     73          1200 AM
 AVERAGE    87

..........................................................


THE RHINELANDER WI CLIMATE NORMALS FOR TODAY
                         NORMAL    RECORD    YEAR
 MAXIMUM TEMPERATURE (F)   51        77      1963
 MINIMUM TEMPERATURE (F)   32        11      1936


SUNRISE AND SUNSET
OCTOBER 23 2017.......SUNRISE   725 AM CDT   SUNSET   558 PM CDT
OCTOBER 24 2017.......SUNRISE   727 AM CDT   SUNSET   556 PM CDT


-  INDICATES NEGATIVE NUMBERS.
R  INDICATES RECORD WAS SET OR TIED.
MM INDICATES DATA IS MISSING.
T  INDICATES TRACE AMOUNT.




$$
