000
CDUS43 KGRB 030727
CLIRHI

CLIMATE REPORT
NATIONAL WEATHER SERVICE GREEN BAY
222 AM CDT THU SEP 3 2015

...................................

...THE RHINELANDER WI CLIMATE SUMMARY FOR SEPTEMBER 2 2015...

CLIMATE NORMAL PERIOD 1981 TO 2010
CLIMATE RECORD PERIOD 1908 TO 2015

WEATHER ITEM   OBSERVED TIME   RECORD YEAR NORMAL DEPARTURE LAST
                VALUE   (LST)  VALUE       VALUE  FROM      YEAR
                                                  NORMAL
..................................................................
TEMPERATURE (F)
 YESTERDAY
  MAXIMUM         72    728 AM  92    1929  73     -1       75
  MINIMUM         64   1228 AM  33    1976  50     14       48
  AVERAGE         68                        61      7       62

PRECIPITATION (IN)
  YESTERDAY        0.20          1.12 1970   0.13   0.07     0.00
  MONTH TO DATE    0.20                      0.26  -0.06     0.50
  SINCE SEP 1      0.20                      0.26  -0.06     0.50
  SINCE JAN 1     18.88                     21.14  -2.26    26.96

SNOWFALL (IN)
  YESTERDAY        0.0           0.0    MM  MM     MM        0.0
  MONTH TO DATE    0.0                      MM     MM        0.0
  SINCE SEP 1      0.0                      MM     MM        0.0
  SINCE JUL 1      0.0                      MM     MM        0.0
  SNOW DEPTH       0

DEGREE DAYS
 HEATING
  YESTERDAY        0                         5     -5        3
  MONTH TO DATE    0                        10    -10        5
  SINCE SEP 1      0                        10    -10        5
  SINCE JUL 1    137                       137      0      205

COOLING
  YESTERDAY        3                         1      2        0
  MONTH TO DATE   14                         2     12        0
  SINCE SEP 1     14                         2     12        0
  SINCE JAN 1    176                       243    -67      147
..................................................................

WIND (MPH)
  HIGHEST WIND SPEED    15   HIGHEST WIND DIRECTION    NW (320)
  HIGHEST GUST SPEED    21   HIGHEST GUST DIRECTION    NW (320)
  AVERAGE WIND SPEED     4.0

SKY COVER
  POSSIBLE SUNSHINE  MM
  AVERAGE SKY COVER 0.8

WEATHER CONDITIONS
 THE FOLLOWING WEATHER WAS RECORDED YESTERDAY.
  HEAVY RAIN
  LIGHT RAIN
  FOG
  FOG W/VISIBILITY <= 1/4 MILE

RELATIVE HUMIDITY (PERCENT)
 HIGHEST   100           100 AM
 LOWEST     84           400 PM
 AVERAGE    92
..........................................................

THE RHINELANDER WI CLIMATE NORMALS FOR TODAY
                         NORMAL    RECORD    YEAR
 MAXIMUM TEMPERATURE (F)   72        88      1999
                                             1960
                                             1922
 MINIMUM TEMPERATURE (F)   49        31      1974
                                             1946

SUNRISE AND SUNSET
SEPTEMBER  3 2015.....SUNRISE   621 AM CDT   SUNSET   732 PM CDT
SEPTEMBER  4 2015.....SUNRISE   622 AM CDT   SUNSET   730 PM CDT

-  INDICATES NEGATIVE NUMBERS.
R  INDICATES RECORD WAS SET OR TIED.
MM INDICATES DATA IS MISSING.
T  INDICATES TRACE AMOUNT.

$$
