000
CDUS43 KGRB 302138
CLIRHI


CLIMATE REPORT
NATIONAL WEATHER SERVICE GREEN BAY
438 PM CDT SAT MAY 30 2015


...................................

...THE RHINELANDER WI CLIMATE SUMMARY FOR MAY 30 2015...
VALID TODAY AS OF 0400 PM LOCAL TIME.

CLIMATE NORMAL PERIOD 1981 TO 2010
CLIMATE RECORD PERIOD 1908 TO 2015


WEATHER ITEM   OBSERVED TIME   RECORD YEAR NORMAL DEPARTURE LAST
                VALUE   (LST)  VALUE       VALUE  FROM      YEAR
                                                  NORMAL
..................................................................
TEMPERATURE (F)
 TODAY
  MAXIMUM         55    237 PM  90    1939  69    -14       84
  MINIMUM         48    926 AM  29    1915  45      3       45
  AVERAGE         52                        57     -5       65

PRECIPITATION (IN)
  TODAY            0.03          1.08 1952   0.13  -0.10     0.00
  MONTH TO DATE    3.69                      3.36   0.33     2.88
  SINCE MAR 1      7.71                      7.51   0.20     8.50
  SINCE JAN 1      8.60                      9.55  -0.95    11.11

SNOWFALL (IN)
  TODAY           MM             T    1953  MM     MM        0.0
  MONTH TO DATE    T                        MM     MM        0.1
  SINCE MAR 1     20.4                      MM     MM       37.8
  SINCE JUL 1     89.3                      MM     MM      110.3
  SNOW DEPTH       0

DEGREE DAYS
 HEATING
  TODAY           13                         9      4        0
  MONTH TO DATE  293                       379    -86      371
  SINCE MAR 1   2108                      2257   -149     2709
  SINCE JUL 1   9449                      8879    570    10338

 COOLING
  TODAY            0                         1     -1        0
  MONTH TO DATE    5                         8     -3        5
  SINCE MAR 1      5                         9     -4        5
  SINCE JAN 1      5                         9     -4        5
..................................................................


WIND (MPH)
  HIGHEST WIND SPEED    14   HIGHEST WIND DIRECTION     N (20)
  HIGHEST GUST SPEED    20   HIGHEST GUST DIRECTION    NE (30)
  AVERAGE WIND SPEED     8.2


SKY COVER
  POSSIBLE SUNSHINE  MM
  AVERAGE SKY COVER 0.9


WEATHER CONDITIONS
 THE FOLLOWING WEATHER WAS RECORDED TODAY.
  LIGHT RAIN
  FOG


RELATIVE HUMIDITY (PERCENT)
 HIGHEST   100           100 AM
 LOWEST     54           300 PM
 AVERAGE    77

..........................................................


THE RHINELANDER WI CLIMATE NORMALS FOR TOMORROW
                         NORMAL    RECORD    YEAR
 MAXIMUM TEMPERATURE (F)   70        99      1934
 MINIMUM TEMPERATURE (F)   46        29      2009


SUNRISE AND SUNSET
MAY 30 2015...........SUNRISE   513 AM CDT   SUNSET   838 PM CDT
MAY 31 2015...........SUNRISE   513 AM CDT   SUNSET   839 PM CDT


-  INDICATES NEGATIVE NUMBERS.
R  INDICATES RECORD WAS SET OR TIED.
MM INDICATES DATA IS MISSING.
T  INDICATES TRACE AMOUNT.




$$
