000
CDUS41 KAKQ 280539
CLIRIC


CLIMATE REPORT
NATIONAL WEATHER SERVICE WAKEFIELD, VA
139 AM EDT SUN MAY 28 2017


...................................

...THE RICHMOND VA CLIMATE SUMMARY FOR MAY 27 2017...

CLIMATE NORMAL PERIOD 1981 TO 2010
CLIMATE RECORD PERIOD 1871 TO 2017


WEATHER ITEM   OBSERVED TIME   RECORD YEAR NORMAL DEPARTURE LAST
                VALUE   (LST)  VALUE       VALUE  FROM      YEAR
                                                  NORMAL
..................................................................
TEMPERATURE (F)
 YESTERDAY
  MAXIMUM         86    352 PM  97    1941  81      5       87
  MINIMUM         56    508 AM  41    1961  59     -3       67
  AVERAGE         71                        70      1       77

PRECIPITATION (IN)
  YESTERDAY        1.59          1.67 1891   0.13   1.46     0.00
  MONTH TO DATE    6.94                      3.26   3.68     8.41
  SINCE MAR 1     12.90                     10.57   2.33    11.60
  SINCE JAN 1     17.90                     16.37   1.53    19.25

SNOWFALL (IN)
  YESTERDAY        0.0           0.0  2002   0.0    0.0
                                      2001
  MONTH TO DATE    0.0                       0.0    0.0
  SINCE NOV 1      7.1                      10.3   -3.2
  SINCE JUL 1      7.1                      10.3   -3.2
  SNOW DEPTH       0

DEGREE DAYS
 HEATING
  YESTERDAY        0                         1     -1        0
  MONTH TO DATE   83                        70     13      110
  SINCE MAR 1    687                       826   -139      737
  SINCE JUL 1   3169                      3762   -593     3325

 COOLING
  YESTERDAY        6                         6      0       12
  MONTH TO DATE   76                        92    -16       46
  SINCE MAR 1    181                       134     47       76
  SINCE JAN 1    181                       134     47       76
..................................................................


WIND (MPH)
  HIGHEST WIND SPEED    32   HIGHEST WIND DIRECTION    SE (140)
  HIGHEST GUST SPEED    50   HIGHEST GUST DIRECTION    SE (150)
  AVERAGE WIND SPEED     5.0


SKY COVER
  POSSIBLE SUNSHINE  MM
  AVERAGE SKY COVER 0.4


WEATHER CONDITIONS
 THE FOLLOWING WEATHER WAS RECORDED YESTERDAY.
  THUNDERSTORM
  HEAVY RAIN
  RAIN
  LIGHT RAIN
  HAIL
  FOG
  HAZE


RELATIVE HUMIDITY (PERCENT)
 HIGHEST   100           500 AM
 LOWEST     51           100 PM
 AVERAGE    76

..........................................................


THE RICHMOND VA CLIMATE NORMALS FOR TODAY
                         NORMAL    RECORD    YEAR
 MAXIMUM TEMPERATURE (F)   81       100      1941
 MINIMUM TEMPERATURE (F)   59        38      1961


SUNRISE AND SUNSET
MAY 28 2017...........SUNRISE   551 AM EDT   SUNSET   822 PM EDT
MAY 29 2017...........SUNRISE   551 AM EDT   SUNSET   823 PM EDT


-  INDICATES NEGATIVE NUMBERS.
R  INDICATES RECORD WAS SET OR TIED.
MM INDICATES DATA IS MISSING.
T  INDICATES TRACE AMOUNT.




$$
