000
CDUS41 KAKQ 260531
CLIRIC


CLIMATE REPORT
NATIONAL WEATHER SERVICE WAKEFIELD, VA
131 AM EDT TUE MAY 26 2015


...................................

...THE RICHMOND VA CLIMATE SUMMARY FOR MAY 25 2015...

CLIMATE NORMAL PERIOD 1981 TO 2010
CLIMATE RECORD PERIOD 1871 TO 2015


WEATHER ITEM   OBSERVED TIME   RECORD YEAR NORMAL DEPARTURE LAST
                VALUE   (LST)  VALUE       VALUE  FROM      YEAR
                                                  NORMAL
..................................................................
TEMPERATURE (F)
 YESTERDAY
  MAXIMUM         85    334 PM  93    2004  80      5       83
                                      1991
  MINIMUM         61    516 AM  39    1967  58      3       55
  AVERAGE         73                        69      4       69

PRECIPITATION (IN)
  YESTERDAY        0.00          2.25 1958   0.13  -0.13     0.00
  MONTH TO DATE    1.61                      3.00  -1.39     2.09
  SINCE MAR 1     10.72                     10.31   0.41     9.38
  SINCE JAN 1     17.98                     16.11   1.87    15.69

SNOWFALL (IN)
  YESTERDAY        0.0           0.0  2002   0.0    0.0
                                      2001
  MONTH TO DATE    0.0                       0.0    0.0
  SINCE NOV 1     12.8                      10.3    2.5
  SINCE JUL 1     12.8                      10.3    2.5
  SNOW DEPTH       0

DEGREE DAYS
 HEATING
  YESTERDAY        0                         1     -1        0
  MONTH TO DATE   28                        68    -40       19
  SINCE MAR 1    744                       824    -80      826
  SINCE JUL 1   3846                      3760     86     3779

 COOLING
  YESTERDAY        8                         5      3        4
  MONTH TO DATE  155                        81     74      135
  SINCE MAR 1    180                       123     57      164
  SINCE JAN 1    180                       123     57      164
..................................................................


WIND (MPH)
  HIGHEST WIND SPEED    20   HIGHEST WIND DIRECTION    SW (210)
  HIGHEST GUST SPEED    28   HIGHEST GUST DIRECTION    SW (210)
  AVERAGE WIND SPEED    10.0


SKY COVER
  POSSIBLE SUNSHINE  MM
  AVERAGE SKY COVER 0.3


WEATHER CONDITIONS
 THE FOLLOWING WEATHER WAS RECORDED YESTERDAY.
  NO SIGNIFICANT WEATHER WAS OBSERVED.


RELATIVE HUMIDITY (PERCENT)
 HIGHEST    84           600 AM
 LOWEST     37           400 PM
 AVERAGE    61

..........................................................


THE RICHMOND VA CLIMATE NORMALS FOR TODAY
                         NORMAL    RECORD    YEAR
 MAXIMUM TEMPERATURE (F)   80        94      1991
                                             1984
                                             1953
 MINIMUM TEMPERATURE (F)   58        42      1925


SUNRISE AND SUNSET
MAY 26 2015...........SUNRISE   553 AM EDT   SUNSET   820 PM EDT
MAY 27 2015...........SUNRISE   552 AM EDT   SUNSET   821 PM EDT


-  INDICATES NEGATIVE NUMBERS.
R  INDICATES RECORD WAS SET OR TIED.
MM INDICATES DATA IS MISSING.
T  INDICATES TRACE AMOUNT.




$$
