000
CDUS41 KAKQ 020632
CLIRIC


CLIMATE REPORT
NATIONAL WEATHER SERVICE WAKEFIELD, VA
132 AM EST MON MAR 2 2015


...................................

...THE RICHMOND VA CLIMATE SUMMARY FOR MARCH 1 2015...

CLIMATE NORMAL PERIOD 1981 TO 2010
CLIMATE RECORD PERIOD 1871 TO 2015


WEATHER ITEM   OBSERVED TIME   RECORD YEAR NORMAL DEPARTURE LAST
                VALUE   (LST)  VALUE       VALUE  FROM      YEAR
                                                  NORMAL
..................................................................
TEMPERATURE (F)
 YESTERDAY
  MAXIMUM         33   1159 PM  80    1976  55    -22       52
                                      1918
  MINIMUM         23    327 AM  11    1937  33    -10       22
  AVERAGE         28                        44    -16       37

PRECIPITATION (IN)
  YESTERDAY        0.16          0.93 2009   0.11   0.05     0.00
  MONTH TO DATE    0.16                      0.11   0.05     0.00
  SINCE MAR 1      0.16                      0.11   0.05     0.00
  SINCE JAN 1      7.42                      5.91   1.51     6.31

SNOWFALL (IN)
  YESTERDAY        0.0          10.6  1980   0.0    0.0
  MONTH TO DATE    0.0                       0.0    0.0
  SINCE NOV 1     12.5                       9.6    2.9
  SINCE JUL 1     12.5                       9.6    2.9
  SNOW DEPTH       1

DEGREE DAYS
 HEATING
  YESTERDAY       37                        21     16       28
  MONTH TO DATE   37                        21     16       28
  SINCE MAR 1     37                        21     16       28
  SINCE JUL 1   3139                      2957    182     2981

 COOLING
  YESTERDAY        0                         0      0        0
  MONTH TO DATE    0                         0      0        0
  SINCE MAR 1      0                         0      0        0
  SINCE JAN 1      0                         0      0        0
..................................................................


WIND (MPH)
  HIGHEST WIND SPEED     8   HIGHEST WIND DIRECTION     S (200)
  HIGHEST GUST SPEED    12   HIGHEST GUST DIRECTION    SW (220)
  AVERAGE WIND SPEED     2.5


SKY COVER
  POSSIBLE SUNSHINE  MM
  AVERAGE SKY COVER 0.9


WEATHER CONDITIONS
 THE FOLLOWING WEATHER WAS RECORDED YESTERDAY.
  LT FREEZING RAIN
  FOG


RELATIVE HUMIDITY (PERCENT)
 HIGHEST    92           400 PM
 LOWEST     60          1200 AM
 AVERAGE    76

..........................................................


THE RICHMOND VA CLIMATE NORMALS FOR TODAY
                         NORMAL    RECORD    YEAR
 MAXIMUM TEMPERATURE (F)   55        81      1972
 MINIMUM TEMPERATURE (F)   33        16      1980


SUNRISE AND SUNSET
MARCH  2 2015.........SUNRISE   640 AM EST   SUNSET   604 PM EST
MARCH  3 2015.........SUNRISE   638 AM EST   SUNSET   605 PM EST


-  INDICATES NEGATIVE NUMBERS.
R  INDICATES RECORD WAS SET OR TIED.
MM INDICATES DATA IS MISSING.
T  INDICATES TRACE AMOUNT.




$$
