000
CDUS41 KAKQ 190630
CLIRIC


CLIMATE REPORT
NATIONAL WEATHER SERVICE WAKEFIELD, VA
129 AM EST SUN FEB 19 2017


...................................

...THE RICHMOND VA CLIMATE SUMMARY FOR FEBRUARY 18 2017...

CLIMATE NORMAL PERIOD 1981 TO 2010
CLIMATE RECORD PERIOD 1871 TO 2017


WEATHER ITEM   OBSERVED TIME   RECORD YEAR NORMAL DEPARTURE LAST
                VALUE   (LST)  VALUE       VALUE  FROM      YEAR
                                                  NORMAL
..................................................................
TEMPERATURE (F)
 YESTERDAY
  MAXIMUM         74    234 PM  77    2011  52     22       46
                                      1976
  MINIMUM         33    709 AM   6    1979  31      2       25
  AVERAGE         54                        41     13       36

PRECIPITATION (IN)
  YESTERDAY        T             2.23 1889   0.10  -0.10     0.00
  MONTH TO DATE    0.52                      1.75  -1.23     2.47
  SINCE DEC 1      7.61                      8.05  -0.44    11.71
  SINCE JAN 1      4.81                      4.79   0.02     5.77

SNOWFALL (IN)
  YESTERDAY        0.0           7.6  1989   0.1   -0.1
  MONTH TO DATE    0.0                       2.4   -2.4
  SINCE NOV 1      7.1                       8.6   -1.5
  SINCE JUL 1      7.1                       8.6   -1.5
  SNOW DEPTH       0

DEGREE DAYS
 HEATING
  YESTERDAY       11                        24    -13       29
  MONTH TO DATE  346                       452   -106      497
  SINCE DEC 1   1798                      2037   -239     1801
  SINCE JUL 1   2388                      2713   -325     2393

 COOLING
  YESTERDAY        0                         0      0        0
  MONTH TO DATE    0                         0      0        0
  SINCE DEC 1      0                         1     -1        8
  SINCE JAN 1      0                         0      0        0
..................................................................


WIND (MPH)
  HIGHEST WIND SPEED    21   HIGHEST WIND DIRECTION    SW (210)
  HIGHEST GUST SPEED    27   HIGHEST GUST DIRECTION    SW (210)
  AVERAGE WIND SPEED     6.0


SKY COVER
  POSSIBLE SUNSHINE  MM
  AVERAGE SKY COVER 0.6


WEATHER CONDITIONS
 THE FOLLOWING WEATHER WAS RECORDED YESTERDAY.
  NO SIGNIFICANT WEATHER WAS OBSERVED.


RELATIVE HUMIDITY (PERCENT)
 HIGHEST    85           800 AM
 LOWEST     20           300 PM
 AVERAGE    53

..........................................................


THE RICHMOND VA CLIMATE NORMALS FOR TODAY
                         NORMAL    RECORD    YEAR
 MAXIMUM TEMPERATURE (F)   52        78      1961
                                             1939
 MINIMUM TEMPERATURE (F)   31         9      2015


SUNRISE AND SUNSET
FEBRUARY 19 2017......SUNRISE   653 AM EST   SUNSET   553 PM EST
FEBRUARY 20 2017......SUNRISE   652 AM EST   SUNSET   554 PM EST


-  INDICATES NEGATIVE NUMBERS.
R  INDICATES RECORD WAS SET OR TIED.
MM INDICATES DATA IS MISSING.
T  INDICATES TRACE AMOUNT.




$$
