000
CDUS41 KAKQ 250828
CLIRIC


CLIMATE REPORT
NATIONAL WEATHER SERVICE WAKEFIELD, VA
326 AM EST THU DEC 25 2014


...................................

...THE RICHMOND VA CLIMATE SUMMARY FOR DECEMBER 24 2014...

CLIMATE NORMAL PERIOD 1981 TO 2010
CLIMATE RECORD PERIOD 1871 TO 2014


WEATHER ITEM   OBSERVED TIME   RECORD YEAR NORMAL DEPARTURE LAST
                VALUE   (LST)  VALUE       VALUE  FROM      YEAR
                                                  NORMAL
..................................................................
TEMPERATURE (F)
 YESTERDAY
  MAXIMUM         66   1159 PM  71    1988  49     17       45
  MINIMUM         46    316 AM   6    1983  30     16       28
  AVERAGE         56                        39     17       37

PRECIPITATION (IN)
  YESTERDAY        1.17          2.35 1986   0.11   1.06     0.00
  MONTH TO DATE    2.65                      2.59   0.06     4.76
  SINCE DEC 1      2.65                      2.59   0.06     4.76
  SINCE JAN 1     35.25                     42.93  -7.68    52.33

SNOWFALL (IN)
  YESTERDAY        0.0           5.8  1966   0.0    0.0
  MONTH TO DATE    0.0                       1.5   -1.5
  SINCE NOV 1      T                         1.7   -1.7
  SINCE JUL 1      T                         1.7   -1.7
  SNOW DEPTH       0

DEGREE DAYS
 HEATING
  YESTERDAY        9                        26    -17       28
  MONTH TO DATE  507                       559    -52      483
  SINCE DEC 1    507                       559    -52      483
  SINCE JUL 1   1177                      1235    -58     1123

 COOLING
  YESTERDAY        0                         0      0        0
  MONTH TO DATE    0                         0      0        4
  SINCE DEC 1      0                         0      0        4
  SINCE JAN 1   1679                      1548    131     1682
..................................................................


WIND (MPH)
  HIGHEST WIND SPEED    18   HIGHEST WIND DIRECTION     S (180)
  HIGHEST GUST SPEED    25   HIGHEST GUST DIRECTION     S (190)
  AVERAGE WIND SPEED     5.2


SKY COVER
  POSSIBLE SUNSHINE  MM
  AVERAGE SKY COVER 1.0


WEATHER CONDITIONS
 THE FOLLOWING WEATHER WAS RECORDED YESTERDAY.
  HEAVY RAIN
  RAIN
  LIGHT RAIN
  FOG
  FOG W/VISIBILITY <= 1/4 MILE


RELATIVE HUMIDITY (PERCENT)
 HIGHEST    93           300 AM
 LOWEST     86           100 AM
 AVERAGE    90

..........................................................


THE RICHMOND VA CLIMATE NORMALS FOR TODAY
                         NORMAL    RECORD    YEAR
 MAXIMUM TEMPERATURE (F)   48        74      1955
 MINIMUM TEMPERATURE (F)   30         3      1983
                                             1935


SUNRISE AND SUNSET
DECEMBER 25 2014......SUNRISE   722 AM EST   SUNSET   457 PM EST
DECEMBER 26 2014......SUNRISE   722 AM EST   SUNSET   458 PM EST


-  INDICATES NEGATIVE NUMBERS.
R  INDICATES RECORD WAS SET OR TIED.
MM INDICATES DATA IS MISSING.
T  INDICATES TRACE AMOUNT.




$$
