000
CDUS41 KAKQ 310826
CLIRIC


CLIMATE REPORT
NATIONAL WEATHER SERVICE WAKEFIELD, VA
425 AM EDT THU JUL 31 2014


...................................

...THE RICHMOND VA CLIMATE SUMMARY FOR JULY 30 2014...

CLIMATE NORMAL PERIOD 1981 TO 2010
CLIMATE RECORD PERIOD 1871 TO 2014


WEATHER ITEM   OBSERVED TIME   RECORD YEAR NORMAL DEPARTURE LAST
                VALUE   (LST)  VALUE       VALUE  FROM      YEAR
                                                  NORMAL
..................................................................
TEMPERATURE (F)
 YESTERDAY
  MAXIMUM         82    458 PM 103    1953  89     -7       86
  MINIMUM         63    603 AM  58    1946  69     -6       65
                                      1914
  AVERAGE         73                        79     -6       76

PRECIPITATION (IN)
  YESTERDAY        0.00          7.24 1923   0.15  -0.15     0.00
  MONTH TO DATE    2.63                      4.35  -1.72     5.58
  SINCE JUN 1      6.02                      8.28  -2.26    12.08
  SINCE JAN 1     22.06                     25.17  -3.11    30.96

SNOWFALL (IN)
  YESTERDAY        0.0           0.0  2002   0.0    0.0
                                      2001
  MONTH TO DATE    0.0                       0.0    0.0
  SINCE NOV 1     14.5                      10.3    4.2
  SINCE JUL 1      0.0                       0.0    0.0
  SNOW DEPTH       0

DEGREE DAYS
 HEATING
  YESTERDAY        0                         0      0        0
  MONTH TO DATE    0                         0      0        0
  SINCE JUN 1      0                         7     -7        0
  SINCE JUL 1      0                         0      0        0

 COOLING
  YESTERDAY        8                        14     -6       11
  MONTH TO DATE  449                       429     20      479
  SINCE JUN 1    804                       744     60      837
  SINCE JAN 1   1012                       905    107     1050
..................................................................


WIND (MPH)
  HIGHEST WIND SPEED    13   HIGHEST WIND DIRECTION    SW (220)
  HIGHEST GUST SPEED    16   HIGHEST GUST DIRECTION    SW (220)
  AVERAGE WIND SPEED     4.5


SKY COVER
  POSSIBLE SUNSHINE  MM
  AVERAGE SKY COVER 0.5


WEATHER CONDITIONS
 THE FOLLOWING WEATHER WAS RECORDED YESTERDAY.
  NO SIGNIFICANT WEATHER WAS OBSERVED.


RELATIVE HUMIDITY (PERCENT)
 HIGHEST    78          1100 PM
 LOWEST     34           300 PM
 AVERAGE    56

..........................................................


THE RICHMOND VA CLIMATE NORMALS FOR TODAY
                         NORMAL    RECORD    YEAR
 MAXIMUM TEMPERATURE (F)   89       101      1954
 MINIMUM TEMPERATURE (F)   69        55      1932


SUNRISE AND SUNSET
JULY 31 2014..........SUNRISE   613 AM EDT   SUNSET   818 PM EDT
AUGUST  1 2014........SUNRISE   613 AM EDT   SUNSET   817 PM EDT


-  INDICATES NEGATIVE NUMBERS.
R  INDICATES RECORD WAS SET OR TIED.
MM INDICATES DATA IS MISSING.
T  INDICATES TRACE AMOUNT.




$$
