000
CDUS41 KAKQ 252145
CLIRIC


CLIMATE REPORT
NATIONAL WEATHER SERVICE WAKEFIELD, VA
545 PM EDT TUE JUL 25 2017


...................................

...THE RICHMOND VA CLIMATE SUMMARY FOR JULY 25 2017...
VALID TODAY AS OF 0500 PM LOCAL TIME.

CLIMATE NORMAL PERIOD 1981 TO 2010
CLIMATE RECORD PERIOD 1871 TO 2017


WEATHER ITEM   OBSERVED TIME   RECORD YEAR NORMAL DEPARTURE LAST
                VALUE   (LST)  VALUE       VALUE  FROM      YEAR
                                                  NORMAL
..................................................................
TEMPERATURE (F)
 TODAY
  MAXIMUM         87    355 PM 105    2010  89     -2       96
  MINIMUM         73    615 AM  56    1932  69      4       74
  AVERAGE         80

PRECIPITATION (IN)
  TODAY            0.00          2.65 1965   0.14  -0.14     0.00
  MONTH TO DATE    1.51                      3.58  -2.07     3.29
  SINCE JUN 1      3.84                      7.51  -3.67    11.10
  SINCE JAN 1     22.37                     24.40  -2.03    31.73

SNOWFALL (IN)
  TODAY            0.0
  MONTH TO DATE    0.0
  SINCE NOV 1      7.1
  SINCE JUL 1      0.0
  SNOW DEPTH       0

DEGREE DAYS
 HEATING
  TODAY            0                         0      0        0
  MONTH TO DATE    0                         0      0        0
  SINCE JUN 1      2                         7     -5        0
  SINCE JUL 1      0                         0      0        0

 COOLING
  TODAY           15                        14      1       20
  MONTH TO DATE  450                       359     91      367
  SINCE JUN 1    765                       674     91      662
  SINCE JAN 1    988                       835    153      771
..................................................................


WIND (MPH)
  RESULTANT WIND SPEED   8   RESULTANT WIND DIRECTION   N (10)
  HIGHEST WIND SPEED    16   HIGHEST WIND DIRECTION     N (20)
  HIGHEST GUST SPEED    24   HIGHEST GUST DIRECTION     N (20)


SKY COVER
  POSSIBLE SUNSHINE  MM
  AVERAGE SKY COVER 0.5


WEATHER CONDITIONS
 THE FOLLOWING WEATHER WAS RECORDED TODAY.
  NO SIGNIFICANT WEATHER WAS OBSERVED.


RELATIVE HUMIDITY (PERCENT)
 HIGHEST    79
 LOWEST     40
 AVERAGE    60

..........................................................


THE RICHMOND VA CLIMATE NORMALS FOR TOMORROW
                         NORMAL    RECORD    YEAR
 MAXIMUM TEMPERATURE (F)   89       100      1940
                                             1930
 MINIMUM TEMPERATURE (F)   69        57      1976
                                             1920


SUNRISE AND SUNSET
JULY 25 2017..........SUNRISE   608 AM EDT   SUNSET   823 PM EDT
JULY 26 2017..........SUNRISE   609 AM EDT   SUNSET   822 PM EDT


-  INDICATES NEGATIVE NUMBERS.
R  INDICATES RECORD WAS SET OR TIED.
MM INDICATES DATA IS MISSING.
T  INDICATES TRACE AMOUNT.




$$
