000
CDUS41 KAKQ 300545
CLIRIC


CLIMATE REPORT
NATIONAL WEATHER SERVICE WAKEFIELD, VA
145 AM EDT THU MAR 30 2017


...................................

...THE RICHMOND VA CLIMATE SUMMARY FOR MARCH 29 2017...

CLIMATE NORMAL PERIOD 1981 TO 2010
CLIMATE RECORD PERIOD 1871 TO 2017


WEATHER ITEM   OBSERVED TIME   RECORD YEAR NORMAL DEPARTURE LAST
                VALUE   (LST)  VALUE       VALUE  FROM      YEAR
                                                  NORMAL
..................................................................
TEMPERATURE (F)
 YESTERDAY
  MAXIMUM         69    451 PM  94    1907  65      4       65
  MINIMUM         48   1157 PM  22    1923  41      7       42
  AVERAGE         59                        53      6       54

PRECIPITATION (IN)
  YESTERDAY        0.00          2.82 1991   0.14  -0.14     0.00
  MONTH TO DATE    2.22                      3.78  -1.56     1.01
  SINCE MAR 1      2.22                      3.78  -1.56     1.01
  SINCE JAN 1      7.22                      9.58  -2.36     8.66

SNOWFALL (IN)
  YESTERDAY        0.0           0.3  1984   0.0    0.0
  MONTH TO DATE    T                         0.6   -0.6
  SINCE NOV 1      7.1                      10.2   -3.1
  SINCE JUL 1      7.1                      10.2   -3.1
  SNOW DEPTH       0

DEGREE DAYS
 HEATING
  YESTERDAY        6                        13     -7       11
  MONTH TO DATE  473                       491    -18      344
  SINCE MAR 1    473                       491    -18      344
  SINCE JUL 1   2955                      3427   -472     2932

 COOLING
  YESTERDAY        0                         0      0        0
  MONTH TO DATE    8                         0      8        6
  SINCE MAR 1      8                         0      8        6
  SINCE JAN 1      8                         0      8        6
..................................................................


WIND (MPH)
  HIGHEST WIND SPEED    17   HIGHEST WIND DIRECTION    NE (40)
  HIGHEST GUST SPEED    27   HIGHEST GUST DIRECTION     N (360)
  AVERAGE WIND SPEED     7.5


SKY COVER
  POSSIBLE SUNSHINE  MM
  AVERAGE SKY COVER 0.6


WEATHER CONDITIONS
 THE FOLLOWING WEATHER WAS RECORDED YESTERDAY.
  NO SIGNIFICANT WEATHER WAS OBSERVED.


RELATIVE HUMIDITY (PERCENT)
 HIGHEST    93           500 AM
 LOWEST     37           400 PM
 AVERAGE    65

..........................................................


THE RICHMOND VA CLIMATE NORMALS FOR TODAY
                         NORMAL    RECORD    YEAR
 MAXIMUM TEMPERATURE (F)   65        91      1910
 MINIMUM TEMPERATURE (F)   41        25      1941


SUNRISE AND SUNSET
MARCH 30 2017.........SUNRISE   657 AM EDT   SUNSET   731 PM EDT
MARCH 31 2017.........SUNRISE   656 AM EDT   SUNSET   731 PM EDT


-  INDICATES NEGATIVE NUMBERS.
R  INDICATES RECORD WAS SET OR TIED.
MM INDICATES DATA IS MISSING.
T  INDICATES TRACE AMOUNT.




$$
