000
CDUS41 KAKQ 190645
CLIRIC


CLIMATE REPORT
NATIONAL WEATHER SERVICE WAKEFIELD, VA
145 AM EST THU JAN 19 2017


...................................

...THE RICHMOND VA CLIMATE SUMMARY FOR JANUARY 18 2017...

CLIMATE NORMAL PERIOD 1981 TO 2010
CLIMATE RECORD PERIOD 1871 TO 2017


WEATHER ITEM   OBSERVED TIME   RECORD YEAR NORMAL DEPARTURE LAST
                VALUE   (LST)  VALUE       VALUE  FROM      YEAR
                                                  NORMAL
..................................................................
TEMPERATURE (F)
 YESTERDAY
  MAXIMUM         64    312 PM  70    1929  47     17       33
  MINIMUM         43   1159 PM   0    1957  28     15       17
  AVERAGE         54                        38     16       25

PRECIPITATION (IN)
  YESTERDAY        0.01          1.54 2015   0.10  -0.09     0.00
  MONTH TO DATE    2.41                      1.76   0.65     1.53
  SINCE DEC 1      5.21                      5.02   0.19     7.47
  SINCE JAN 1      2.41                      1.76   0.65     1.53

SNOWFALL (IN)
  YESTERDAY       MM             1.2  1994   0.1   MM
  MONTH TO DATE    7.1                       2.0    5.1
  SINCE NOV 1      7.1                       4.3    2.8
  SINCE JUL 1      7.1                       4.3    2.8
  SNOW DEPTH       0

DEGREE DAYS
 HEATING
  YESTERDAY       11                        27    -16       40
  MONTH TO DATE  455                       486    -31      479
  SINCE DEC 1   1189                      1229    -40      882
  SINCE JUL 1   1779                      1905   -126     1474

 COOLING
  YESTERDAY        0                         0      0        0
  MONTH TO DATE    0                         0      0        0
  SINCE DEC 1      0                         1     -1        8
  SINCE JAN 1      0                         0      0        0
..................................................................


WIND (MPH)
  HIGHEST WIND SPEED    20   HIGHEST WIND DIRECTION    NW (320)
  HIGHEST GUST SPEED    27   HIGHEST GUST DIRECTION    NW (320)
  AVERAGE WIND SPEED     7.2


SKY COVER
  POSSIBLE SUNSHINE  MM
  AVERAGE SKY COVER 0.6


WEATHER CONDITIONS
 THE FOLLOWING WEATHER WAS RECORDED YESTERDAY.
  LIGHT RAIN
  FOG


RELATIVE HUMIDITY (PERCENT)
 HIGHEST   100          1200 AM
 LOWEST     37           300 PM
 AVERAGE    69

..........................................................


THE RICHMOND VA CLIMATE NORMALS FOR TODAY
                         NORMAL    RECORD    YEAR
 MAXIMUM TEMPERATURE (F)   47        72      1974
 MINIMUM TEMPERATURE (F)   28        -1      1994


SUNRISE AND SUNSET
JANUARY 19 2017.......SUNRISE   721 AM EST   SUNSET   520 PM EST
JANUARY 20 2017.......SUNRISE   721 AM EST   SUNSET   521 PM EST


-  INDICATES NEGATIVE NUMBERS.
R  INDICATES RECORD WAS SET OR TIED.
MM INDICATES DATA IS MISSING.
T  INDICATES TRACE AMOUNT.




$$
