000
CDUS41 KAKQ 300834
CLIRIC


CLIMATE REPORT
NATIONAL WEATHER SERVICE WAKEFIELD, VA
434 AM EDT MON MAR 30 2015


...................................

...THE RICHMOND VA CLIMATE SUMMARY FOR MARCH 29 2015...

CLIMATE NORMAL PERIOD 1981 TO 2010
CLIMATE RECORD PERIOD 1871 TO 2015


WEATHER ITEM   OBSERVED TIME   RECORD YEAR NORMAL DEPARTURE LAST
                VALUE   (LST)  VALUE       VALUE  FROM      YEAR
                                                  NORMAL
..................................................................
TEMPERATURE (F)
 YESTERDAY
  MAXIMUM         50    431 PM  94    1907  65    -15       66
  MINIMUM         26    607 AM  22    1923  41    -15       59
  AVERAGE         38                        53    -15       63

PRECIPITATION (IN)
  YESTERDAY        0.00          2.82 1991   0.14  -0.14     0.98
  MONTH TO DATE    3.73                      3.78  -0.05     2.73
  SINCE MAR 1      3.73                      3.78  -0.05     2.73
  SINCE JAN 1     10.99                      9.58   1.41     9.04

SNOWFALL (IN)
  YESTERDAY        0.0           0.3  1984   0.0    0.0
  MONTH TO DATE    0.3                       0.6   -0.3
  SINCE NOV 1     12.8                      10.2    2.6
  SINCE JUL 1     12.8                      10.2    2.6
  SNOW DEPTH       0

DEGREE DAYS
 HEATING
  YESTERDAY       27                        13     14        2
  MONTH TO DATE  515                       491     24      592
  SINCE MAR 1    515                       491     24      592
  SINCE JUL 1   3617                      3427    190     3545

 COOLING
  YESTERDAY        0                         0      0        0
  MONTH TO DATE    0                         0      0        2
  SINCE MAR 1      0                         0      0        2
  SINCE JAN 1      0                         0      0        2
..................................................................


WIND (MPH)
  HIGHEST WIND SPEED    16   HIGHEST WIND DIRECTION     N (340)
  HIGHEST GUST SPEED    21   HIGHEST GUST DIRECTION    NW (320)
  AVERAGE WIND SPEED     8.1


SKY COVER
  POSSIBLE SUNSHINE  MM
  AVERAGE SKY COVER 0.3


WEATHER CONDITIONS
 THE FOLLOWING WEATHER WAS RECORDED YESTERDAY.
  NO SIGNIFICANT WEATHER WAS OBSERVED.


RELATIVE HUMIDITY (PERCENT)
 HIGHEST    50           300 AM
 LOWEST     14           300 PM
 AVERAGE    32

..........................................................


THE RICHMOND VA CLIMATE NORMALS FOR TODAY
                         NORMAL    RECORD    YEAR
 MAXIMUM TEMPERATURE (F)   65        91      1910
 MINIMUM TEMPERATURE (F)   41        25      1941


SUNRISE AND SUNSET
MARCH 30 2015.........SUNRISE   658 AM EDT   SUNSET   730 PM EDT
MARCH 31 2015.........SUNRISE   657 AM EDT   SUNSET   731 PM EDT


-  INDICATES NEGATIVE NUMBERS.
R  INDICATES RECORD WAS SET OR TIED.
MM INDICATES DATA IS MISSING.
T  INDICATES TRACE AMOUNT.




$$
