000
CDUS45 KGJT 290746
CLIRIL


CLIMATE REPORT
NATIONAL WEATHER SERVICE GRAND JUNCTION CO
140 AM MDT TUE JUL 29 2014


...................................

...THE RIFLE CO CLIMATE SUMMARY FOR JULY 28 2014...

CLIMATE NORMAL PERIOD 1981 TO 2010
CLIMATE RECORD PERIOD 9999 TO 9999


WEATHER ITEM   OBSERVED TIME   RECORD YEAR NORMAL DEPARTURE LAST
                VALUE   (LST)  VALUE       VALUE  FROM      YEAR
                                                  NORMAL
..................................................................
TEMPERATURE (F)
 YESTERDAY
  MAXIMUM         88    139 PM  MM      MM  91     -3       78
  MINIMUM         63   1159 PM  MM      MM  56      7       61
  AVERAGE         76                        73      3       70

PRECIPITATION (IN)
  YESTERDAY        0.05         MM      MM   0.06  -0.01     0.22
  MONTH TO DATE    0.63                      0.96  -0.33     0.76
  SINCE JUN 1      0.74                      1.98  -1.24     0.76
  SINCE JAN 1      5.23                      7.40  -2.17     4.75

SNOWFALL (IN)
  YESTERDAY       MM            MM      MM  MM     MM       MM
  MONTH TO DATE   MM                        MM     MM       MM
  SINCE JUN 1     MM                        MM     MM       MM
  SINCE JUL 1     MM                        MM     MM       MM
  SNOW DEPTH      MM

DEGREE DAYS
 HEATING
  YESTERDAY        0                         0      0        0
  MONTH TO DATE    0                         0      0        0
  SINCE JUN 1     40                        59    -19       13
  SINCE JUL 1      0                         0      0        0

 COOLING
  YESTERDAY       11                         8      3        5
  MONTH TO DATE  286                       212     74      319
  SINCE JUN 1    368                       307     61      470
  SINCE JAN 1    382                       314     68      477
..................................................................


WIND (MPH)
  HIGHEST WIND SPEED    26   HIGHEST WIND DIRECTION     E (80)
  HIGHEST GUST SPEED    30   HIGHEST GUST DIRECTION     E (80)
  AVERAGE WIND SPEED     6.6


SKY COVER
  POSSIBLE SUNSHINE  MM
  AVERAGE SKY COVER 0.4


WEATHER CONDITIONS
 THE FOLLOWING WEATHER WAS RECORDED YESTERDAY.
  THUNDERSTORM
  LIGHT RAIN


RELATIVE HUMIDITY (PERCENT)
 HIGHEST    84          1000 PM
 LOWEST     27           100 PM
 AVERAGE    56

..........................................................


THE RIFLE CO CLIMATE NORMALS FOR TODAY
                         NORMAL    RECORD    YEAR
 MAXIMUM TEMPERATURE (F)   91        MM        MM
 MINIMUM TEMPERATURE (F)   56        MM        MM


SUNRISE AND SUNSET
JULY 29 2014..........SUNRISE   608 AM MDT   SUNSET   826 PM MDT
JULY 30 2014..........SUNRISE   609 AM MDT   SUNSET   825 PM MDT


-  INDICATES NEGATIVE NUMBERS.
R  INDICATES RECORD WAS SET OR TIED.
MM INDICATES DATA IS MISSING.
T  INDICATES TRACE AMOUNT.




$$
