000
CDUS45 KRIW 250731
CLIRIW


CLIMATE REPORT
NATIONAL WEATHER SERVICE RIVERTON WY
131 AM MDT TUE JUL 25 2017


...................................

...THE RIVERTON WY CLIMATE SUMMARY FOR JULY 24 2017...

CLIMATE NORMAL PERIOD 1981 TO 2010
CLIMATE RECORD PERIOD 1995 TO 2017


WEATHER ITEM   OBSERVED TIME   RECORD YEAR NORMAL DEPARTURE LAST
                VALUE   (LST)  VALUE       VALUE  FROM      YEAR
                                                  NORMAL
..................................................................
TEMPERATURE (F)
 YESTERDAY
  MAXIMUM         95    219 PM 100    2003  89      6       88
  MINIMUM         59    237 AM  46    2004  58      1       56
  AVERAGE         77                        73      4       72

PRECIPITATION (IN)
  YESTERDAY        0.00          0.47 1998   0.03  -0.03     0.00
  MONTH TO DATE    0.07                      0.74  -0.67      T
  SINCE JUN 1      0.27                      2.02  -1.75     0.39
  SINCE JAN 1     10.43                      6.10   4.33     9.28

SNOWFALL (IN)
  YESTERDAY        0.0                                       0.0
  MONTH TO DATE    0.0                                       0.0
  SINCE JUN 1      0.0                                       0.0
  SINCE JUL 1      0.0                                       0.0
  SNOW DEPTH       0

DEGREE DAYS
 HEATING
  YESTERDAY        0                         0      0        0
  MONTH TO DATE    0                         8     -8        4
  SINCE JUN 1     69                       127    -58       20
  SINCE JUL 1      0                         8     -8        4

 COOLING
  YESTERDAY       12                         8      4        7
  MONTH TO DATE  247                       162     85      181
  SINCE JUN 1    298                       228     70      343
  SINCE JAN 1    298                       237     61      343
..................................................................


WIND (MPH)
  HIGHEST WIND SPEED    28   HIGHEST WIND DIRECTION     W (270)
  HIGHEST GUST SPEED    35   HIGHEST GUST DIRECTION     W (280)
  AVERAGE WIND SPEED     7.8


SKY COVER
  POSSIBLE SUNSHINE  MM
  AVERAGE SKY COVER 0.0


WEATHER CONDITIONS
 THE FOLLOWING WEATHER WAS RECORDED YESTERDAY.
  NO SIGNIFICANT WEATHER WAS OBSERVED.


RELATIVE HUMIDITY (PERCENT)
 HIGHEST    34           300 AM
 LOWEST     10          1200 PM
 AVERAGE    22

..........................................................


THE RIVERTON WY CLIMATE NORMALS FOR TODAY
                         NORMAL    RECORD    YEAR
 MAXIMUM TEMPERATURE (F)   89        96      2011
 MINIMUM TEMPERATURE (F)   58        50      2004


SUNRISE AND SUNSET
JULY 25 2017..........SUNRISE   558 AM MDT   SUNSET   842 PM MDT
JULY 26 2017..........SUNRISE   559 AM MDT   SUNSET   841 PM MDT


-  INDICATES NEGATIVE NUMBERS.
R  INDICATES RECORD WAS SET OR TIED.
MM INDICATES DATA IS MISSING.
T  INDICATES TRACE AMOUNT.




$$
