000
CDUS45 KRIW 270739
CLIRIW


CLIMATE REPORT
NATIONAL WEATHER SERVICE RIVERTON WY
1239 AM MST TUE JAN 27 2015


...................................

...THE RIVERTON WY CLIMATE SUMMARY FOR JANUARY 26 2015...

CLIMATE NORMAL PERIOD 1981 TO 2010
CLIMATE RECORD PERIOD 1995 TO 2015


WEATHER ITEM   OBSERVED TIME   RECORD YEAR NORMAL DEPARTURE LAST
                VALUE   (LST)  VALUE       VALUE  FROM      YEAR
                                                  NORMAL
..................................................................
TEMPERATURE (F)
 YESTERDAY
  MAXIMUM         44    408 PM  53    2002  31     13       38
  MINIMUM         23    727 AM  -9    2009   9     14       18
  AVERAGE         34                        20     14       28

PRECIPITATION (IN)
  YESTERDAY        0.00          0.04 2009   0.01  -0.01      T
  MONTH TO DATE    0.03                      0.20  -0.17     0.68
  SINCE DEC 1      0.68                      0.52   0.16     0.96
  SINCE JAN 1      0.03                      0.20  -0.17     0.68

SNOWFALL (IN)
  YESTERDAY        0.0                                        T
  MONTH TO DATE    0.4                                      11.1
  SINCE DEC 1      7.3                                      17.9
  SINCE JUL 1     12.8                                      44.2
  SNOW DEPTH       T

DEGREE DAYS
 HEATING
  YESTERDAY       31                        45    -14       37
  MONTH TO DATE 1156                      1176    -20     1085
  SINCE DEC 1   2460                      2577   -117     2491
  SINCE JUL 1   4237                      4493   -256     4389

 COOLING
  YESTERDAY        0                         0      0        0
  MONTH TO DATE    0                         0      0        0
  SINCE DEC 1      0                         0      0        0
  SINCE JAN 1      0                         0      0        0
..................................................................


WIND (MPH)
  HIGHEST WIND SPEED    10   HIGHEST WIND DIRECTION    NW (310)
  HIGHEST GUST SPEED    11   HIGHEST GUST DIRECTION    NW (320)
  AVERAGE WIND SPEED     4.6


SKY COVER
  POSSIBLE SUNSHINE  MM
  AVERAGE SKY COVER 0.0


WEATHER CONDITIONS
 THE FOLLOWING WEATHER WAS RECORDED YESTERDAY.
  NO SIGNIFICANT WEATHER WAS OBSERVED.


RELATIVE HUMIDITY (PERCENT)
 HIGHEST    88           800 AM
 LOWEST     53           100 PM
 AVERAGE    71

..........................................................


THE RIVERTON WY CLIMATE NORMALS FOR TODAY
                         NORMAL    RECORD    YEAR
 MAXIMUM TEMPERATURE (F)   32        54      2003
 MINIMUM TEMPERATURE (F)    9       -19      2009


SUNRISE AND SUNSET
JANUARY 27 2015.......SUNRISE   734 AM MST   SUNSET   520 PM MST
JANUARY 28 2015.......SUNRISE   733 AM MST   SUNSET   521 PM MST


-  INDICATES NEGATIVE NUMBERS.
R  INDICATES RECORD WAS SET OR TIED.
MM INDICATES DATA IS MISSING.
T  INDICATES TRACE AMOUNT.




$$
