000
CDUS45 KRIW 260757
CLIRIW


CLIMATE REPORT
NATIONAL WEATHER SERVICE RIVERTON WY
1245 AM MST WED NOV 26 2014


...................................

...THE RIVERTON WY CLIMATE SUMMARY FOR NOVEMBER 25 2014...

CLIMATE NORMAL PERIOD 1981 TO 2010
CLIMATE RECORD PERIOD 1995 TO 2014


WEATHER ITEM   OBSERVED TIME   RECORD YEAR NORMAL DEPARTURE LAST
                VALUE   (LST)  VALUE       VALUE  FROM      YEAR
                                                  NORMAL
..................................................................
TEMPERATURE (F)
 YESTERDAY
  MAXIMUM         46    248 PM  59    1995  37      9       40
  MINIMUM         24    514 AM  -5    2002  14     10       16
  AVERAGE         35                        25     10       28

PRECIPITATION (IN)
  YESTERDAY        0.06R         0.01 2011   0.01   0.05     0.00
  MONTH TO DATE    0.39                      0.42  -0.03     0.03
  SINCE SEP 1      1.36                      2.21  -0.85     4.98
  SINCE JAN 1      6.73                      9.03  -2.30     9.04

SNOWFALL (IN)
  YESTERDAY        1.5                                       0.0
  MONTH TO DATE    4.8                                       1.5
  SINCE SEP 1      5.1                                      26.3
  SINCE JUL 1      5.1                                      26.3
  SNOW DEPTH       T

DEGREE DAYS
 HEATING
  YESTERDAY       30                        40    -10       37
  MONTH TO DATE  970                       832    138      785
  SINCE SEP 1   1596                      1674    -78     1731
  SINCE JUL 1   1646                      1712    -66     1731

 COOLING
  YESTERDAY        0                         0      0        0
  MONTH TO DATE    0                         0      0        0
  SINCE SEP 1     31                        26      5       68
  SINCE JAN 1    431                       494    -63      798
..................................................................


WIND (MPH)
  HIGHEST WIND SPEED    32   HIGHEST WIND DIRECTION     W (270)
  HIGHEST GUST SPEED    37   HIGHEST GUST DIRECTION     W (260)
  AVERAGE WIND SPEED    11.7


SKY COVER
  POSSIBLE SUNSHINE  MM
  AVERAGE SKY COVER 0.2


WEATHER CONDITIONS
 THE FOLLOWING WEATHER WAS RECORDED YESTERDAY.
  LIGHT SNOW
  FOG


RELATIVE HUMIDITY (PERCENT)
 HIGHEST    92           900 PM
 LOWEST     45           200 PM
 AVERAGE    69

..........................................................


THE RIVERTON WY CLIMATE NORMALS FOR TODAY
                         NORMAL    RECORD    YEAR
 MAXIMUM TEMPERATURE (F)   36        59      1999
 MINIMUM TEMPERATURE (F)   14         0      2002


SUNRISE AND SUNSET
NOVEMBER 26 2014......SUNRISE   720 AM MST   SUNSET   442 PM MST
NOVEMBER 27 2014......SUNRISE   721 AM MST   SUNSET   442 PM MST


-  INDICATES NEGATIVE NUMBERS.
R  INDICATES RECORD WAS SET OR TIED.
MM INDICATES DATA IS MISSING.
T  INDICATES TRACE AMOUNT.




$$
