000
CDUS45 KRIW 270741
CLIRIW


CLIMATE REPORT
NATIONAL WEATHER SERVICE RIVERTON WY
1241 AM MST FRI FEB 27 2015


...................................

...THE RIVERTON WY CLIMATE SUMMARY FOR FEBRUARY 26 2015...

CLIMATE NORMAL PERIOD 1981 TO 2010
CLIMATE RECORD PERIOD 1995 TO 2015


WEATHER ITEM   OBSERVED TIME   RECORD YEAR NORMAL DEPARTURE LAST
                VALUE   (LST)  VALUE       VALUE  FROM      YEAR
                                                  NORMAL
..................................................................
TEMPERATURE (F)
 YESTERDAY
  MAXIMUM         19   1241 AM  52    2005  40    -21       27
  MINIMUM         -1   1159 PM -12    2002  17    -18       -6
  AVERAGE          9                        28    -19       11

PRECIPITATION (IN)
  YESTERDAY        0.02R         T    2011   0.02   0.00      T
                                      2011
                                      2014
  MONTH TO DATE    1.04                      0.25   0.79     0.22
  SINCE DEC 1      1.72                      0.81   0.91     1.18
  SINCE JAN 1      1.07                      0.49   0.58     0.90

SNOWFALL (IN)
  YESTERDAY        0.8                                        T
  MONTH TO DATE   15.8                                       5.0
  SINCE DEC 1     23.1                                      22.9
  SINCE JUL 1     28.6                                      49.2
  SNOW DEPTH       2

DEGREE DAYS
 HEATING
  YESTERDAY       56                        37     19       54
  MONTH TO DATE  894                      1069   -175     1183
  SINCE DEC 1   3509                      3868   -359     3898
  SINCE JUL 1   5286                      5784   -498     5796

 COOLING
  YESTERDAY        0                         0      0        0
  MONTH TO DATE    0                         0      0        0
  SINCE DEC 1      0                         0      0        0
  SINCE JAN 1      0                         0      0        0
..................................................................


WIND (MPH)
  HIGHEST WIND SPEED    15   HIGHEST WIND DIRECTION    NE (60)
  HIGHEST GUST SPEED    18   HIGHEST GUST DIRECTION    NE (50)
  AVERAGE WIND SPEED     9.5


SKY COVER
  POSSIBLE SUNSHINE  MM
  AVERAGE SKY COVER 1.0


WEATHER CONDITIONS
 THE FOLLOWING WEATHER WAS RECORDED YESTERDAY.
  LIGHT SNOW
  FOG


RELATIVE HUMIDITY (PERCENT)
 HIGHEST    84           400 AM
 LOWEST     67           100 PM
 AVERAGE    76

..........................................................


THE RIVERTON WY CLIMATE NORMALS FOR TODAY
                         NORMAL    RECORD    YEAR
 MAXIMUM TEMPERATURE (F)   41        56      2006
 MINIMUM TEMPERATURE (F)   17       -16      1996


SUNRISE AND SUNSET
FEBRUARY 27 2015......SUNRISE   653 AM MST   SUNSET   600 PM MST
FEBRUARY 28 2015......SUNRISE   652 AM MST   SUNSET   602 PM MST


-  INDICATES NEGATIVE NUMBERS.
R  INDICATES RECORD WAS SET OR TIED.
MM INDICATES DATA IS MISSING.
T  INDICATES TRACE AMOUNT.




$$
