000
CDUS45 KRIW 300734
CLIRIW


CLIMATE REPORT
NATIONAL WEATHER SERVICE RIVERTON WY
131 AM MDT TUE JUN 30 2015


...................................

...THE RIVERTON WY CLIMATE SUMMARY FOR JUNE 29 2015...

CLIMATE NORMAL PERIOD 1981 TO 2010
CLIMATE RECORD PERIOD 1995 TO 2015


WEATHER ITEM   OBSERVED TIME   RECORD YEAR NORMAL DEPARTURE LAST
                VALUE   (LST)  VALUE       VALUE  FROM      YEAR
                                                  NORMAL
..................................................................
TEMPERATURE (F)
 YESTERDAY
  MAXIMUM         91    532 PM  98    2007  83      8       83
                                      2002
  MINIMUM         62    511 AM  47    2014  53      9       47
  AVERAGE         77                        68      9       65

PRECIPITATION (IN)
  YESTERDAY        0.00          T    2005   0.04  -0.04     0.00
                                      2005
                                      2013
  MONTH TO DATE    0.78                      1.25  -0.47     1.12
  SINCE JUN 1      0.78                      1.25  -0.47     1.12
  SINCE JAN 1      7.63                      5.33   2.30     3.44

SNOWFALL (IN)
  YESTERDAY        0.0                                       0.0
  MONTH TO DATE    T                                         0.0
  SINCE JUN 1      T                                         0.0
  SINCE JUL 1     39.1                                      55.8
  SNOW DEPTH       0

DEGREE DAYS
 HEATING
  YESTERDAY        0                         1     -1        0
  MONTH TO DATE   23                       118    -95      125
  SINCE JUN 1     23                       118    -95      125
  SINCE JUL 1   7209                      7869   -660     7867

 COOLING
  YESTERDAY       12                         4      8        0
  MONTH TO DATE  119                        62     57       23
  SINCE JUN 1    119                        62     57       23
  SINCE JAN 1    119                        71     48       38
..................................................................


WIND (MPH)
  HIGHEST WIND SPEED    16   HIGHEST WIND DIRECTION    NW (300)
  HIGHEST GUST SPEED    19   HIGHEST GUST DIRECTION    NW (300)
  AVERAGE WIND SPEED     5.6


SKY COVER
  POSSIBLE SUNSHINE  MM
  AVERAGE SKY COVER 0.0


WEATHER CONDITIONS
 THE FOLLOWING WEATHER WAS RECORDED YESTERDAY.
  NO SIGNIFICANT WEATHER WAS OBSERVED.


RELATIVE HUMIDITY (PERCENT)
 HIGHEST    67           100 AM
 LOWEST     16           400 PM
 AVERAGE    42

..........................................................


THE RIVERTON WY CLIMATE NORMALS FOR TODAY
                         NORMAL    RECORD    YEAR
 MAXIMUM TEMPERATURE (F)   83        98      2007
 MINIMUM TEMPERATURE (F)   53        46      2005


SUNRISE AND SUNSET
JUNE 30 2015..........SUNRISE   538 AM MDT   SUNSET   857 PM MDT
JULY  1 2015..........SUNRISE   538 AM MDT   SUNSET   857 PM MDT


-  INDICATES NEGATIVE NUMBERS.
R  INDICATES RECORD WAS SET OR TIED.
MM INDICATES DATA IS MISSING.
T  INDICATES TRACE AMOUNT.




$$
