000
CDUS45 KRIW 230737
CLIRKS


CLIMATE REPORT
NATIONAL WEATHER SERVICE RIVERTON WY
129 AM MDT TUE SEP 23 2014


...................................

...THE ROCK SPRINGS WY CLIMATE SUMMARY FOR SEPTEMBER 22 2014...

CLIMATE NORMAL PERIOD 1981 TO 2010
CLIMATE RECORD PERIOD 1948 TO 2014


WEATHER ITEM   OBSERVED TIME   RECORD YEAR NORMAL DEPARTURE LAST
                VALUE   (LST)  VALUE       VALUE  FROM      YEAR
                                                  NORMAL
..................................................................
TEMPERATURE (F)
 YESTERDAY
  MAXIMUM         68    156 PM  84    1966  67      1       62
  MINIMUM         46    353 AM  21    2000  40      6       46
  AVERAGE         57                        54      3       54

PRECIPITATION (IN)
  YESTERDAY        T             0.74 2000   0.03  -0.03     0.06
  MONTH TO DATE    0.05                      0.66  -0.61     0.69
  SINCE SEP 1      0.05                      0.66  -0.61     0.69
  SINCE JAN 1      2.53                      6.44  -3.91     2.89

DEGREE DAYS
 HEATING
  YESTERDAY        8                        11     -3       11
  MONTH TO DATE  122                       158    -36      100
  SINCE SEP 1    122                       158    -36      100
  SINCE JUL 1    213                       222     -9      101

 COOLING
  YESTERDAY        0                         0      0        0
  MONTH TO DATE    6                         7     -1       44
  SINCE SEP 1      6                         7     -1       44
  SINCE JAN 1    305                       284     21      517
..................................................................


WIND (MPH)
  HIGHEST WIND SPEED    26   HIGHEST WIND DIRECTION    NW (310)
  HIGHEST GUST SPEED    33   HIGHEST GUST DIRECTION    NW (310)
  AVERAGE WIND SPEED     6.5


SKY COVER
  POSSIBLE SUNSHINE  MM
  AVERAGE SKY COVER 0.6


WEATHER CONDITIONS
 THE FOLLOWING WEATHER WAS RECORDED YESTERDAY.
  LIGHT RAIN
  FOG
  FOG W/VISIBILITY <= 1/4 MILE


RELATIVE HUMIDITY (PERCENT)
 HIGHEST   100           400 AM
 LOWEST     42           200 PM
 AVERAGE    71

..........................................................


THE ROCK SPRINGS WY CLIMATE NORMALS FOR TODAY
                         NORMAL    RECORD    YEAR
 MAXIMUM TEMPERATURE (F)   67        83      1966
 MINIMUM TEMPERATURE (F)   40        19      2000


SUNRISE AND SUNSET
SEPTEMBER 23 2014.....SUNRISE   705 AM MDT   SUNSET   712 PM MDT
SEPTEMBER 24 2014.....SUNRISE   706 AM MDT   SUNSET   710 PM MDT


-  INDICATES NEGATIVE NUMBERS.
R  INDICATES RECORD WAS SET OR TIED.
MM INDICATES DATA IS MISSING.
T  INDICATES TRACE AMOUNT.




$$
