000
CDUS45 KRIW 010730
CLIRKS


CLIMATE REPORT
NATIONAL WEATHER SERVICE RIVERTON WY
1229 AM MST WED MAR 1 2017


...................................

...THE ROCK SPRINGS WY CLIMATE SUMMARY FOR FEBRUARY 28 2017...

CLIMATE NORMAL PERIOD 1981 TO 2010
CLIMATE RECORD PERIOD 1948 TO 2017


WEATHER ITEM   OBSERVED TIME   RECORD YEAR NORMAL DEPARTURE LAST
                VALUE   (LST)  VALUE       VALUE  FROM      YEAR
                                                  NORMAL
..................................................................
TEMPERATURE (F)
 YESTERDAY
  MAXIMUM         22    423 PM  53    1986  38    -16       47
  MINIMUM          5    723 AM -13    1996  19    -14       26
  AVERAGE         14                        28    -14       37

PRECIPITATION (IN)
  YESTERDAY        T             0.19 1997   0.02  -0.02     0.00
  MONTH TO DATE    0.41                      0.48  -0.07     0.18
  SINCE DEC 1      0.98                      1.43  -0.45     0.25
  SINCE JAN 1      0.90                      0.93  -0.03     0.21

DEGREE DAYS
 HEATING
  YESTERDAY       51                        37     14       28
  MONTH TO DATE 1055                      1146    -91      981
  SINCE DEC 1   4018                      3859    159     3820
  SINCE JUL 1   5738                      5852   -114     5486

 COOLING
  YESTERDAY        0                         0      0        0
  MONTH TO DATE    0                         0      0        0
  SINCE DEC 1      0                         0      0        0
  SINCE JAN 1      0                         0      0        0
..................................................................


WIND (MPH)
  HIGHEST WIND SPEED    28   HIGHEST WIND DIRECTION     W (260)
  HIGHEST GUST SPEED    32   HIGHEST GUST DIRECTION     W (260)
  AVERAGE WIND SPEED    14.5


SKY COVER
  POSSIBLE SUNSHINE  MM
  AVERAGE SKY COVER 0.2


WEATHER CONDITIONS
 THE FOLLOWING WEATHER WAS RECORDED YESTERDAY.
  LIGHT SNOW
  FOG
  HAZE


RELATIVE HUMIDITY (PERCENT)
 HIGHEST    91           900 AM
 LOWEST     62           200 PM
 AVERAGE    77

..........................................................


THE ROCK SPRINGS WY CLIMATE NORMALS FOR TODAY
                         NORMAL    RECORD    YEAR
 MAXIMUM TEMPERATURE (F)   38        57      1986
 MINIMUM TEMPERATURE (F)   19        -5      1993


SUNRISE AND SUNSET
MARCH  1 2017.........SUNRISE   650 AM MST   SUNSET   607 PM MST
MARCH  2 2017.........SUNRISE   649 AM MST   SUNSET   608 PM MST


-  INDICATES NEGATIVE NUMBERS.
R  INDICATES RECORD WAS SET OR TIED.
MM INDICATES DATA IS MISSING.
T  INDICATES TRACE AMOUNT.




$$
