000
CDUS45 KRIW 280735
CLIRKS


CLIMATE REPORT
NATIONAL WEATHER SERVICE RIVERTON WY
135 AM MDT MON JUL 28 2014


...................................

...THE ROCK SPRINGS WY CLIMATE SUMMARY FOR JULY 27 2014...

CLIMATE NORMAL PERIOD 1981 TO 2010
CLIMATE RECORD PERIOD 1948 TO 2014


WEATHER ITEM   OBSERVED TIME   RECORD YEAR NORMAL DEPARTURE LAST
                VALUE   (LST)  VALUE       VALUE  FROM      YEAR
                                                  NORMAL
..................................................................
TEMPERATURE (F)
 YESTERDAY
  MAXIMUM         88    523 PM  91    2008  85      3       80
                                      1978
  MINIMUM         55    517 AM  39    1981  55      0       59
  AVERAGE         72                        70      2       70

PRECIPITATION (IN)
  YESTERDAY        0.00          0.14 2004   0.02  -0.02      T
  MONTH TO DATE    0.12                      0.55  -0.43     0.21
  SINCE JUN 1      0.41                      1.34  -0.93     0.21
  SINCE JAN 1      1.72                      5.07  -3.35     1.70

DEGREE DAYS
 HEATING
  YESTERDAY        0                         0      0        0
  MONTH TO DATE    3                        19    -16        0
  SINCE JUN 1    150                       186    -36       62
  SINCE JUL 1      3                        19    -16        0

 COOLING
  YESTERDAY        7                         5      2        5
  MONTH TO DATE  195                       120     75      211
  SINCE JUN 1    212                       155     57      304
  SINCE JAN 1    219                       156     63      305
..................................................................


WIND (MPH)
  HIGHEST WIND SPEED    18   HIGHEST WIND DIRECTION     E (90)
  HIGHEST GUST SPEED    22   HIGHEST GUST DIRECTION     E (90)
  AVERAGE WIND SPEED     8.9


SKY COVER
  POSSIBLE SUNSHINE  MM
  AVERAGE SKY COVER 0.0


WEATHER CONDITIONS
 THE FOLLOWING WEATHER WAS RECORDED YESTERDAY.
  NO SIGNIFICANT WEATHER WAS OBSERVED.


RELATIVE HUMIDITY (PERCENT)
 HIGHEST    38           500 AM
 LOWEST      9           400 PM
 AVERAGE    24

..........................................................


THE ROCK SPRINGS WY CLIMATE NORMALS FOR TODAY
                         NORMAL    RECORD    YEAR
 MAXIMUM TEMPERATURE (F)   85        93      2006
                                             1975
 MINIMUM TEMPERATURE (F)   55        45      1993


SUNRISE AND SUNSET
JULY 28 2014..........SUNRISE   607 AM MDT   SUNSET   838 PM MDT
JULY 29 2014..........SUNRISE   608 AM MDT   SUNSET   837 PM MDT


-  INDICATES NEGATIVE NUMBERS.
R  INDICATES RECORD WAS SET OR TIED.
MM INDICATES DATA IS MISSING.
T  INDICATES TRACE AMOUNT.




$$
