000
CDUS45 KRIW 280738
CLIRKS


CLIMATE REPORT
NATIONAL WEATHER SERVICE RIVERTON WY
1231 AM MST SUN DEC 28 2014


...................................

...THE ROCK SPRINGS WY CLIMATE SUMMARY FOR DECEMBER 27 2014...

CLIMATE NORMAL PERIOD 1981 TO 2010
CLIMATE RECORD PERIOD 1948 TO 2014


WEATHER ITEM   OBSERVED TIME   RECORD YEAR NORMAL DEPARTURE LAST
                VALUE   (LST)  VALUE       VALUE  FROM      YEAR
                                                  NORMAL
..................................................................
TEMPERATURE (F)
 YESTERDAY
  MAXIMUM         17    303 PM  51    1980  29    -12       40
  MINIMUM          2    239 AM -15    1948  12    -10       23
  AVERAGE         10                        21    -11       32

PRECIPITATION (IN)
  YESTERDAY        T             0.22 1948   0.02  -0.02     0.00
  MONTH TO DATE    0.11                      0.44  -0.33     0.18
  SINCE DEC 1      0.11                      0.44  -0.33     0.18
  SINCE JAN 1      4.24                      8.50  -4.26     4.64

DEGREE DAYS
 HEATING
  YESTERDAY       55                        44     11       33
  MONTH TO DATE  997                      1181   -184     1141
  SINCE DEC 1    997                      1181   -184     1141
  SINCE JUL 1   2813                      3174   -361     3049

 COOLING
  YESTERDAY        0                         0      0        0
  MONTH TO DATE    0                         0      0        0
  SINCE DEC 1      0                         0      0        0
  SINCE JAN 1    307                       286     21      517
..................................................................


WIND (MPH)
  HIGHEST WIND SPEED    31   HIGHEST WIND DIRECTION     W (250)
  HIGHEST GUST SPEED    38   HIGHEST GUST DIRECTION     W (250)
  AVERAGE WIND SPEED    15.6


SKY COVER
  POSSIBLE SUNSHINE  MM
  AVERAGE SKY COVER 0.6


WEATHER CONDITIONS
 THE FOLLOWING WEATHER WAS RECORDED YESTERDAY.
  LIGHT SNOW
  FOG
  HAZE
  BLOWING SNOW


RELATIVE HUMIDITY (PERCENT)
 HIGHEST    91           300 AM
 LOWEST     67           200 PM
 AVERAGE    79

..........................................................


THE ROCK SPRINGS WY CLIMATE NORMALS FOR TODAY
                         NORMAL    RECORD    YEAR
 MAXIMUM TEMPERATURE (F)   29        49      2005
 MINIMUM TEMPERATURE (F)   12        -7      1971


SUNRISE AND SUNSET
DECEMBER 28 2014......SUNRISE   742 AM MST   SUNSET   454 PM MST
DECEMBER 29 2014......SUNRISE   743 AM MST   SUNSET   454 PM MST


-  INDICATES NEGATIVE NUMBERS.
R  INDICATES RECORD WAS SET OR TIED.
MM INDICATES DATA IS MISSING.
T  INDICATES TRACE AMOUNT.




$$
