000
CDUS45 KRIW 240817
CLIRKS


CLIMATE REPORT
NATIONAL WEATHER SERVICE RIVERTON WY
116 AM MST TUE JAN 24 2017


...................................

...THE ROCK SPRINGS WY CLIMATE SUMMARY FOR JANUARY 23 2017...

CLIMATE NORMAL PERIOD 1981 TO 2010
CLIMATE RECORD PERIOD 1948 TO 2017


WEATHER ITEM   OBSERVED TIME   RECORD YEAR NORMAL DEPARTURE LAST
                VALUE   (LST)  VALUE       VALUE  FROM      YEAR
                                                  NORMAL
..................................................................
TEMPERATURE (F)
 YESTERDAY
  MAXIMUM         33    124 PM  53    1970  30      3       30
  MINIMUM         22   1159 PM -21    1962  12     10        8
  AVERAGE         28                        21      7       19

PRECIPITATION (IN)
  YESTERDAY        0.02          0.17 1978   0.02   0.00      T
  MONTH TO DATE    0.43                      0.33   0.10     0.01
  SINCE DEC 1      0.51                      0.83  -0.32     0.05
  SINCE JAN 1      0.43                      0.33   0.10     0.01

DEGREE DAYS
 HEATING
  YESTERDAY       37                        44     -7       46
  MONTH TO DATE 1173                      1007    166     1099
  SINCE DEC 1   2578                      2366    212     2499
  SINCE JUL 1   4298                      4359    -61     4165

 COOLING
  YESTERDAY        0                         0      0        0
  MONTH TO DATE    0                         0      0        0
  SINCE DEC 1      0                         0      0        0
  SINCE JAN 1      0                         0      0        0
..................................................................


WIND (MPH)
  HIGHEST WIND SPEED    30   HIGHEST WIND DIRECTION    SW (240)
  HIGHEST GUST SPEED    36   HIGHEST GUST DIRECTION    SW (240)
  AVERAGE WIND SPEED    10.6


SKY COVER
  POSSIBLE SUNSHINE  MM
  AVERAGE SKY COVER 0.9


WEATHER CONDITIONS
 THE FOLLOWING WEATHER WAS RECORDED YESTERDAY.
  HEAVY SNOW
  SNOW
  LIGHT SNOW
  FOG
  FOG W/VISIBILITY <= 1/4 MILE
  HAZE


RELATIVE HUMIDITY (PERCENT)
 HIGHEST    92           300 PM
 LOWEST     63          1200 PM
 AVERAGE    78

..........................................................


THE ROCK SPRINGS WY CLIMATE NORMALS FOR TODAY
                         NORMAL    RECORD    YEAR
 MAXIMUM TEMPERATURE (F)   30        51      1959
 MINIMUM TEMPERATURE (F)   12       -19      1949


SUNRISE AND SUNSET
JANUARY 24 2017.......SUNRISE   735 AM MST   SUNSET   522 PM MST
JANUARY 25 2017.......SUNRISE   734 AM MST   SUNSET   524 PM MST


-  INDICATES NEGATIVE NUMBERS.
R  INDICATES RECORD WAS SET OR TIED.
MM INDICATES DATA IS MISSING.
T  INDICATES TRACE AMOUNT.




$$
