000
CDUS45 KRIW 230729
CLIRKS


CLIMATE REPORT
NATIONAL WEATHER SERVICE RIVERTON WY
128 AM MDT FRI JUN 23 2017


...................................

...THE ROCK SPRINGS WY CLIMATE SUMMARY FOR JUNE 22 2017...

CLIMATE NORMAL PERIOD 1981 TO 2010
CLIMATE RECORD PERIOD 1948 TO 2017


WEATHER ITEM   OBSERVED TIME   RECORD YEAR NORMAL DEPARTURE LAST
                VALUE   (LST)  VALUE       VALUE  FROM      YEAR
                                                  NORMAL
..................................................................
TEMPERATURE (F)
 YESTERDAY
  MAXIMUM         82    302 PM  92    1954  77      5       87
  MINIMUM         53   1159 PM  34    1989  49      4       55
  AVERAGE         68                        63      5       71

PRECIPITATION (IN)
  YESTERDAY        0.00          0.35 1976   0.03  -0.03     0.00
  MONTH TO DATE    0.02                      0.63  -0.61     0.17
  SINCE JUN 1      0.02                      0.63  -0.61     0.17
  SINCE JAN 1      3.54                      4.36  -0.82     4.63

DEGREE DAYS
 HEATING
  YESTERDAY        0                         4     -4        0
  MONTH TO DATE   67                       144    -77       35
  SINCE JUN 1     67                       144    -77       35
  SINCE JUL 1   7682                      8119   -437     7620

 COOLING
  YESTERDAY        3                         2      1        6
  MONTH TO DATE   34                        15     19       44
  SINCE JUN 1     34                        15     19       44
  SINCE JAN 1     34                        16     18       44
..................................................................


WIND (MPH)
  HIGHEST WIND SPEED    32   HIGHEST WIND DIRECTION     W (290)
  HIGHEST GUST SPEED    40   HIGHEST GUST DIRECTION     W (280)
  AVERAGE WIND SPEED    15.7


SKY COVER
  POSSIBLE SUNSHINE  MM
  AVERAGE SKY COVER 0.0


WEATHER CONDITIONS
 THE FOLLOWING WEATHER WAS RECORDED YESTERDAY.
  NO SIGNIFICANT WEATHER WAS OBSERVED.


RELATIVE HUMIDITY (PERCENT)
 HIGHEST    61           500 AM
 LOWEST      9           300 PM
 AVERAGE    35

..........................................................


THE ROCK SPRINGS WY CLIMATE NORMALS FOR TODAY
                         NORMAL    RECORD    YEAR
 MAXIMUM TEMPERATURE (F)   78        96      1954
 MINIMUM TEMPERATURE (F)   49        37      2003


SUNRISE AND SUNSET
JUNE 23 2017..........SUNRISE   543 AM MDT   SUNSET   854 PM MDT
JUNE 24 2017..........SUNRISE   543 AM MDT   SUNSET   854 PM MDT


-  INDICATES NEGATIVE NUMBERS.
R  INDICATES RECORD WAS SET OR TIED.
MM INDICATES DATA IS MISSING.
T  INDICATES TRACE AMOUNT.




$$
