000
CDUS45 KRIW 250807
CLIRKS


CLIMATE REPORT
NATIONAL WEATHER SERVICE RIVERTON WY
207 AM MDT TUE APR 25 2017


...................................

...THE ROCK SPRINGS WY CLIMATE SUMMARY FOR APRIL 24 2017...

CLIMATE NORMAL PERIOD 1981 TO 2010
CLIMATE RECORD PERIOD 1948 TO 2017


WEATHER ITEM   OBSERVED TIME   RECORD YEAR NORMAL DEPARTURE LAST
                VALUE   (LST)  VALUE       VALUE  FROM      YEAR
                                                  NORMAL
..................................................................
TEMPERATURE (F)
 YESTERDAY
  MAXIMUM         53   1257 PM  78    2012  56     -3       54
  MINIMUM         34   1159 PM  15    1958  31      3       35
  AVERAGE         44                        44      0       45

PRECIPITATION (IN)
  YESTERDAY        0.06          0.83 1999   0.03   0.03      T
  MONTH TO DATE    0.40                      0.69  -0.29     0.56
  SINCE MAR 1      1.83                      1.37   0.46     1.12
  SINCE JAN 1      2.73                      2.30   0.43     1.34

DEGREE DAYS
 HEATING
  YESTERDAY       21                        21      0       20
  MONTH TO DATE  508                       582    -74      482
  SINCE MAR 1   1288                      1559   -271     1389
  SINCE JUL 1   7026                      7411   -385     6906

 COOLING
  YESTERDAY        0                         0      0        0
  MONTH TO DATE    0                         0      0        0
  SINCE MAR 1      0                         0      0        0
  SINCE JAN 1      0                         0      0        0
..................................................................


WIND (MPH)
  HIGHEST WIND SPEED    32   HIGHEST WIND DIRECTION     W (280)
  HIGHEST GUST SPEED    38   HIGHEST GUST DIRECTION     W (280)
  AVERAGE WIND SPEED    11.7


SKY COVER
  POSSIBLE SUNSHINE  MM
  AVERAGE SKY COVER 0.4


WEATHER CONDITIONS
 THE FOLLOWING WEATHER WAS RECORDED YESTERDAY.
  RAIN
  LIGHT RAIN
  FOG


RELATIVE HUMIDITY (PERCENT)
 HIGHEST    89           900 PM
 LOWEST     39          1100 AM
 AVERAGE    64

..........................................................


THE ROCK SPRINGS WY CLIMATE NORMALS FOR TODAY
                         NORMAL    RECORD    YEAR
 MAXIMUM TEMPERATURE (F)   57        74      1987
 MINIMUM TEMPERATURE (F)   32        20      1950


SUNRISE AND SUNSET
APRIL 25 2017.........SUNRISE   621 AM MDT   SUNSET   808 PM MDT
APRIL 26 2017.........SUNRISE   619 AM MDT   SUNSET   809 PM MDT


-  INDICATES NEGATIVE NUMBERS.
R  INDICATES RECORD WAS SET OR TIED.
MM INDICATES DATA IS MISSING.
T  INDICATES TRACE AMOUNT.




$$
