000
CDUS45 KRIW 020036
CLIRKS


CLIMATE REPORT
NATIONAL WEATHER SERVICE RIVERTON WY
533 PM MST SUN FEB 1 2015


...................................

...THE ROCK SPRINGS WY CLIMATE SUMMARY FOR FEBRUARY 1 2015...
VALID TODAY AS OF 0500 PM LOCAL TIME.

CLIMATE NORMAL PERIOD 1981 TO 2010
CLIMATE RECORD PERIOD 1948 TO 2015


WEATHER ITEM   OBSERVED TIME   RECORD YEAR NORMAL DEPARTURE LAST
                VALUE   (LST)  VALUE       VALUE  FROM      YEAR
                                                  NORMAL
..................................................................
TEMPERATURE (F)
 TODAY
  MAXIMUM         35        MM  58    2003  31      4       28
  MINIMUM         19        MM -25    1985  13      6       11
  AVERAGE         27                        22      5       20

PRECIPITATION (IN)
  TODAY            0.00                      0.02  -0.02      T
  MONTH TO DATE    0.00                      0.02  -0.02      T
  SINCE DEC 1      0.12                      0.97  -0.85     0.25
  SINCE JAN 1      0.01                      0.47  -0.46     0.07

DEGREE DAYS
 HEATING
  TODAY           38                        43     -5       45
  MONTH TO DATE   38                        43     -5       45
  SINCE DEC 1   2400                      2754   -354     2530
  SINCE JUL 1   4216                      4747   -531     4438

 COOLING
  TODAY            0                         0      0        0
  MONTH TO DATE    0                         0      0        0
  SINCE DEC 1      0                         0      0        0
  SINCE JAN 1      0                         0      0        0
..................................................................


WIND (MPH)
  HIGHEST WIND SPEED    15   HIGHEST WIND DIRECTION     W (260)
  HIGHEST GUST SPEED    MM   HIGHEST GUST DIRECTION    MM
  AVERAGE WIND SPEED    10.0


SKY COVER
  POSSIBLE SUNSHINE  MM
  AVERAGE SKY COVER 0.3


WEATHER CONDITIONS
 THE FOLLOWING WEATHER WAS RECORDED TODAY.
  NO SIGNIFICANT WEATHER WAS OBSERVED.


RELATIVE HUMIDITY (PERCENT)
 HIGHEST    84           100 AM
 LOWEST     41           300 PM
 AVERAGE    63

..........................................................


THE ROCK SPRINGS WY CLIMATE NORMALS FOR TOMORROW
                         NORMAL    RECORD    YEAR
 MAXIMUM TEMPERATURE (F)   31        48      2000
 MINIMUM TEMPERATURE (F)   13       -21      2011


SUNRISE AND SUNSET
FEBRUARY  1 2015......SUNRISE   728 AM MST   SUNSET   532 PM MST
FEBRUARY  2 2015......SUNRISE   727 AM MST   SUNSET   533 PM MST


-  INDICATES NEGATIVE NUMBERS.
R  INDICATES RECORD WAS SET OR TIED.
MM INDICATES DATA IS MISSING.
T  INDICATES TRACE AMOUNT.




$$
