000
CDUS45 KRIW 060748
CLIRKS


CLIMATE REPORT
NATIONAL WEATHER SERVICE RIVERTON WY
1246 AM MST SAT FEB 6 2016


...................................

...THE ROCK SPRINGS WY CLIMATE SUMMARY FOR FEBRUARY 5 2016...

CLIMATE NORMAL PERIOD 1981 TO 2010
CLIMATE RECORD PERIOD 1948 TO 2016


WEATHER ITEM   OBSERVED TIME   RECORD YEAR NORMAL DEPARTURE LAST
                VALUE   (LST)  VALUE       VALUE  FROM      YEAR
                                                  NORMAL
..................................................................
TEMPERATURE (F)
 YESTERDAY
  MAXIMUM         26    430 PM  53    2015  31     -5       53
                                      1963
  MINIMUM         11    742 AM -22    1982  13     -2       31
  AVERAGE         19                        22     -3       42

PRECIPITATION (IN)
  YESTERDAY        0.00          0.33 1974   0.02  -0.02     0.00
  MONTH TO DATE    0.01                      0.09  -0.08     0.05
  SINCE DEC 1      0.08                      1.04  -0.96     0.17
  SINCE JAN 1      0.04                      0.54  -0.50     0.06

DEGREE DAYS
 HEATING
  YESTERDAY       46                        43      3       23
  MONTH TO DATE  260                       215     45      142
  SINCE DEC 1   3099                      2926    173     2504
  SINCE JUL 1   4765                      4919   -154     4320

 COOLING
  YESTERDAY        0                         0      0        0
  MONTH TO DATE    0                         0      0        0
  SINCE DEC 1      0                         0      0        0
  SINCE JAN 1      0                         0      0        0
..................................................................


WIND (MPH)
  HIGHEST WIND SPEED    35   HIGHEST WIND DIRECTION     W (250)
  HIGHEST GUST SPEED    40   HIGHEST GUST DIRECTION     W (260)
  AVERAGE WIND SPEED    21.6


SKY COVER
  POSSIBLE SUNSHINE  MM
  AVERAGE SKY COVER 0.0


WEATHER CONDITIONS
 THE FOLLOWING WEATHER WAS RECORDED YESTERDAY.
  NO SIGNIFICANT WEATHER WAS OBSERVED.


RELATIVE HUMIDITY (PERCENT)
 HIGHEST    88          1200 AM
 LOWEST     68           100 PM
 AVERAGE    78

..........................................................


THE ROCK SPRINGS WY CLIMATE NORMALS FOR TODAY
                         NORMAL    RECORD    YEAR
 MAXIMUM TEMPERATURE (F)   31        57      2015
 MINIMUM TEMPERATURE (F)   13       -25      1989


SUNRISE AND SUNSET
FEBRUARY  6 2016......SUNRISE   723 AM MST   SUNSET   538 PM MST
FEBRUARY  7 2016......SUNRISE   722 AM MST   SUNSET   539 PM MST


-  INDICATES NEGATIVE NUMBERS.
R  INDICATES RECORD WAS SET OR TIED.
MM INDICATES DATA IS MISSING.
T  INDICATES TRACE AMOUNT.




$$
