000
CDUS45 KRIW 020738
CLIRKS


CLIMATE REPORT
NATIONAL WEATHER SERVICE RIVERTON WY
1237 AM MST FRI DEC 2 2016


...................................

...THE ROCK SPRINGS WY CLIMATE SUMMARY FOR DECEMBER 1 2016...

CLIMATE NORMAL PERIOD 1981 TO 2010
CLIMATE RECORD PERIOD 1948 TO 2016


WEATHER ITEM   OBSERVED TIME   RECORD YEAR NORMAL DEPARTURE LAST
                VALUE   (LST)  VALUE       VALUE  FROM      YEAR
                                                  NORMAL
..................................................................
TEMPERATURE (F)
 YESTERDAY
  MAXIMUM         28    319 PM  57    1995  32     -4       24
  MINIMUM         14   1159 PM  -7    1991  15     -1       10
  AVERAGE         21                        24     -3       17

PRECIPITATION (IN)
  YESTERDAY        T             0.51 1983   0.02  -0.02     0.00
  MONTH TO DATE    T                         0.02  -0.02     0.00
  SINCE DEC 1      T                         0.02  -0.02     0.00
  SINCE JAN 1      7.36                      8.08  -0.72     8.58

DEGREE DAYS
 HEATING
  YESTERDAY       44                        41      3       48
  MONTH TO DATE   44                        41      3       48
  SINCE DEC 1     44                        41      3       48
  SINCE JUL 1   1764                      2034   -270     1714

 COOLING
  YESTERDAY        0                         0      0        0
  MONTH TO DATE    0                         0      0        0
  SINCE DEC 1      0                         0      0        0
  SINCE JAN 1    354                       286     68      270
..................................................................


WIND (MPH)
  HIGHEST WIND SPEED    18   HIGHEST WIND DIRECTION     W (260)
  HIGHEST GUST SPEED    21   HIGHEST GUST DIRECTION     W (270)
  AVERAGE WIND SPEED    10.4


SKY COVER
  POSSIBLE SUNSHINE  MM
  AVERAGE SKY COVER 0.8


WEATHER CONDITIONS
 THE FOLLOWING WEATHER WAS RECORDED YESTERDAY.
  LIGHT SNOW
  FOG


RELATIVE HUMIDITY (PERCENT)
 HIGHEST    91           500 AM
 LOWEST     68           300 PM
 AVERAGE    80

..........................................................


THE ROCK SPRINGS WY CLIMATE NORMALS FOR TODAY
                         NORMAL    RECORD    YEAR
 MAXIMUM TEMPERATURE (F)   32        52      2008
                                             1972
 MINIMUM TEMPERATURE (F)   14         0      2006
                                             1971


SUNRISE AND SUNSET
DECEMBER  2 2016......SUNRISE   725 AM MST   SUNSET   447 PM MST
DECEMBER  3 2016......SUNRISE   726 AM MST   SUNSET   446 PM MST


-  INDICATES NEGATIVE NUMBERS.
R  INDICATES RECORD WAS SET OR TIED.
MM INDICATES DATA IS MISSING.
T  INDICATES TRACE AMOUNT.




$$
