000
CDUS45 KRIW 230730
CLIRKS


CLIMATE REPORT
NATIONAL WEATHER SERVICE RIVERTON WY
129 AM MDT TUE MAY 23 2017


...................................

...THE ROCK SPRINGS WY CLIMATE SUMMARY FOR MAY 22 2017...

CLIMATE NORMAL PERIOD 1981 TO 2010
CLIMATE RECORD PERIOD 1948 TO 2017


WEATHER ITEM   OBSERVED TIME   RECORD YEAR NORMAL DEPARTURE LAST
                VALUE   (LST)  VALUE       VALUE  FROM      YEAR
                                                  NORMAL
..................................................................
TEMPERATURE (F)
 YESTERDAY
  MAXIMUM         65    155 PM  81    1967  66     -1       54
  MINIMUM         35    532 AM  26    1974  39     -4       34
  AVERAGE         50                        53     -3       44

PRECIPITATION (IN)
  YESTERDAY        T             0.39 1956   0.04  -0.04     0.03
  MONTH TO DATE    0.62                      0.87  -0.25     2.10
  SINCE MAR 1      2.60                      2.46   0.14     4.14
  SINCE JAN 1      3.50                      3.39   0.11     4.36

DEGREE DAYS
 HEATING
  YESTERDAY       15                        12      3       21
  MONTH TO DATE  328                       344    -16      387
  SINCE MAR 1   1782                      2024   -242     1945
  SINCE JUL 1   7520                      7876   -356     7462

 COOLING
  YESTERDAY        0                         0      0        0
  MONTH TO DATE    0                         0      0        0
  SINCE MAR 1      0                         0      0        0
  SINCE JAN 1      0                         0      0        0
..................................................................


WIND (MPH)
  HIGHEST WIND SPEED    39   HIGHEST WIND DIRECTION    NE (50)
  HIGHEST GUST SPEED    50   HIGHEST GUST DIRECTION    NE (50)
  AVERAGE WIND SPEED    12.7


SKY COVER
  POSSIBLE SUNSHINE  MM
  AVERAGE SKY COVER 0.5


WEATHER CONDITIONS
 THE FOLLOWING WEATHER WAS RECORDED YESTERDAY.
  LIGHT RAIN


RELATIVE HUMIDITY (PERCENT)
 HIGHEST    92           600 AM
 LOWEST     24           200 PM
 AVERAGE    58

..........................................................


THE ROCK SPRINGS WY CLIMATE NORMALS FOR TODAY
                         NORMAL    RECORD    YEAR
 MAXIMUM TEMPERATURE (F)   66        83      1984
 MINIMUM TEMPERATURE (F)   40        24      1966


SUNRISE AND SUNSET
MAY 23 2017...........SUNRISE   550 AM MDT   SUNSET   837 PM MDT
MAY 24 2017...........SUNRISE   549 AM MDT   SUNSET   838 PM MDT


-  INDICATES NEGATIVE NUMBERS.
R  INDICATES RECORD WAS SET OR TIED.
MM INDICATES DATA IS MISSING.
T  INDICATES TRACE AMOUNT.




$$
