183
CDUS41 KRNK 140645
CLIRNK


CLIMATE REPORT
NATIONAL WEATHER SERVICE BLACKSBURG VA
144 AM EST SUN FEB 14 2016


...................................

...THE BLACKSBURG VA CLIMATE SUMMARY FOR FEBRUARY 13 2016...

CLIMATE NORMAL PERIOD 1981 TO 2010
CLIMATE RECORD PERIOD 1952 TO 2016


WEATHER ITEM   OBSERVED RECORD YEAR NORMAL DEPARTURE LAST
                VALUE   VALUE       VALUE  FROM      YEAR
                                           NORMAL
...........................................................
TEMPERATURE (F)
 YESTERDAY
  MAXIMUM         24     66    1999  44    -20       27
  MINIMUM          9     -4    1969  23    -14        9
  AVERAGE         17                 34    -17       18

PRECIPITATION (IN)
  YESTERDAY        T      0.93 1966   0.11  -0.11      T
  MONTH TO DATE    1.32               1.31   0.01     0.38
  SINCE DEC 1      8.78               7.34   1.44     4.33
  SINCE JAN 1      3.76               4.39  -0.63     1.68

SNOWFALL (IN)
  YESTERDAY        T                                   T
  MONTH TO DATE    0.8                                0.2
  SINCE DEC 1     15.0                                1.8
  SINCE JUL 1     15.0                                4.2
  SNOW DEPTH       T

DEGREE DAYS
 HEATING
  YESTERDAY       48                 31     17       47
  MONTH TO DATE  445                417     28      397
  SINCE DEC 1   2104               2424   -320     2255
  SINCE JUL 1   2992               3604   -612     3448

 COOLING
  YESTERDAY        0                  0      0        0
  MONTH TO DATE    0                  0      0        0
  SINCE DEC 1      0                  0      0        0
  SINCE JAN 1      0                  0      0        0
...........................................................


WIND (MPH)
  HIGHEST WIND SPEED    23   HIGHEST WIND DIRECTION    NW (320)
  HIGHEST GUST SPEED    38   HIGHEST GUST DIRECTION     W (290)
  AVERAGE WIND SPEED    13.9


SKY COVER
  AVERAGE SKY COVER 0.6


WEATHER CONDITIONS
 THE FOLLOWING WEATHER WAS RECORDED YESTERDAY.
  LIGHT SNOW


RELATIVE HUMIDITY (PERCENT)
 HIGHEST    84           200 AM
 LOWEST     44           500 PM
 AVERAGE    64

..........................................................


THE BLACKSBURG VA CLIMATE NORMALS FOR TODAY
                         NORMAL    RECORD    YEAR
 MAXIMUM TEMPERATURE (F)   45        64      1990
 MINIMUM TEMPERATURE (F)   23        -2      1969


SUNRISE AND SUNSET
FEBRUARY 14 2016......SUNRISE   712 AM EST   SUNSET   600 PM EST
FEBRUARY 15 2016......SUNRISE   711 AM EST   SUNSET   601 PM EST


-  INDICATES NEGATIVE NUMBERS.
R  INDICATES RECORD WAS SET OR TIED.
MM INDICATES DATA IS MISSING.
T  INDICATES TRACE AMOUNT.

$$

RAB
