000
CDUS41 KRNK 190532
CLIRNK


CLIMATE REPORT
NATIONAL WEATHER SERVICE BLACKSBURG VA
130 AM EDT SAT AUG 19 2017


...................................

...THE BLACKSBURG VA CLIMATE SUMMARY FOR AUGUST 18 2017...

CLIMATE NORMAL PERIOD 1981 TO 2010
CLIMATE RECORD PERIOD 1952 TO 2017


WEATHER ITEM   OBSERVED RECORD YEAR NORMAL DEPARTURE LAST
                VALUE   VALUE       VALUE  FROM      YEAR
                                           NORMAL
...........................................................
TEMPERATURE (F)
 YESTERDAY
  MAXIMUM         86     94    1988  82      4       81
  MINIMUM         64     46    1979  59      5       67
  AVERAGE         75                 70      5       74

PRECIPITATION (IN)
  YESTERDAY        0.02   2.96 1985   0.11  -0.09      T
  MONTH TO DATE    1.76               2.14  -0.38     3.76
  SINCE JUN 1      7.98              10.40  -2.42    11.90
  SINCE JAN 1     29.22              27.74   1.48    27.92

SNOWFALL (IN)
  YESTERDAY        0.0                                0.0
  MONTH TO DATE    0.0                                0.0
  SINCE JUN 1      0.0                                0.0
  SINCE JUL 1      0.0                                0.0
  SNOW DEPTH       0

DEGREE DAYS
 HEATING
  YESTERDAY        0                  0      0        0
  MONTH TO DATE    2                  0      2        0
  SINCE JUN 1     36                 44     -8       12
  SINCE JUL 1      2                  6     -4        0

 COOLING
  YESTERDAY       10                  5      5        9
  MONTH TO DATE   99                107     -8      171
  SINCE JUN 1    436                422     14      628
  SINCE JAN 1    490                451     39      674
...........................................................


WIND (MPH)
  HIGHEST WIND SPEED    17   HIGHEST WIND DIRECTION    NW (320)
  HIGHEST GUST SPEED    22   HIGHEST GUST DIRECTION    NW (320)
  AVERAGE WIND SPEED     3.0


SKY COVER
  AVERAGE SKY COVER 0.4


WEATHER CONDITIONS
 THE FOLLOWING WEATHER WAS RECORDED YESTERDAY.
  LIGHT RAIN


RELATIVE HUMIDITY (PERCENT)
 HIGHEST   100           100 AM
 LOWEST     61           100 PM
 AVERAGE    81

..........................................................


THE BLACKSBURG VA CLIMATE NORMALS FOR TODAY
                         NORMAL    RECORD    YEAR
 MAXIMUM TEMPERATURE (F)   82        93      2007
                                             1988
 MINIMUM TEMPERATURE (F)   59        48      1977


SUNRISE AND SUNSET
AUGUST 19 2017........SUNRISE   642 AM EDT   SUNSET   808 PM EDT
AUGUST 20 2017........SUNRISE   643 AM EDT   SUNSET   807 PM EDT


-  INDICATES NEGATIVE NUMBERS.
R  INDICATES RECORD WAS SET OR TIED.
MM INDICATES DATA IS MISSING.
T  INDICATES TRACE AMOUNT.




$$
