000
CDUS41 KRNK 240926
CLIRNK


CLIMATE REPORT
NATIONAL WEATHER SERVICE BLACKSBURG VA
524 AM EDT SAT JUN 24 2017


...................................

...THE BLACKSBURG VA CLIMATE SUMMARY FOR JUNE 23 2017...

CLIMATE NORMAL PERIOD 1981 TO 2010
CLIMATE RECORD PERIOD 1952 TO 2017


WEATHER ITEM   OBSERVED RECORD YEAR NORMAL DEPARTURE LAST
                VALUE   VALUE       VALUE  FROM      YEAR
                                           NORMAL
...........................................................
TEMPERATURE (F)
 YESTERDAY
  MAXIMUM         82     92    1988  81      1       87
  MINIMUM         67     42    1980  59      8       64
  AVERAGE         75                 70      5       76

PRECIPITATION (IN)
  YESTERDAY        0.24   1.76 2006   0.12   0.12     1.46
  MONTH TO DATE    2.87               3.16  -0.29     3.09
  SINCE JUN 1      2.87               3.16  -0.29     3.09
  SINCE JAN 1     24.11              20.50   3.61    19.11

SNOWFALL (IN)
  YESTERDAY        0.0                                0.0
  MONTH TO DATE    0.0                                0.0
  SINCE JUN 1      0.0                                0.0
  SINCE JUL 1      7.7                               25.6
  SNOW DEPTH       0

DEGREE DAYS
 HEATING
  YESTERDAY        0                  0      0        0
  MONTH TO DATE   24                 37    -13       12
  SINCE JUN 1     24                 37    -13       12
  SINCE JUL 1   4190               5445  -1255     4466

 COOLING
  YESTERDAY       10                  5      5       11
  MONTH TO DATE   82                 79      3      112
  SINCE JUN 1     82                 79      3      112
  SINCE JAN 1    136                108     28      158
...........................................................


WIND (MPH)
  HIGHEST WIND SPEED    16   HIGHEST WIND DIRECTION    SW (210)
  HIGHEST GUST SPEED    29   HIGHEST GUST DIRECTION    SW (210)
  AVERAGE WIND SPEED     5.0


SKY COVER
  AVERAGE SKY COVER 0.7


WEATHER CONDITIONS
 THE FOLLOWING WEATHER WAS RECORDED YESTERDAY.
  HEAVY RAIN
  RAIN
  LIGHT RAIN
  FOG


RELATIVE HUMIDITY (PERCENT)
 HIGHEST    97           300 AM
 LOWEST     60           300 PM
 AVERAGE    79

..........................................................


THE BLACKSBURG VA CLIMATE NORMALS FOR TODAY
                         NORMAL    RECORD    YEAR
 MAXIMUM TEMPERATURE (F)   81        93      1988
 MINIMUM TEMPERATURE (F)   59        45      1983


SUNRISE AND SUNSET
JUNE 24 2017..........SUNRISE   603 AM EDT   SUNSET   846 PM EDT
JUNE 25 2017..........SUNRISE   603 AM EDT   SUNSET   846 PM EDT


-  INDICATES NEGATIVE NUMBERS.
R  INDICATES RECORD WAS SET OR TIED.
MM INDICATES DATA IS MISSING.
T  INDICATES TRACE AMOUNT.

$$

RAB
