000
CDUS41 KRNK 290707
CLIRNK


CLIMATE REPORT
NATIONAL WEATHER SERVICE BLACKSBURG VA
300 AM EDT SAT APR 29 2017


...................................

...THE BLACKSBURG VA CLIMATE SUMMARY FOR APRIL 28 2017...

CLIMATE NORMAL PERIOD 1981 TO 2010
CLIMATE RECORD PERIOD 1952 TO 2017


WEATHER ITEM   OBSERVED RECORD YEAR NORMAL DEPARTURE LAST
                VALUE   VALUE       VALUE  FROM      YEAR
                                           NORMAL
...........................................................
TEMPERATURE (F)
 YESTERDAY
  MAXIMUM         83     84    1990  67     16       81
  MINIMUM         53     25    1976  42     11       59
  AVERAGE         68                 54     14       70

PRECIPITATION (IN)
  YESTERDAY        0.00   0.96 2008   0.11  -0.11     0.27
  MONTH TO DATE    5.92               3.25   2.67     1.55
  SINCE MAR 1      9.16               6.89   2.27     4.12
  SINCE JAN 1     14.94              12.78   2.16    11.26

SNOWFALL (IN)
  YESTERDAY        0.0                                0.0
  MONTH TO DATE    0.1                                0.6
  SINCE MAR 1      1.1                                1.6
  SINCE JUL 1      7.7                               25.6
  SNOW DEPTH       0

DEGREE DAYS
 HEATING
  YESTERDAY        0                 11    -11        0
  MONTH TO DATE  251                410   -159      352
  SINCE MAR 1    918               1137   -219      837
  SINCE JUL 1   4010               5185  -1175     4272

 COOLING
  YESTERDAY        3                  0      3        5
  MONTH TO DATE    7                  0      7        9
  SINCE MAR 1      7                  0      7        9
  SINCE JAN 1      7                  0      7        9
...........................................................


WIND (MPH)
  HIGHEST WIND SPEED    14   HIGHEST WIND DIRECTION     S (170)
  HIGHEST GUST SPEED    20   HIGHEST GUST DIRECTION     S (170)
  AVERAGE WIND SPEED     2.9


SKY COVER
  AVERAGE SKY COVER 0.5


WEATHER CONDITIONS
 THE FOLLOWING WEATHER WAS RECORDED YESTERDAY.
  FOG
  FOG W/VISIBILITY <= 1/4 MILE


RELATIVE HUMIDITY (PERCENT)
 HIGHEST   100           900 AM
 LOWEST     16           300 PM
 AVERAGE    58

..........................................................


THE BLACKSBURG VA CLIMATE NORMALS FOR TODAY
                         NORMAL    RECORD    YEAR
 MAXIMUM TEMPERATURE (F)   67        83      1974
 MINIMUM TEMPERATURE (F)   42        25      1967


SUNRISE AND SUNSET
APRIL 29 2017.........SUNRISE   629 AM EDT   SUNSET   810 PM EDT
APRIL 30 2017.........SUNRISE   628 AM EDT   SUNSET   810 PM EDT


-  INDICATES NEGATIVE NUMBERS.
R  INDICATES RECORD WAS SET OR TIED.
MM INDICATES DATA IS MISSING.
T  INDICATES TRACE AMOUNT.




$$
