000
CDUS41 KRNK 262231
CLIRNK


CLIMATE REPORT
NATIONAL WEATHER SERVICE BLACKSBURG VA
530 PM EST MON JAN 26 2015


...................................

...THE BLACKSBURG VA CLIMATE SUMMARY FOR JANUARY 26 2015...
VALID TODAY AS OF 0500 PM LOCAL TIME.

CLIMATE NORMAL PERIOD 1981 TO 2010
CLIMATE RECORD PERIOD 1952 TO 2015


WEATHER ITEM   OBSERVED TIME   RECORD YEAR NORMAL DEPARTURE LAST
                VALUE   (LST)  VALUE       VALUE  FROM      YEAR
                                                  NORMAL
..................................................................
TEMPERATURE (F)
 TODAY
  MAXIMUM         43        MM  68    1967  42      1       46
  MINIMUM         29        MM   4    1963  22      7       10
  AVERAGE         36                        32      4       28

PRECIPITATION (IN)
  TODAY            T             0.93 1978   0.10  -0.10     0.00
  MONTH TO DATE    1.26                      2.60  -1.34     1.56
  SINCE DEC 1      3.91                      5.55  -1.64     6.82
  SINCE JAN 1      1.26                      2.60  -1.34     1.56

SNOWFALL (IN)
  TODAY            0.0
  MONTH TO DATE    0.6
  SINCE DEC 1      1.1
  SINCE JUL 1      3.5
  SNOW DEPTH       0

DEGREE DAYS
 HEATING
  TODAY           29                        33     -4       37
  MONTH TO DATE  846                       879    -33      983
  SINCE DEC 1   1673                      1846   -173     1843
  SINCE JUL 1   2866                      3026   -160     3078

 COOLING
  TODAY            0                         0      0        0
  MONTH TO DATE    0                         0      0        0
  SINCE DEC 1      0                         0      0        0
  SINCE JAN 1      0                         0      0        0
..................................................................


WIND (MPH)
  HIGHEST WIND SPEED    14   HIGHEST WIND DIRECTION     W (280)
  HIGHEST GUST SPEED    20   HIGHEST GUST DIRECTION     W (280)
  AVERAGE WIND SPEED     4.3


SKY COVER
  POSSIBLE SUNSHINE  MM
  AVERAGE SKY COVER 0.9


WEATHER CONDITIONS
 THE FOLLOWING WEATHER WAS RECORDED TODAY.
  LIGHT RAIN


RELATIVE HUMIDITY (PERCENT)
 HIGHEST    96           900 AM
 LOWEST     73           100 PM
 AVERAGE    85

..........................................................


THE BLACKSBURG VA CLIMATE NORMALS FOR TOMORROW
                         NORMAL    RECORD    YEAR
 MAXIMUM TEMPERATURE (F)   42        68      1967
 MINIMUM TEMPERATURE (F)   22        -4      1987


SUNRISE AND SUNSET
JANUARY 26 2015.......SUNRISE   729 AM EST   SUNSET   540 PM EST
JANUARY 27 2015.......SUNRISE   729 AM EST   SUNSET   541 PM EST


-  INDICATES NEGATIVE NUMBERS.
R  INDICATES RECORD WAS SET OR TIED.
MM INDICATES DATA IS MISSING.
T  INDICATES TRACE AMOUNT.




$$
