000
CDUS41 KRNK 242228
CLIRNK


CLIMATE REPORT
NATIONAL WEATHER SERVICE BLACKSBURG VA
522 PM EST WED DEC 24 2014


...................................

...THE BLACKSBURG VA CLIMATE SUMMARY FOR DECEMBER 24 2014...
VALID TODAY AS OF 0500 PM LOCAL TIME.

CLIMATE NORMAL PERIOD 1981 TO 2010
CLIMATE RECORD PERIOD 1952 TO 2014


WEATHER ITEM   OBSERVED TIME   RECORD YEAR NORMAL DEPARTURE LAST
                VALUE   (LST)  VALUE       VALUE  FROM      YEAR
                                                  NORMAL
..................................................................
TEMPERATURE (F)
 TODAY
  MAXIMUM         51    500 PM  62    1996  42      9       33
  MINIMUM         40    100 AM  -4    1989  22     18       16
  AVERAGE         46                        32     14       25

PRECIPITATION (IN)
  TODAY            0.51          1.10 1986   0.09   0.42      T
  MONTH TO DATE    2.14                      2.30  -0.16     4.05
  SINCE DEC 1      2.14                      2.30  -0.16     4.05
  SINCE JAN 1     38.79                     40.24  -1.45    50.39

SNOWFALL (IN)
  TODAY            0.0
  MONTH TO DATE    0.1
  SINCE DEC 1      0.1
  SINCE JUL 1      2.5
  SNOW DEPTH       0

DEGREE DAYS
 HEATING
  TODAY           19                        33    -14       40
  MONTH TO DATE  638                       734    -96      636
  SINCE DEC 1    638                       734    -96      636
  SINCE JUL 1   1831                      1914    -83     1871

 COOLING
  TODAY            0                         0      0        0
  MONTH TO DATE    0                         0      0        0
  SINCE DEC 1      0                         0      0        0
  SINCE JAN 1    609                       573     36      568
..................................................................


WIND (MPH)
  HIGHEST WIND SPEED     7   HIGHEST WIND DIRECTION    SE (120)
  HIGHEST GUST SPEED    MM   HIGHEST GUST DIRECTION    MM
  AVERAGE WIND SPEED     3.1


SKY COVER
  POSSIBLE SUNSHINE  MM
  AVERAGE SKY COVER 1.0


WEATHER CONDITIONS
 THE FOLLOWING WEATHER WAS RECORDED TODAY.
  HEAVY RAIN
  RAIN
  LIGHT RAIN
  FOG


RELATIVE HUMIDITY (PERCENT)
 HIGHEST   100          1200 AM
 LOWEST     96           200 AM
 AVERAGE    98

..........................................................


THE BLACKSBURG VA CLIMATE NORMALS FOR TOMORROW
                         NORMAL    RECORD    YEAR
 MAXIMUM TEMPERATURE (F)   42        68      1964
 MINIMUM TEMPERATURE (F)   22        -8      1983


SUNRISE AND SUNSET
DECEMBER 24 2014......SUNRISE   733 AM EST   SUNSET   509 PM EST
DECEMBER 25 2014......SUNRISE   734 AM EST   SUNSET   510 PM EST


-  INDICATES NEGATIVE NUMBERS.
R  INDICATES RECORD WAS SET OR TIED.
MM INDICATES DATA IS MISSING.
T  INDICATES TRACE AMOUNT.




$$
