000
CDUS41 KRNK 160924
CLIRNK


CLIMATE REPORT
NATIONAL WEATHER SERVICE BLACKSBURG VA
521 AM EDT WED APR 16 2014


...................................

...THE BLACKSBURG VA CLIMATE SUMMARY FOR APRIL 15 2014...

CLIMATE NORMAL PERIOD 1981 TO 2010
CLIMATE RECORD PERIOD 1952 TO 2014


WEATHER ITEM   OBSERVED TIME   RECORD YEAR NORMAL DEPARTURE LAST
                VALUE   (LST)  VALUE       VALUE  FROM      YEAR
                                                  NORMAL
..................................................................
TEMPERATURE (F)
 YESTERDAY
  MAXIMUM         60    100 AM  82    2006  63     -3       56
  MINIMUM         28   1100 PM  22    1973  38    -10       48
  AVERAGE         44                        51     -7       52

PRECIPITATION (IN)
  YESTERDAY        0.53          1.32 2007   0.11   0.42     0.34
  MONTH TO DATE    1.97                      1.75   0.22     2.50
  SINCE MAR 1      4.39                      5.39  -1.00     5.82
  SINCE JAN 1     10.02                     11.28  -1.26    14.92

SNOWFALL (IN)
  YESTERDAY        T
  MONTH TO DATE    T
  SINCE MAR 1      7.3
  SINCE JUL 1     34.4
  SNOW DEPTH       0

DEGREE DAYS
 HEATING
  YESTERDAY       21                        14      7       13
  MONTH TO DATE  178                       248    -70      214
  SINCE MAR 1    965                       975    -10     1113
  SINCE JUL 1   5146                      5023    123     4973

 COOLING
  YESTERDAY        0                         0      0        0
  MONTH TO DATE    0                         0      0        0
  SINCE MAR 1      0                         0      0        0
  SINCE JAN 1      0                         0      0        0
..................................................................


WIND (MPH)
  HIGHEST WIND SPEED    23   HIGHEST WIND DIRECTION    NW (310)
  HIGHEST GUST SPEED    38   HIGHEST GUST DIRECTION    NW (330)
  AVERAGE WIND SPEED     9.3


SKY COVER
  POSSIBLE SUNSHINE  MM
  AVERAGE SKY COVER 0.9


WEATHER CONDITIONS
 THE FOLLOWING WEATHER WAS RECORDED YESTERDAY.
  RAIN
  LIGHT RAIN
  LIGHT SNOW
  SLEET
  FOG


RELATIVE HUMIDITY (PERCENT)
 HIGHEST   100          1200 AM
 LOWEST     69          1000 PM
 AVERAGE    85

..........................................................


THE BLACKSBURG VA CLIMATE NORMALS FOR TODAY
                         NORMAL    RECORD    YEAR
 MAXIMUM TEMPERATURE (F)   64        81      2012
                                             1994
 MINIMUM TEMPERATURE (F)   38        24      2008


SUNRISE AND SUNSET
APRIL 16 2014.........SUNRISE   646 AM EDT   SUNSET   758 PM EDT
APRIL 17 2014.........SUNRISE   645 AM EDT   SUNSET   759 PM EDT


-  INDICATES NEGATIVE NUMBERS.
R  INDICATES RECORD WAS SET OR TIED.
MM INDICATES DATA IS MISSING.
T  INDICATES TRACE AMOUNT.



$$
