716
CDUS41 KRNK 300649
CLIRNK


CLIMATE REPORT
NATIONAL WEATHER SERVICE BLACKSBURG VA
248 AM EDT FRI SEP 30 2016


...................................

...THE BLACKSBURG VA CLIMATE SUMMARY FOR SEPTEMBER 29 2016...

CLIMATE NORMAL PERIOD 1981 TO 2010
CLIMATE RECORD PERIOD 1952 TO 2016


WEATHER ITEM   OBSERVED RECORD YEAR NORMAL DEPARTURE LAST
                VALUE   VALUE       VALUE  FROM      YEAR
                                           NORMAL
...........................................................
TEMPERATURE (F)
 YESTERDAY
  MAXIMUM         67     91    1953  70     -3       73
  MINIMUM         58     32    1970  45     13       66
  AVERAGE         63                 58      5       70

PRECIPITATION (IN)
  YESTERDAY        2.80   4.39 2015   0.11   2.69     4.39
  MONTH TO DATE    6.59               3.00   3.59     8.61
  SINCE SEP 1      6.59               3.00   3.59     8.61
  SINCE JAN 1     35.26              32.19   3.07    35.97

SNOWFALL (IN)
  YESTERDAY        0.0                                0.0
  MONTH TO DATE    0.0                                0.0
  SINCE SEP 1      0.0                                0.0
  SINCE JUL 1      0.0                                 T
  SNOW DEPTH       0

DEGREE DAYS
 HEATING
  YESTERDAY        2                  8     -6        0
  MONTH TO DATE    7                104    -97       60
  SINCE SEP 1      7                104    -97       60
  SINCE JUL 1      7                122   -115       61

 COOLING
  YESTERDAY        0                  1     -1        5
  MONTH TO DATE  132                 58     74       87
  SINCE SEP 1    132                 58     74       87
  SINCE JAN 1    909                570    339      814
...........................................................


WIND (MPH)
  HIGHEST WIND SPEED    13   HIGHEST WIND DIRECTION     E (100)
  HIGHEST GUST SPEED    17   HIGHEST GUST DIRECTION     E (90)
  AVERAGE WIND SPEED     5.0


SKY COVER
  AVERAGE SKY COVER 0.8


WEATHER CONDITIONS
 THE FOLLOWING WEATHER WAS RECORDED YESTERDAY.
  HEAVY RAIN
  RAIN
  LIGHT RAIN
  FOG


RELATIVE HUMIDITY (PERCENT)
 HIGHEST   100          1200 AM
 LOWEST     87          1100 AM
 AVERAGE    94

..........................................................


THE BLACKSBURG VA CLIMATE NORMALS FOR TODAY
                         NORMAL    RECORD    YEAR
 MAXIMUM TEMPERATURE (F)   70        90      1953
 MINIMUM TEMPERATURE (F)   45        29      1967


SUNRISE AND SUNSET
SEPTEMBER 30 2016.....SUNRISE   717 AM EDT   SUNSET   706 PM EDT
OCTOBER  1 2016.......SUNRISE   717 AM EDT   SUNSET   704 PM EDT


-  INDICATES NEGATIVE NUMBERS.
R  INDICATES RECORD WAS SET OR TIED.
MM INDICATES DATA IS MISSING.
T  INDICATES TRACE AMOUNT.

$$
RCS
