559
CDUS41 KRNK 260618
CLIRNK


CLIMATE REPORT
NATIONAL WEATHER SERVICE BLACKSBURG VA
217 AM EDT TUE JUL 26 2016


...................................

...THE BLACKSBURG VA CLIMATE SUMMARY FOR JULY 25 2016...

CLIMATE NORMAL PERIOD 1981 TO 2010
CLIMATE RECORD PERIOD 1952 TO 2016


WEATHER ITEM   OBSERVED RECORD YEAR NORMAL DEPARTURE LAST
                VALUE   VALUE       VALUE  FROM      YEAR
                                           NORMAL
...........................................................
TEMPERATURE (F)
 YESTERDAY
  MAXIMUM         89     92    1987  82      7       86
  MINIMUM         66     53    1988  60      6       62
  AVERAGE         78                 71      7       74

PRECIPITATION (IN)
  YESTERDAY        0.03   1.21 1992   0.14  -0.11     0.00
  MONTH TO DATE    3.98               3.44   0.54     4.16
  SINCE JUN 1      7.26               7.44  -0.18     7.64
  SINCE JAN 1     23.28              24.78  -1.50    23.17

SNOWFALL (IN)
  YESTERDAY        0.0                                0.0
  MONTH TO DATE    0.0                                 T
  SINCE JUN 1      0.0                                 T
  SINCE JUL 1      0.0                                 T
  SNOW DEPTH       0

DEGREE DAYS
 HEATING
  YESTERDAY        0                  0      0        0
  MONTH TO DATE    0                  0      0        0
  SINCE JUN 1     12                 38    -26       11
  SINCE JUL 1      0                  0      0        0

 COOLING
  YESTERDAY       13                  6      7        9
  MONTH TO DATE  227                156     71      189
  SINCE JUN 1    385                275    110      401
  SINCE JAN 1    431                304    127      477
...........................................................


WIND (MPH)
  HIGHEST WIND SPEED    10   HIGHEST WIND DIRECTION    NW (320)
  HIGHEST GUST SPEED    MM   HIGHEST GUST DIRECTION    MM
  AVERAGE WIND SPEED     1.5


SKY COVER
  AVERAGE SKY COVER 0.2


WEATHER CONDITIONS
 THE FOLLOWING WEATHER WAS RECORDED YESTERDAY.
  LIGHT RAIN
  FOG


RELATIVE HUMIDITY (PERCENT)
 HIGHEST   100           300 AM
 LOWEST     57           300 PM
 AVERAGE    79

..........................................................


THE BLACKSBURG VA CLIMATE NORMALS FOR TODAY
                         NORMAL    RECORD    YEAR
 MAXIMUM TEMPERATURE (F)   82        94      1987
 MINIMUM TEMPERATURE (F)   60        50      1983


SUNRISE AND SUNSET
JULY 26 2016..........SUNRISE   622 AM EDT   SUNSET   834 PM EDT
JULY 27 2016..........SUNRISE   623 AM EDT   SUNSET   833 PM EDT


-  INDICATES NEGATIVE NUMBERS.
R  INDICATES RECORD WAS SET OR TIED.
MM INDICATES DATA IS MISSING.
T  INDICATES TRACE AMOUNT.




$$
