000
CDUS41 KRNK 040911
CLIRNK


CLIMATE REPORT
NATIONAL WEATHER SERVICE BLACKSBURG VA
510 AM EDT TUE AUG 4 2015


...................................

...THE BLACKSBURG VA CLIMATE SUMMARY FOR AUGUST 3 2015...

CLIMATE NORMAL PERIOD 1981 TO 2010
CLIMATE RECORD PERIOD 1952 TO 2015


WEATHER ITEM   OBSERVED RECORD YEAR NORMAL DEPARTURE LAST
                VALUE   VALUE       VALUE  FROM      YEAR
                                           NORMAL
...........................................................
TEMPERATURE (F)
 YESTERDAY
  MAXIMUM         86     92    1975  82      4       78
  MINIMUM         56     46    1976  60     -4       56
  AVERAGE         71                 71      0       67

PRECIPITATION (IN)
  YESTERDAY        0.00   0.78 1974   0.13  -0.13     0.00
  MONTH TO DATE    0.00               0.38  -0.38     0.36
  SINCE JUN 1      7.74               8.64  -0.90     5.35
  SINCE JAN 1     23.27              25.98  -2.71    20.18

SNOWFALL (IN)
  YESTERDAY        0.0                                0.0
  MONTH TO DATE    0.0                                0.0
  SINCE JUN 1      T                                   T
  SINCE JUL 1      T                                  0.0
  SNOW DEPTH       0

DEGREE DAYS
 HEATING
  YESTERDAY        0                  0      0        0
  MONTH TO DATE    0                  0      0        0
  SINCE JUN 1     11                 44    -33       11
  SINCE JUL 1      0                  6     -6        8

 COOLING
  YESTERDAY        6                  6      0        2
  MONTH TO DATE   14                 18     -4        3
  SINCE JUN 1    472                333    139      349
  SINCE JAN 1    548                362    186      407
...........................................................


WIND (MPH)
  HIGHEST WIND SPEED     8   HIGHEST WIND DIRECTION     W (250)
  HIGHEST GUST SPEED    16   HIGHEST GUST DIRECTION    SW (230)
  AVERAGE WIND SPEED     2.8


SKY COVER
  AVERAGE SKY COVER 0.1


WEATHER CONDITIONS
 THE FOLLOWING WEATHER WAS RECORDED YESTERDAY.
  NO SIGNIFICANT WEATHER WAS OBSERVED.


RELATIVE HUMIDITY (PERCENT)
 HIGHEST   100           400 AM
 LOWEST     42           300 PM
 AVERAGE    71

..........................................................


THE BLACKSBURG VA CLIMATE NORMALS FOR TODAY
                         NORMAL    RECORD    YEAR
 MAXIMUM TEMPERATURE (F)   82        95      1987
 MINIMUM TEMPERATURE (F)   60        47      1976


SUNRISE AND SUNSET
AUGUST  4 2015........SUNRISE   629 AM EDT   SUNSET   826 PM EDT
AUGUST  5 2015........SUNRISE   630 AM EDT   SUNSET   825 PM EDT


-  INDICATES NEGATIVE NUMBERS.
R  INDICATES RECORD WAS SET OR TIED.
MM INDICATES DATA IS MISSING.
T  INDICATES TRACE AMOUNT.




$$
