000
CDUS46 KSGX 290016
CLIRNM


CLIMATE REPORT
NATIONAL WEATHER SERVICE SAN DIEGO, CA
516 PM PDT TUE JUL 28 2015


...................................

...THE RAMONA AIRPORT CA CLIMATE SUMMARY FOR JULY 28 2015...
VALID TODAY AS OF 0500 PM LOCAL TIME.

CLIMATE NORMAL PERIOD 1981 TO 2010
CLIMATE RECORD PERIOD 1974 TO 2015


WEATHER ITEM   OBSERVED TIME   RECORD YEAR NORMAL DEPARTURE LAST
                VALUE   (LST)  VALUE       VALUE  FROM      YEAR
                                                  NORMAL
..................................................................
TEMPERATURE (F)
 TODAY
  MAXIMUM         88    151 PM 102    1980  89     -1       94
  MINIMUM         54    526 AM  48    2012  57     -3       64
                                      1986
  AVERAGE         71                        73     -2       79

PRECIPITATION (IN)
  TODAY            0.00          0.32 1984   0.00   0.00     0.00
  MONTH TO DATE    2.38                      0.11   2.27     0.16
  SINCE OCT 1     12.02                     15.58  -3.56     7.92
  SINCE JAN 1      7.42                     11.44  -4.02     5.25

DEGREE DAYS
 HEATING
  TODAY            0                         0      0        0
  MONTH TO DATE    0                         0      0        0
  SINCE JUN 1      8                        27    -19        7
  SINCE JUL 1      0                         0      0        0

 COOLING
  TODAY            6                         8     -2       14
  MONTH TO DATE  185                       197    -12      253
  SINCE JUN 1    377                       283     94      341
  SINCE JAN 1    412                       310    102      424
..................................................................


WIND (MPH)
  RESULTANT WIND SPEED   4   RESULTANT WIND DIRECTION  NW (300)
  HIGHEST WIND SPEED    13   HIGHEST WIND DIRECTION     W (280)
  HIGHEST GUST SPEED    17   HIGHEST GUST DIRECTION     W (290)
  AVERAGE WIND SPEED     5.3


SKY COVER
  POSSIBLE SUNSHINE  MM
  AVERAGE SKY COVER 0.0


WEATHER CONDITIONS
 THE FOLLOWING WEATHER WAS RECORDED TODAY.
  NO SIGNIFICANT WEATHER WAS OBSERVED.


RELATIVE HUMIDITY (PERCENT)
 HIGHEST    93          1200 AM
 LOWEST     40          1100 AM
 AVERAGE    67

..........................................................


THE RAMONA AIRPORT CA CLIMATE NORMALS FOR TOMORROW
                         NORMAL    RECORD    YEAR
 MAXIMUM TEMPERATURE (F)   89       104      1980
 MINIMUM TEMPERATURE (F)   57        46      2012


SUNRISE AND SUNSET
JULY 28 2015..........SUNRISE   558 AM PDT   SUNSET   750 PM PDT
JULY 29 2015..........SUNRISE   559 AM PDT   SUNSET   749 PM PDT


-  INDICATES NEGATIVE NUMBERS.
R  INDICATES RECORD WAS SET OR TIED.
MM INDICATES DATA IS MISSING.
T  INDICATES TRACE AMOUNT.




$$
