000
CDUS46 KSGX 221424
CLIRNM


CLIMATE REPORT
NATIONAL WEATHER SERVICE SAN DIEGO, CA
724 AM PDT FRI AUG 22 2014


...................................

...THE RAMONA AIRPORT CA CLIMATE SUMMARY FOR AUGUST 21 2014...

CLIMATE NORMAL PERIOD 1981 TO 2010
CLIMATE RECORD PERIOD 1974 TO 2014


WEATHER ITEM   OBSERVED TIME   RECORD YEAR NORMAL DEPARTURE LAST
                VALUE   (LST)  VALUE       VALUE  FROM      YEAR
                                                  NORMAL
..................................................................
TEMPERATURE (F)
 YESTERDAY
  MAXIMUM         89    108 PM 102    1982  91     -2       97
  MINIMUM         59   1249 AM  49    2000  58      1       54
  AVERAGE         74                        74      0       76

PRECIPITATION (IN)
  YESTERDAY        T             0.01 2005   0.00   0.00     0.00
  MONTH TO DATE    0.25                      0.08   0.17     0.00
  SINCE JUL 1      0.41                      0.21   0.20     0.08
  SINCE JAN 1      5.50                     11.54  -6.04     4.58

SNOWFALL (IN)
  YESTERDAY        0.0
  MONTH TO DATE    0.0
  SINCE JAN 1      0.0
  SINCE JUL 1      0.0
  SNOW DEPTH       0

DEGREE DAYS
 HEATING
  YESTERDAY        0                         0      0        0
  MONTH TO DATE    0                         0      0        1
  SINCE JUN 1      7                        29    -22        3
  SINCE JUL 1      0                         2     -2        1

 COOLING
  YESTERDAY        9                         9      0       11
  MONTH TO DATE  190                       188      2      114
  SINCE JUN 1    569                       496     73      473
  SINCE JAN 1    652                       523    129      521
..................................................................


WIND (MPH)
  RESULTANT WIND SPEED   4   RESULTANT WIND DIRECTION   W (290)
  HIGHEST WIND SPEED    17   HIGHEST WIND DIRECTION     W (270)
  HIGHEST GUST SPEED    21   HIGHEST GUST DIRECTION    NW (300)
  AVERAGE WIND SPEED     5.3


SKY COVER
  POSSIBLE SUNSHINE  MM
  AVERAGE SKY COVER 0.4


WEATHER CONDITIONS
 THE FOLLOWING WEATHER WAS RECORDED YESTERDAY.
  LIGHT RAIN
  FOG
  FOG W/VISIBILITY <= 1/4 MILE
  HAZE


RELATIVE HUMIDITY (PERCENT)
 HIGHEST    97           400 AM
 LOWEST     40           100 PM
 AVERAGE    69

..........................................................


THE RAMONA AIRPORT CA CLIMATE NORMALS FOR TODAY
                         NORMAL    RECORD    YEAR
 MAXIMUM TEMPERATURE (F)   91       101      1982
 MINIMUM TEMPERATURE (F)   58        43      1978


SUNRISE AND SUNSET
AUGUST 22 2014........SUNRISE   615 AM PDT   SUNSET   725 PM PDT
AUGUST 23 2014........SUNRISE   616 AM PDT   SUNSET   724 PM PDT


-  INDICATES NEGATIVE NUMBERS.
R  INDICATES RECORD WAS SET OR TIED.
MM INDICATES DATA IS MISSING.
T  INDICATES TRACE AMOUNT.




$$
