000
CDUS46 KSGX 231130
CLIRNM


CLIMATE REPORT
NATIONAL WEATHER SERVICE SAN DIEGO, CA
430 AM PDT SAT SEP 23 2017


...................................

...THE RAMONA AIRPORT CA CLIMATE SUMMARY FOR SEPTEMBER 22 2017...

CLIMATE NORMAL PERIOD 1981 TO 2010
CLIMATE RECORD PERIOD 1974 TO 2017


WEATHER ITEM   OBSERVED TIME   RECORD YEAR NORMAL DEPARTURE LAST
                VALUE   (LST)  VALUE       VALUE  FROM      YEAR
                                                  NORMAL
..................................................................
TEMPERATURE (F)
 YESTERDAY
  MAXIMUM         75    118 PM 104    2009  85    -10       75
  MINIMUM         49    324 AM  43    1988  53     -4       54
                                      1986
                                      1977
  AVERAGE         62                        69     -7       65

PRECIPITATION (IN)
  YESTERDAY        0.00          0.09 1999   0.01  -0.01     0.00
  MONTH TO DATE    0.05                      0.23  -0.18     0.50
  SINCE OCT 1     22.96                     15.98   6.98    13.69
  SINCE JAN 1     15.94                     11.84   4.10    10.16

DEGREE DAYS
 HEATING
  YESTERDAY        3                         1      2        0
  MONTH TO DATE    8                         3      5        8
  SINCE SEP 1      8                         3      5        8
  SINCE JUL 1      8                         6      2        8

 COOLING
  YESTERDAY        0                         5     -5        0
  MONTH TO DATE  186                       148     38       93
  SINCE SEP 1    186                       148     38       93
  SINCE JAN 1   1121                       761    360      889
..................................................................


WIND (MPH)
  RESULTANT WIND SPEED   3   RESULTANT WIND DIRECTION   W (250)
  HIGHEST WIND SPEED    17   HIGHEST WIND DIRECTION     W (270)
  HIGHEST GUST SPEED    21   HIGHEST GUST DIRECTION     W (270)
  AVERAGE WIND SPEED     4.6


SKY COVER
  POSSIBLE SUNSHINE  MM
  AVERAGE SKY COVER 0.5


WEATHER CONDITIONS
 THE FOLLOWING WEATHER WAS RECORDED YESTERDAY.
  NO SIGNIFICANT WEATHER WAS OBSERVED.


RELATIVE HUMIDITY (PERCENT)
 HIGHEST    93           300 AM
 LOWEST     38           100 PM
 AVERAGE    66

..........................................................


THE RAMONA AIRPORT CA CLIMATE NORMALS FOR TODAY
                         NORMAL    RECORD    YEAR
 MAXIMUM TEMPERATURE (F)   85       104      2002
 MINIMUM TEMPERATURE (F)   53        43      2010


SUNRISE AND SUNSET
SEPTEMBER 23 2017.....SUNRISE   637 AM PDT   SUNSET   642 PM PDT
SEPTEMBER 24 2017.....SUNRISE   637 AM PDT   SUNSET   641 PM PDT


-  INDICATES NEGATIVE NUMBERS.
R  INDICATES RECORD WAS SET OR TIED.
MM INDICATES DATA IS MISSING.
T  INDICATES TRACE AMOUNT.




$$
