000
CDUS46 KSGX 281417
CLIRNM


CLIMATE REPORT
NATIONAL WEATHER SERVICE SAN DIEGO, CA
717 AM PDT MON JUL 28 2014


...................................

...THE RAMONA AIRPORT CA CLIMATE SUMMARY FOR JULY 27 2014...

CLIMATE NORMAL PERIOD 1981 TO 2010
CLIMATE RECORD PERIOD 1974 TO 2014


WEATHER ITEM   OBSERVED TIME   RECORD YEAR NORMAL DEPARTURE LAST
                VALUE   (LST)  VALUE       VALUE  FROM      YEAR
                                                  NORMAL
..................................................................
TEMPERATURE (F)
 YESTERDAY
  MAXIMUM         89    311 PM 106    1995  89      0       87
  MINIMUM         63    513 AM  46    1983  57      6       57
  AVERAGE         76                        73      3       72

PRECIPITATION (IN)
  YESTERDAY        0.01          0.08 1984   0.01   0.00     0.00
  MONTH TO DATE    0.16                      0.11   0.05     0.08
  SINCE JUL 1      0.16                      0.11   0.05     0.08
  SINCE JAN 1      5.25                     11.44  -6.19     4.58

SNOWFALL (IN)
  YESTERDAY        0.0
  MONTH TO DATE    0.0
  SINCE JAN 1      0.0
  SINCE JUL 1      0.0
  SNOW DEPTH       0

DEGREE DAYS
 HEATING
  YESTERDAY        0                         0      0        0
  MONTH TO DATE    0                         0      0        0
  SINCE JUN 1      7                        27    -20        2
  SINCE JUL 1      0                         0      0        0

 COOLING
  YESTERDAY       11                         8      3        7
  MONTH TO DATE  239                       189     50      234
  SINCE JUN 1    327                       275     52      344
  SINCE JAN 1    410                       302    108      392
..................................................................


WIND (MPH)
  RESULTANT WIND SPEED   3   RESULTANT WIND DIRECTION   W (290)
  HIGHEST WIND SPEED    18   HIGHEST WIND DIRECTION     W (280)
  HIGHEST GUST SPEED    22   HIGHEST GUST DIRECTION     W (280)
  AVERAGE WIND SPEED     4.4


SKY COVER
  POSSIBLE SUNSHINE  MM
  AVERAGE SKY COVER 0.1


WEATHER CONDITIONS
 THE FOLLOWING WEATHER WAS RECORDED YESTERDAY.
  NO SIGNIFICANT WEATHER WAS OBSERVED.


RELATIVE HUMIDITY (PERCENT)
 HIGHEST    87           200 AM
 LOWEST     39           300 PM
 AVERAGE    63

..........................................................


THE RAMONA AIRPORT CA CLIMATE NORMALS FOR TODAY
                         NORMAL    RECORD    YEAR
 MAXIMUM TEMPERATURE (F)   89       102      1980
 MINIMUM TEMPERATURE (F)   57        48      2012
                                             1986


SUNRISE AND SUNSET
JULY 28 2014..........SUNRISE   558 AM PDT   SUNSET   750 PM PDT
JULY 29 2014..........SUNRISE   559 AM PDT   SUNSET   749 PM PDT


-  INDICATES NEGATIVE NUMBERS.
R  INDICATES RECORD WAS SET OR TIED.
MM INDICATES DATA IS MISSING.
T  INDICATES TRACE AMOUNT.




$$
