000
CDUS46 KSGX 250016
CLIRNM


CLIMATE REPORT
NATIONAL WEATHER SERVICE SAN DIEGO, CA
516 PM PDT THU JUL 24 2014


...................................

...THE RAMONA AIRPORT CA CLIMATE SUMMARY FOR JULY 24 2014...
VALID TODAY AS OF 0500 PM LOCAL TIME.

CLIMATE NORMAL PERIOD 1981 TO 2010
CLIMATE RECORD PERIOD 1974 TO 2014


WEATHER ITEM   OBSERVED TIME   RECORD YEAR NORMAL DEPARTURE LAST
                VALUE   (LST)  VALUE       VALUE  FROM      YEAR
                                                  NORMAL
..................................................................
TEMPERATURE (F)
 TODAY
  MAXIMUM        100    115 PM 103    2006  89     11       87
  MINIMUM         60    442 AM  46    2008  57      3       59
  AVERAGE         80                        73      7       73

PRECIPITATION (IN)
  TODAY            0.00          0.01 2006   0.01  -0.01     0.00
  MONTH TO DATE    T                         0.09  -0.09     0.08
  SINCE JUL 1      T                         0.09  -0.09     0.08
  SINCE JAN 1      5.09                     11.42  -6.33     4.58

SNOWFALL (IN)
  TODAY            0.0
  MONTH TO DATE    0.0
  SINCE JAN 1      0.0
  SINCE JUL 1      0.0
  SNOW DEPTH       0

DEGREE DAYS
 HEATING
  TODAY            0                         0      0        0
  MONTH TO DATE    0                         0      0        0
  SINCE JUN 1      7                        27    -20        2
  SINCE JUL 1      0                         0      0        0

 COOLING
  TODAY           15                         8      7        8
  MONTH TO DATE  205                       165     40      209
  SINCE JUN 1    293                       251     42      319
  SINCE JAN 1    376                       278     98      367
..................................................................


WIND (MPH)
  RESULTANT WIND SPEED   5   RESULTANT WIND DIRECTION   W (290)
  HIGHEST WIND SPEED    15   HIGHEST WIND DIRECTION     W (270)
  HIGHEST GUST SPEED    20   HIGHEST GUST DIRECTION     W (280)
  AVERAGE WIND SPEED     5.3


SKY COVER
  POSSIBLE SUNSHINE  MM
  AVERAGE SKY COVER 0.0


WEATHER CONDITIONS
 THE FOLLOWING WEATHER WAS RECORDED TODAY.
  NO SIGNIFICANT WEATHER WAS OBSERVED.


RELATIVE HUMIDITY (PERCENT)
 HIGHEST    64           500 AM
 LOWEST     20           400 PM
 AVERAGE    42

..........................................................


THE RAMONA AIRPORT CA CLIMATE NORMALS FOR TOMORROW
                         NORMAL    RECORD    YEAR
 MAXIMUM TEMPERATURE (F)   89       101      1977
 MINIMUM TEMPERATURE (F)   57        49      1995


SUNRISE AND SUNSET
JULY 24 2014..........SUNRISE   556 AM PDT   SUNSET   752 PM PDT
JULY 25 2014..........SUNRISE   556 AM PDT   SUNSET   752 PM PDT


-  INDICATES NEGATIVE NUMBERS.
R  INDICATES RECORD WAS SET OR TIED.
MM INDICATES DATA IS MISSING.
T  INDICATES TRACE AMOUNT.




$$
