000
CDUS46 KSGX 240639
CLIRNM


CLIMATE REPORT
NATIONAL WEATHER SERVICE SAN DIEGO, CA
1138 PM PDT MON MAY 23 2016


...................................

...THE RAMONA AIRPORT CA CLIMATE SUMMARY FOR MAY 21 2016...

CLIMATE NORMAL PERIOD 1981 TO 2010
CLIMATE RECORD PERIOD 1974 TO 2016


WEATHER ITEM   OBSERVED TIME   RECORD YEAR NORMAL DEPARTURE LAST
                VALUE   (LST)  VALUE       VALUE  FROM      YEAR
                                                  NORMAL
..................................................................
TEMPERATURE (F)
 YESTERDAY
  MAXIMUM         67    156 PM  96    2000  76     -9       63
  MINIMUM         42   1159 PM  29    1974  48     -6       53
  AVERAGE         55                        62     -7       58

PRECIPITATION (IN)
  YESTERDAY        T             0.02 1975   0.00   0.00      T
  MONTH TO DATE    0.25                      0.29  -0.04     1.31
  SINCE OCT 1     13.19                     15.34  -2.15     9.24
  SINCE JAN 1      9.66                     11.20  -1.54     4.64

DEGREE DAYS
 HEATING
  YESTERDAY       10                         4      6        7
  MONTH TO DATE   91                       103    -12      119
  SINCE MAR 1    601                       754   -153      507
  SINCE JUL 1   2104                      2495   -391     1691

 COOLING
  YESTERDAY        0                         1     -1        0
  MONTH TO DATE    6                         9     -3        6
  SINCE MAR 1      7                        13     -6       25
  SINCE JAN 1     12                        14     -2       27
..................................................................


WIND (MPH)
  RESULTANT WIND SPEED   7   RESULTANT WIND DIRECTION   W (250)
  HIGHEST WIND SPEED    17   HIGHEST WIND DIRECTION     W (270)
  HIGHEST GUST SPEED    23   HIGHEST GUST DIRECTION     W (270)
  AVERAGE WIND SPEED     7.9


SKY COVER
  POSSIBLE SUNSHINE  MM
  AVERAGE SKY COVER 0.6


WEATHER CONDITIONS
 THE FOLLOWING WEATHER WAS RECORDED YESTERDAY.
  LIGHT RAIN


RELATIVE HUMIDITY (PERCENT)
 HIGHEST    83           600 AM
 LOWEST     42           200 PM
 AVERAGE    63

..........................................................


THE RAMONA AIRPORT CA CLIMATE NORMALS FOR TODAY
                         NORMAL    RECORD    YEAR
 MAXIMUM TEMPERATURE (F)   77        93      2001
 MINIMUM TEMPERATURE (F)   48        39      2016


SUNRISE AND SUNSET
MAY 22 2016...........SUNRISE   544 AM PDT   SUNSET   745 PM PDT
MAY 23 2016...........SUNRISE   543 AM PDT   SUNSET   746 PM PDT


-  INDICATES NEGATIVE NUMBERS.
R  INDICATES RECORD WAS SET OR TIED.
MM INDICATES DATA IS MISSING.
T  INDICATES TRACE AMOUNT.




$$
