153
CDUS46 KSGX 221133
CLIRNM


CLIMATE REPORT
NATIONAL WEATHER SERVICE SAN DIEGO, CA
433 AM PDT MON MAY 22 2017


...................................

...THE RAMONA AIRPORT CA CLIMATE SUMMARY FOR MAY 21 2017...

CLIMATE NORMAL PERIOD 1981 TO 2010
CLIMATE RECORD PERIOD 1974 TO 2017


WEATHER ITEM   OBSERVED TIME   RECORD YEAR NORMAL DEPARTURE LAST
                VALUE   (LST)  VALUE       VALUE  FROM      YEAR
                                                  NORMAL
..................................................................
TEMPERATURE (F)
 YESTERDAY
  MAXIMUM         91   1206 PM  92    2005  76     15       67
  MINIMUM         49    434 AM  29    1974  48      1       42
  AVERAGE         70                        62      8       55

PRECIPITATION (IN)
  YESTERDAY        0.00          0.02 1975   0.00   0.00      T
  MONTH TO DATE    1.14                      0.29   0.85     0.25
  SINCE OCT 1     22.72                     15.34   7.38    13.19
  SINCE JAN 1     15.70                     11.20   4.50     9.66

DEGREE DAYS
 HEATING
  YESTERDAY        0                         4     -4       10
  MONTH TO DATE   90                       103    -13       91
  SINCE MAR 1    464                       754   -290      601
  SINCE JUL 1   1899                      2495   -596     2104

 COOLING
  YESTERDAY        5                         1      4        0
  MONTH TO DATE   22                         9     13        6
  SINCE MAR 1     34                        13     21        7
  SINCE JAN 1     34                        14     20       12
..................................................................


WIND (MPH)
  RESULTANT WIND SPEED   4   RESULTANT WIND DIRECTION   W (280)
  HIGHEST WIND SPEED    17   HIGHEST WIND DIRECTION     W (260)
  HIGHEST GUST SPEED    21   HIGHEST GUST DIRECTION     W (250)
  AVERAGE WIND SPEED     4.6


SKY COVER
  POSSIBLE SUNSHINE  MM
  AVERAGE SKY COVER 0.0


WEATHER CONDITIONS
 THE FOLLOWING WEATHER WAS RECORDED YESTERDAY.
  NO SIGNIFICANT WEATHER WAS OBSERVED.


RELATIVE HUMIDITY (PERCENT)
 HIGHEST    86           500 AM
 LOWEST     18           900 AM
 AVERAGE    52

..........................................................


THE RAMONA AIRPORT CA CLIMATE NORMALS FOR TODAY
                         NORMAL    RECORD    YEAR
 MAXIMUM TEMPERATURE (F)   77        91      2005
 MINIMUM TEMPERATURE (F)   48        36      2002


SUNRISE AND SUNSET
MAY 22 2017...........SUNRISE   544 AM PDT   SUNSET   745 PM PDT
MAY 23 2017...........SUNRISE   543 AM PDT   SUNSET   746 PM PDT


-  INDICATES NEGATIVE NUMBERS.
R  INDICATES RECORD WAS SET OR TIED.
MM INDICATES DATA IS MISSING.
T  INDICATES TRACE AMOUNT.




$$
