000
CDUS45 KREV 220849
CLIRNO


CLIMATE REPORT
NATIONAL WEATHER SERVICE RENO NV
148 AM PDT FRI AUG 22 2014


...................................

...THE RENO TAHOE AIRPORT NV CLIMATE SUMMARY FOR AUGUST 21 2014...

CLIMATE NORMAL PERIOD 1981 TO 2010
CLIMATE RECORD PERIOD 1888 TO 2014


WEATHER ITEM   OBSERVED TIME   RECORD YEAR NORMAL DEPARTURE LAST
                VALUE   (LST)  VALUE       VALUE  FROM      YEAR
                                                  NORMAL
..................................................................
TEMPERATURE (F)
 YESTERDAY
  MAXIMUM         90    211 PM 100    1982  90      0       90
  MINIMUM         57    537 AM  34    1968  55      2       64
  AVERAGE         74                        72      2       77

PRECIPITATION (IN)
  YESTERDAY        0.00          0.51 2003   0.00   0.00     0.04
  MONTH TO DATE    1.08                      0.17   0.91     1.08
  SINCE OCT 1      4.24                      6.99  -2.75     6.08
  SINCE JAN 1      3.28                      4.63  -1.35     3.04

SNOWFALL (IN)
  YESTERDAY        0.0           0.0    MM   0.0    0.0      0.0
  MONTH TO DATE    0.0                       0.0    0.0       T
  SINCE JUN 1      0.0                       T      0.0       T
  SINCE JUL 1      0.0                       0.0    0.0       T
  SNOW DEPTH       0

DEGREE DAYS
 HEATING
  YESTERDAY        0                         0      0        0
  MONTH TO DATE    4                         0      4        0
  SINCE JUN 1     14                        61    -47       16
  SINCE JUL 1      4                         5     -1        0

 COOLING
  YESTERDAY        9                         7      2       12
  MONTH TO DATE  213                       195     18      217
  SINCE JUN 1    915                       645    270      920
  SINCE JAN 1    962                       682    280      956
..................................................................


WIND (MPH)
  RESULTANT WIND SPEED   6   RESULTANT WIND DIRECTION  NW (300)
  HIGHEST WIND SPEED    26   HIGHEST WIND DIRECTION     W (290)
  HIGHEST GUST SPEED    32   HIGHEST GUST DIRECTION     W (290)
  AVERAGE WIND SPEED     9.0



WEATHER CONDITIONS
 THE FOLLOWING WEATHER WAS RECORDED YESTERDAY.
  NO SIGNIFICANT WEATHER WAS OBSERVED.


RELATIVE HUMIDITY (PERCENT)
 HIGHEST    55           500 AM
 LOWEST     14           200 PM
 AVERAGE    35

..........................................................


THE RENO TAHOE AIRPORT NV CLIMATE NORMALS FOR TODAY
                         NORMAL    RECORD    YEAR
 MAXIMUM TEMPERATURE (F)   89       101      1982
 MINIMUM TEMPERATURE (F)   55        29      1968


SUNRISE AND SUNSET
AUGUST 22 2014........SUNRISE   618 AM PDT   SUNSET   745 PM PDT
AUGUST 23 2014........SUNRISE   619 AM PDT   SUNSET   744 PM PDT


-  INDICATES NEGATIVE NUMBERS.
R  INDICATES RECORD WAS SET OR TIED.
MM INDICATES DATA IS MISSING.
T  INDICATES TRACE AMOUNT.




$$
