000
CDUS45 KREV 010037
CLIRNO


CLIMATE REPORT
NATIONAL WEATHER SERVICE RENO NV
537 PM PDT MON AUG 31 2015


...................................

...THE RENO TAHOE AIRPORT NV CLIMATE SUMMARY FOR AUGUST 31 2015...
VALID TODAY AS OF 0500 PM LOCAL TIME.

CLIMATE NORMAL PERIOD 1981 TO 2010
CLIMATE RECORD PERIOD 1888 TO 2015


WEATHER ITEM   OBSERVED TIME   RECORD YEAR NORMAL DEPARTURE LAST
                VALUE   (LST)  VALUE       VALUE  FROM      YEAR
                                                  NORMAL
..................................................................
TEMPERATURE (F)
 TODAY
  MAXIMUM         90    357 PM 100    1976  87      3       91
  MINIMUM         52    543 AM  31    1966  53     -1       54
  AVERAGE         71                        70      1       73

PRECIPITATION (IN)
  TODAY            0.00          0.23 1907   0.01  -0.01     0.00
  MONTH TO DATE    0.11                      0.23  -0.12     1.08
  SINCE OCT 1      5.83                      7.05  -1.22     4.24
  SINCE JAN 1      4.41                      4.69  -0.28     3.28

SNOWFALL (IN)
  TODAY            0.0           0.0    MM   0.0    0.0      0.0
  MONTH TO DATE    0.0                       0.0    0.0      0.0
  SINCE JUN 1      0.0                       T      0.0      0.0
  SINCE JUL 1      0.0                       0.0    0.0      0.0
  SNOW DEPTH       0

DEGREE DAYS
 HEATING
  TODAY            0                         1     -1        0
  MONTH TO DATE    0                         2     -2        4
  SINCE JUN 1      8                        66    -58       14
  SINCE JUL 1      1                        10     -9        4

 COOLING
  TODAY            6                         5      1        8
  MONTH TO DATE  350                       259     91      287
  SINCE JUN 1    959                       709    250      989
  SINCE JAN 1    993                       746    247     1036
..................................................................


WIND (MPH)
  RESULTANT WIND SPEED   1   RESULTANT WIND DIRECTION   N (340)
  HIGHEST WIND SPEED    12   HIGHEST WIND DIRECTION     N (360)
  HIGHEST GUST SPEED    14   HIGHEST GUST DIRECTION    SE (120)
  AVERAGE WIND SPEED     4.0



WEATHER CONDITIONS
 THE FOLLOWING WEATHER WAS RECORDED TODAY.
  NO SIGNIFICANT WEATHER WAS OBSERVED.


RELATIVE HUMIDITY (PERCENT)
 HIGHEST    35           200 AM
 LOWEST      9           300 PM
 AVERAGE    22

..........................................................


THE RENO TAHOE AIRPORT NV CLIMATE NORMALS FOR TOMORROW
                         NORMAL    RECORD    YEAR
 MAXIMUM TEMPERATURE (F)   87        99      1950
 MINIMUM TEMPERATURE (F)   53        32      1966
                                             1964
                                             1960


SUNRISE AND SUNSET
AUGUST 31 2015........SUNRISE   626 AM PDT   SUNSET   732 PM PDT
SEPTEMBER  1 2015.....SUNRISE   627 AM PDT   SUNSET   730 PM PDT


-  INDICATES NEGATIVE NUMBERS.
R  INDICATES RECORD WAS SET OR TIED.
MM INDICATES DATA IS MISSING.
T  INDICATES TRACE AMOUNT.




$$
