069
CDUS45 KREV 090839
CLIRNO


CLIMATE REPORT
NATIONAL WEATHER SERVICE RENO NV
1239 AM PST TUE FEB 9 2016


...................................

...THE RENO TAHOE AIRPORT NV CLIMATE SUMMARY FOR FEBRUARY 8 2016...

CLIMATE NORMAL PERIOD 1981 TO 2010
CLIMATE RECORD PERIOD 1888 TO 2016


WEATHER ITEM   OBSERVED TIME   RECORD YEAR NORMAL DEPARTURE LAST
                VALUE   (LST)  VALUE       VALUE  FROM      YEAR
                                                  NORMAL
..................................................................
TEMPERATURE (F)
 YESTERDAY
  MAXIMUM         57    240 PM  64    2000  49      8       55
                                      1970
  MINIMUM         27    724 AM -12    1989  28     -1       34
  AVERAGE         42                        38      4       45

PRECIPITATION (IN)
  YESTERDAY        0.00          0.81 2015   0.03  -0.03     0.81
  MONTH TO DATE    0.00                      0.26  -0.26     1.16
  SINCE OCT 1      5.65                      3.65   2.00     2.64
  SINCE JAN 1      1.70                      1.29   0.41     1.22

SNOWFALL (IN)
  YESTERDAY        0.0           2.6  1923   0.2   -0.2      0.0
  MONTH TO DATE    0.0                       1.2   -1.2      0.0
  SINCE DEC 1     17.8                      11.7    6.1      2.2
  SINCE JUL 1     22.9                      15.2    7.7      2.2
  SNOW DEPTH       0

DEGREE DAYS
 HEATING
  YESTERDAY       23                        26     -3       20
  MONTH TO DATE  252                       217     35      129
  SINCE DEC 1   1987                      2051    -64     1652
  SINCE JUL 1   2980                      3154   -174     2477

 COOLING
  YESTERDAY        0                         0      0        0
  MONTH TO DATE    0                         0      0        0
  SINCE DEC 1      0                         0      0        0
  SINCE JAN 1      0                         0      0        0
..................................................................


WIND (MPH)
  RESULTANT WIND SPEED   3   RESULTANT WIND DIRECTION   E (110)
  HIGHEST WIND SPEED    16   HIGHEST WIND DIRECTION     E (80)
  HIGHEST GUST SPEED    19   HIGHEST GUST DIRECTION     E (70)
  AVERAGE WIND SPEED     3.8



WEATHER CONDITIONS
 THE FOLLOWING WEATHER WAS RECORDED YESTERDAY.
  NO SIGNIFICANT WEATHER WAS OBSERVED.


RELATIVE HUMIDITY (PERCENT)
 HIGHEST    85           400 AM
 LOWEST     35           500 PM
 AVERAGE    60

..........................................................


THE RENO TAHOE AIRPORT NV CLIMATE NORMALS FOR TODAY
                         NORMAL    RECORD    YEAR
 MAXIMUM TEMPERATURE (F)   50        69      1951
 MINIMUM TEMPERATURE (F)   28        -3      1929


SUNRISE AND SUNSET
FEBRUARY  9 2016......SUNRISE   659 AM PST   SUNSET   528 PM PST
FEBRUARY 10 2016......SUNRISE   658 AM PST   SUNSET   529 PM PST


-  INDICATES NEGATIVE NUMBERS.
R  INDICATES RECORD WAS SET OR TIED.
MM INDICATES DATA IS MISSING.
T  INDICATES TRACE AMOUNT.




$$
