000
CDUS45 KREV 170044
CLIRNO


CLIMATE REPORT
NATIONAL WEATHER SERVICE RENO NV
541 PM PDT WED AUG 16 2017


...................................

...THE RENO-TAHOE INTL AIRPORT NV CLIMATE SUMMARY FOR AUGUST 16 2017...
VALID TODAY AS OF 0500 PM LOCAL TIME.

CLIMATE NORMAL PERIOD 1981 TO 2010
CLIMATE RECORD PERIOD 1888 TO 2017


WEATHER ITEM   OBSERVED TIME   RECORD YEAR NORMAL DEPARTURE LAST
                VALUE   (LST)  VALUE       VALUE  FROM      YEAR
                                                  NORMAL
..................................................................
TEMPERATURE (F)
 TODAY
  MAXIMUM         93    147 PM 100    2008  91      2       96
                                      2001
  MINIMUM         65    634 AM  35    1976  56      9       60
  AVERAGE         79                        73      6       78

PRECIPITATION (IN)
  TODAY            0.00          0.12 1958   0.00   0.00     0.00
  MONTH TO DATE    0.15                      0.14   0.01     0.00
  SINCE OCT 1     15.25                      6.96   8.29     9.16
  SINCE JAN 1     11.46                      4.60   6.86     5.21

SNOWFALL (IN)
  TODAY            0.0           0.0    MM   0.0    0.0      0.0
  MONTH TO DATE    0.0                       0.0    0.0      0.0
  SINCE JUN 1      0.0                       T      0.0      0.0
  SINCE JUL 1      0.0                       0.0    0.0      0.0
  SNOW DEPTH       0

DEGREE DAYS
 HEATING
  TODAY            0                         0      0        0
  MONTH TO DATE    0                         0      0        0
  SINCE JUN 1     45                        61    -16       15
  SINCE JUL 1      0                         5     -5        0

 COOLING
  TODAY           14                         8      6       13
  MONTH TO DATE  220                       156     64      172
  SINCE JUN 1    984                       606    378      795
  SINCE JAN 1   1038                       643    395      823
..................................................................


WIND (MPH)
  RESULTANT WIND SPEED   1   RESULTANT WIND DIRECTION  NW (320)
  HIGHEST WIND SPEED    14   HIGHEST WIND DIRECTION     N (360)
  HIGHEST GUST SPEED    19   HIGHEST GUST DIRECTION     N (10)
  AVERAGE WIND SPEED     3.8



WEATHER CONDITIONS
 THE FOLLOWING WEATHER WAS RECORDED TODAY.
  NO SIGNIFICANT WEATHER WAS OBSERVED.


RELATIVE HUMIDITY (PERCENT)
 HIGHEST    56           600 AM
 LOWEST     15           400 PM
 AVERAGE    36

..........................................................


THE RENO-TAHOE INTL AIRPORT NV CLIMATE NORMALS FOR TOMORROW
                         NORMAL    RECORD    YEAR
 MAXIMUM TEMPERATURE (F)   91        99      2015
                                             2008
                                             2001
 MINIMUM TEMPERATURE (F)   56        35      1968


SUNRISE AND SUNSET
AUGUST 16 2017........SUNRISE   613 AM PDT   SUNSET   753 PM PDT
AUGUST 17 2017........SUNRISE   614 AM PDT   SUNSET   752 PM PDT


-  INDICATES NEGATIVE NUMBERS.
R  INDICATES RECORD WAS SET OR TIED.
MM INDICATES DATA IS MISSING.
T  INDICATES TRACE AMOUNT.




$$
