000
CDUS45 KREV 260836
CLIRNO


CLIMATE REPORT
NATIONAL WEATHER SERVICE RENO NV
136 AM PDT SAT JUL 26 2014


...................................

...THE RENO TAHOE AIRPORT NV CLIMATE SUMMARY FOR JULY 25 2014...

CLIMATE NORMAL PERIOD 1981 TO 2010
CLIMATE RECORD PERIOD 1888 TO 2014


WEATHER ITEM   OBSERVED TIME   RECORD YEAR NORMAL DEPARTURE LAST
                VALUE   (LST)  VALUE       VALUE  FROM      YEAR
                                                  NORMAL
..................................................................
TEMPERATURE (F)
 YESTERDAY
  MAXIMUM         94    354 PM 104    1980  94      0       98
  MINIMUM         61    514 AM  38    1947  59      2       67
                                      1945
  AVERAGE         78                        76      2       83

PRECIPITATION (IN)
  YESTERDAY        0.00          0.51 1946   0.01  -0.01     0.23
  MONTH TO DATE    0.20                      0.14   0.06     0.44
  SINCE OCT 1      3.16                      6.78  -3.62     4.95
  SINCE JAN 1      2.20                      4.42  -2.22     1.91

SNOWFALL (IN)
  YESTERDAY        0.0           0.0    MM   0.0    0.0      0.0
  MONTH TO DATE    0.0                       0.0    0.0      0.0
  SINCE JUN 1      0.0                       T      0.0      0.0
  SINCE JUL 1      0.0                       0.0    0.0      0.0
  SNOW DEPTH       0

DEGREE DAYS
 HEATING
  YESTERDAY        0                         0      0        0
  MONTH TO DATE    0                         0      0        0
  SINCE JUN 1     10                        56    -46       16
  SINCE JUL 1      0                         0      0        0

 COOLING
  YESTERDAY       13                        11      2       18
  MONTH TO DATE  398                       248    150      395
  SINCE JUN 1    610                       384    226      622
  SINCE JAN 1    657                       421    236      658
..................................................................


WIND (MPH)
  RESULTANT WIND SPEED   5   RESULTANT WIND DIRECTION  NW (300)
  HIGHEST WIND SPEED    22   HIGHEST WIND DIRECTION     W (280)
  HIGHEST GUST SPEED    28   HIGHEST GUST DIRECTION    NW (300)
  AVERAGE WIND SPEED     6.4



WEATHER CONDITIONS
 THE FOLLOWING WEATHER WAS RECORDED YESTERDAY.
  NO SIGNIFICANT WEATHER WAS OBSERVED.


RELATIVE HUMIDITY (PERCENT)
 HIGHEST    51           400 AM
 LOWEST     10           300 PM
 AVERAGE    31

..........................................................


THE RENO TAHOE AIRPORT NV CLIMATE NORMALS FOR TODAY
                         NORMAL    RECORD    YEAR
 MAXIMUM TEMPERATURE (F)   94       104      1980
                                             1945
 MINIMUM TEMPERATURE (F)   59        39      1967
                                             1966


SUNRISE AND SUNSET
JULY 26 2014..........SUNRISE   553 AM PDT   SUNSET   817 PM PDT
JULY 27 2014..........SUNRISE   554 AM PDT   SUNSET   816 PM PDT


-  INDICATES NEGATIVE NUMBERS.
R  INDICATES RECORD WAS SET OR TIED.
MM INDICATES DATA IS MISSING.
T  INDICATES TRACE AMOUNT.




$$
