000
CDUS45 KREV 160036
CLIRNO


CLIMATE REPORT
NATIONAL WEATHER SERVICE RENO NV
436 PM PST FRI DEC 15 2017


...................................

...THE RENO-TAHOE INTL AIRPORT NV CLIMATE SUMMARY FOR DECEMBER 15 2017...
VALID TODAY AS OF 0400 PM LOCAL TIME.

CLIMATE NORMAL PERIOD 1981 TO 2010
CLIMATE RECORD PERIOD 1888 TO 2017


WEATHER ITEM   OBSERVED TIME   RECORD YEAR NORMAL DEPARTURE LAST
                VALUE   (LST)  VALUE       VALUE  FROM      YEAR
                                                  NORMAL
..................................................................
TEMPERATURE (F)
 TODAY
  MAXIMUM         42    327 PM  65    1962  45     -3       63
                                      1939
  MINIMUM         20    620 AM   0    1967  25     -5       45
                                      1948
                                      1932
  AVERAGE         31                        35     -4       54

PRECIPITATION (IN)
  TODAY            0.00          0.59 2016   0.03  -0.03     0.59
  MONTH TO DATE    0.06                      0.45  -0.39     0.98
  SINCE OCT 1      1.52                      1.78  -0.26     3.56
  SINCE JAN 1     13.68                      6.82   6.86     8.81

SNOWFALL (IN)
  TODAY            0.0           2.6  1933   0.2   -0.2      0.0
  MONTH TO DATE    0.3                       1.7   -1.4      0.8
  SINCE DEC 1      0.3                       1.7   -1.4      0.8
  SINCE JUL 1      0.3                       5.2   -4.9      1.4
  SNOW DEPTH       0

DEGREE DAYS
 HEATING
  TODAY           34                        30      4       11
  MONTH TO DATE  460                       433     27      349
  SINCE DEC 1    460                       433     27      349
  SINCE JUL 1   1400                      1536   -136     1227

 COOLING
  TODAY            0                         0      0        0
  MONTH TO DATE    0                         0      0        0
  SINCE DEC 1      0                         0      0        0
  SINCE JAN 1   1401                       839    562     1088
..................................................................


WIND (MPH)
  RESULTANT WIND SPEED   1   RESULTANT WIND DIRECTION   S (160)
  HIGHEST WIND SPEED     6   HIGHEST WIND DIRECTION     S (180)
  HIGHEST GUST SPEED     8   HIGHEST GUST DIRECTION    NW (300)
  AVERAGE WIND SPEED     0.5



WEATHER CONDITIONS
 THE FOLLOWING WEATHER WAS RECORDED TODAY.
  NO SIGNIFICANT WEATHER WAS OBSERVED.


RELATIVE HUMIDITY (PERCENT)
 HIGHEST    84           500 AM
 LOWEST     41           300 PM
 AVERAGE    63

..........................................................


THE RENO-TAHOE INTL AIRPORT NV CLIMATE NORMALS FOR TOMORROW
                         NORMAL    RECORD    YEAR
 MAXIMUM TEMPERATURE (F)   45        70      1939
 MINIMUM TEMPERATURE (F)   25         4      1931


SUNRISE AND SUNSET
DECEMBER 15 2017......SUNRISE   712 AM PST   SUNSET   436 PM PST
DECEMBER 16 2017......SUNRISE   713 AM PST   SUNSET   437 PM PST


-  INDICATES NEGATIVE NUMBERS.
R  INDICATES RECORD WAS SET OR TIED.
MM INDICATES DATA IS MISSING.
T  INDICATES TRACE AMOUNT.




$$
