000
CDUS45 KREV 210905
CLIRNO


CLIMATE REPORT
NATIONAL WEATHER SERVICE RENO NV
103 AM PST TUE FEB 21 2017


...................................

...THE RENO TAHOE AIRPORT NV CLIMATE SUMMARY FOR FEBRUARY 20 2017...

CLIMATE NORMAL PERIOD 1981 TO 2010
CLIMATE RECORD PERIOD 1888 TO 2017


WEATHER ITEM   OBSERVED TIME   RECORD YEAR NORMAL DEPARTURE LAST
                VALUE   (LST)  VALUE       VALUE  FROM      YEAR
                                                  NORMAL
..................................................................
TEMPERATURE (F)
 YESTERDAY
  MAXIMUM         48    206 AM  72    1982  52     -4       57
  MINIMUM         37    807 PM  -6    1990  30      7       32
  AVERAGE         43                        41      2       45

PRECIPITATION (IN)
  YESTERDAY        1.05R         1.05 2017   0.04   1.01     0.00
  MONTH TO DATE    2.21                      0.70   1.51     0.42
  SINCE OCT 1     11.57                      4.09   7.48     6.07
  SINCE JAN 1      7.78                      1.73   6.05     2.12

SNOWFALL (IN)
  YESTERDAY        0.0           4.2  2010   0.2   -0.2      0.0
  MONTH TO DATE    T                         3.5   -3.5      1.2
  SINCE DEC 1     19.7                      14.0    5.7     19.0
  SINCE JUL 1     20.3                      17.5    2.8     24.1
  SNOW DEPTH       0

DEGREE DAYS
 HEATING
  YESTERDAY       22                        24     -2       20
  MONTH TO DATE  408                       518   -110      466
  SINCE DEC 1   2248                      2352   -104     2201
  SINCE JUL 1   3126                      3455   -329     3194

 COOLING
  YESTERDAY        0                         0      0        0
  MONTH TO DATE    0                         0      0        0
  SINCE DEC 1      0                         0      0        0
  SINCE JAN 1      0                         0      0        0
..................................................................


WIND (MPH)
  RESULTANT WIND SPEED   7   RESULTANT WIND DIRECTION   S (190)
  HIGHEST WIND SPEED    28   HIGHEST WIND DIRECTION     S (170)
  HIGHEST GUST SPEED    47   HIGHEST GUST DIRECTION     S (170)
  AVERAGE WIND SPEED     8.3



WEATHER CONDITIONS
 THE FOLLOWING WEATHER WAS RECORDED YESTERDAY.
  RAIN
  LIGHT RAIN
  FOG


RELATIVE HUMIDITY (PERCENT)
 HIGHEST    92           800 PM
 LOWEST     56           200 AM
 AVERAGE    74

..........................................................


THE RENO TAHOE AIRPORT NV CLIMATE NORMALS FOR TODAY
                         NORMAL    RECORD    YEAR
 MAXIMUM TEMPERATURE (F)   53        74      1965
 MINIMUM TEMPERATURE (F)   30         0      1897


SUNRISE AND SUNSET
FEBRUARY 21 2017......SUNRISE   643 AM PST   SUNSET   543 PM PST
FEBRUARY 22 2017......SUNRISE   642 AM PST   SUNSET   544 PM PST


-  INDICATES NEGATIVE NUMBERS.
R  INDICATES RECORD WAS SET OR TIED.
MM INDICATES DATA IS MISSING.
T  INDICATES TRACE AMOUNT.




$$
