000
CDUS41 KRNK 280607
CLIROA


CLIMATE REPORT
NATIONAL WEATHER SERVICE BLACKSBURG VA
206 AM EDT WED SEP 28 2016


...................................

...THE ROANOKE VA CLIMATE SUMMARY FOR SEPTEMBER 27 2016...

CLIMATE NORMAL PERIOD 1981 TO 2010
CLIMATE RECORD PERIOD 1912 TO 2016


WEATHER ITEM   OBSERVED TIME   RECORD YEAR NORMAL DEPARTURE LAST
                VALUE   (LST)  VALUE       VALUE  FROM      YEAR
                                                  NORMAL
..................................................................
TEMPERATURE (F)
 YESTERDAY
  MAXIMUM         82    238 PM  94    1933  74      8       66
  MINIMUM         64    913 PM  33    1940  53     11       58
  AVERAGE         73                        64      9       62

PRECIPITATION (IN)
  YESTERDAY        0.44          2.19 2015   0.11   0.33     2.19
  MONTH TO DATE    2.00                      3.53  -1.53     6.52
  SINCE SEP 1      2.00                      3.53  -1.53     6.52
  SINCE JAN 1     35.77                     31.66   4.11    37.95

SNOWFALL (IN)
  YESTERDAY        0.0                                       0.0
  MONTH TO DATE    0.0                                       0.0
  SINCE SEP 1      0.0                                       0.0
  SINCE JUL 1      0.0                                       0.0
  SNOW DEPTH       0

DEGREE DAYS
 HEATING
  YESTERDAY        0                         3     -3        3
  MONTH TO DATE    0                        34    -34       21
  SINCE SEP 1      0                        34    -34       21
  SINCE JUL 1      0                        35    -35       21

 COOLING
  YESTERDAY        8                         2      6        0
  MONTH TO DATE  253                       133    120      163
  SINCE SEP 1    253                       133    120      163
  SINCE JAN 1   1502                      1180    322     1379
..................................................................


WIND (MPH)
  HIGHEST WIND SPEED    14   HIGHEST WIND DIRECTION    SW (210)
  HIGHEST GUST SPEED    17   HIGHEST GUST DIRECTION    SW (210)
  AVERAGE WIND SPEED     3.6


SKY COVER
  AVERAGE SKY COVER 0.6


WEATHER CONDITIONS
 THE FOLLOWING WEATHER WAS RECORDED YESTERDAY.
  HEAVY RAIN
  RAIN
  LIGHT RAIN
  FOG


RELATIVE HUMIDITY (PERCENT)
 HIGHEST   100          1200 AM
 LOWEST     42           500 PM
 AVERAGE    71

..........................................................


THE ROANOKE VA CLIMATE NORMALS FOR TODAY
                         NORMAL    RECORD    YEAR
 MAXIMUM TEMPERATURE (F)   74        93      1936
 MINIMUM TEMPERATURE (F)   53        33      1947


SUNRISE AND SUNSET
SEPTEMBER 28 2016.....SUNRISE   713 AM EDT   SUNSET   707 PM EDT
SEPTEMBER 29 2016.....SUNRISE   714 AM EDT   SUNSET   705 PM EDT


-  INDICATES NEGATIVE NUMBERS.
R  INDICATES RECORD WAS SET OR TIED.
MM INDICATES DATA IS MISSING.
T  INDICATES TRACE AMOUNT.




$$
