000
CDUS41 KRNK 140645
CLIROA


CLIMATE REPORT
NATIONAL WEATHER SERVICE BLACKSBURG VA
144 AM EST SUN FEB 14 2016


...................................

...THE ROANOKE VA CLIMATE SUMMARY FOR FEBRUARY 13 2016...

CLIMATE NORMAL PERIOD 1981 TO 2010
CLIMATE RECORD PERIOD 1912 TO 2016


WEATHER ITEM   OBSERVED TIME   RECORD YEAR NORMAL DEPARTURE LAST
                VALUE   (LST)  VALUE       VALUE  FROM      YEAR
                                                  NORMAL
..................................................................
TEMPERATURE (F)
 YESTERDAY
  MAXIMUM         31   1201 AM  72    1923  49    -18       33
  MINIMUM         12   1138 PM   8    1917  29    -17       15
  AVERAGE         22                        39    -17       24

PRECIPITATION (IN)
  YESTERDAY        T             1.94 1936   0.10  -0.10     0.00
  MONTH TO DATE    1.25                      1.34  -0.09     0.23
  SINCE DEC 1      8.79                      7.20   1.59     4.08
  SINCE JAN 1      4.24                      4.26  -0.02     1.54

SNOWFALL (IN)
  YESTERDAY        T                                         0.0
  MONTH TO DATE    T                                          T
  SINCE DEC 1     13.5                                       0.2
  SINCE JUL 1     13.5                                       0.7
  SNOW DEPTH       0

DEGREE DAYS
 HEATING
  YESTERDAY       43                        26     17       41
  MONTH TO DATE  389                       349     40      343
  SINCE DEC 1   1820                      2037   -217     1937
  SINCE JUL 1   2462                      2841   -379     2815

 COOLING
  YESTERDAY        0                         0      0        0
  MONTH TO DATE    0                         0      0        0
  SINCE DEC 1      0                         0      0        0
  SINCE JAN 1      0                         0      0        0
..................................................................


WIND (MPH)
  HIGHEST WIND SPEED    31   HIGHEST WIND DIRECTION    NW (300)
  HIGHEST GUST SPEED    47   HIGHEST GUST DIRECTION     W (280)
  AVERAGE WIND SPEED    17.1


SKY COVER
  AVERAGE SKY COVER 0.3


WEATHER CONDITIONS
 THE FOLLOWING WEATHER WAS RECORDED YESTERDAY.
  LIGHT SNOW


RELATIVE HUMIDITY (PERCENT)
 HIGHEST    50           200 AM
 LOWEST     31           200 PM
 AVERAGE    41

..........................................................


THE ROANOKE VA CLIMATE NORMALS FOR TODAY
                         NORMAL    RECORD    YEAR
 MAXIMUM TEMPERATURE (F)   49        73      1990
 MINIMUM TEMPERATURE (F)   30        10      1943


SUNRISE AND SUNSET
FEBRUARY 14 2016......SUNRISE   711 AM EST   SUNSET   558 PM EST
FEBRUARY 15 2016......SUNRISE   709 AM EST   SUNSET   559 PM EST


-  INDICATES NEGATIVE NUMBERS.
R  INDICATES RECORD WAS SET OR TIED.
MM INDICATES DATA IS MISSING.
T  INDICATES TRACE AMOUNT.

$$

RAB
