000
CDUS41 KRNK 290657
CLIROA


CLIMATE REPORT
NATIONAL WEATHER SERVICE BLACKSBURG VA
254 AM EDT SUN MAR 29 2015


...................................

...THE ROANOKE VA CLIMATE SUMMARY FOR MARCH 28 2015...

CLIMATE NORMAL PERIOD 1981 TO 2010
CLIMATE RECORD PERIOD 1912 TO 2015


WEATHER ITEM   OBSERVED TIME   RECORD YEAR NORMAL DEPARTURE LAST
                VALUE   (LST)  VALUE       VALUE  FROM      YEAR
                                                  NORMAL
..................................................................
TEMPERATURE (F)
 YESTERDAY
  MAXIMUM         38    314 PM  85    1945  62    -24       63
  MINIMUM         26    714 AM  17    1982  40    -14       46
  AVERAGE         32                        51    -19       55

PRECIPITATION (IN)
  YESTERDAY        0.00          1.61 2005   0.12  -0.12     0.01
  MONTH TO DATE    4.31                      3.10   1.21     2.18
  SINCE MAR 1      4.31                      3.10   1.21     2.18
  SINCE JAN 1      8.23                      8.91  -0.68     8.46

SNOWFALL (IN)
  YESTERDAY        0.0
  MONTH TO DATE    1.9
  SINCE MAR 1      1.9
  SINCE JUL 1     21.7
  SNOW DEPTH       0

DEGREE DAYS
 HEATING
  YESTERDAY       33                        14     19       10
  MONTH TO DATE  497                       511    -14      606
  SINCE MAR 1    497                       511    -14      606
  SINCE JUL 1   3926                      3716    210     4008

 COOLING
  YESTERDAY        0                         0      0        0
  MONTH TO DATE    0                         0      0        0
  SINCE MAR 1      0                         0      0        0
  SINCE JAN 1      0                         0      0        0
..................................................................


WIND (MPH)
  HIGHEST WIND SPEED    29   HIGHEST WIND DIRECTION    NW (310)
  HIGHEST GUST SPEED    36   HIGHEST GUST DIRECTION    NW (320)
  AVERAGE WIND SPEED    14.7


SKY COVER
  POSSIBLE SUNSHINE  MM
  AVERAGE SKY COVER 0.4


WEATHER CONDITIONS
 THE FOLLOWING WEATHER WAS RECORDED YESTERDAY.
  NO SIGNIFICANT WEATHER WAS OBSERVED.


RELATIVE HUMIDITY (PERCENT)
 HIGHEST    56          1200 AM
 LOWEST     27           300 PM
 AVERAGE    42

..........................................................


THE ROANOKE VA CLIMATE NORMALS FOR TODAY
                         NORMAL    RECORD    YEAR
 MAXIMUM TEMPERATURE (F)   62        88      1945
 MINIMUM TEMPERATURE (F)   41        19      1982


SUNRISE AND SUNSET
MARCH 29 2015.........SUNRISE   710 AM EDT   SUNSET   740 PM EDT
MARCH 30 2015.........SUNRISE   709 AM EDT   SUNSET   741 PM EDT


-  INDICATES NEGATIVE NUMBERS.
R  INDICATES RECORD WAS SET OR TIED.
MM INDICATES DATA IS MISSING.
T  INDICATES TRACE AMOUNT.




$$
