000
CDUS41 KRNK 290925
CLIROA


CLIMATE REPORT
NATIONAL WEATHER SERVICE BLACKSBURG VA
523 AM EDT TUE JUL 29 2014


...................................

...THE ROANOKE VA CLIMATE SUMMARY FOR JULY 28 2014...

CLIMATE NORMAL PERIOD 1981 TO 2010
CLIMATE RECORD PERIOD 1912 TO 2014


WEATHER ITEM   OBSERVED TIME   RECORD YEAR NORMAL DEPARTURE LAST
                VALUE   (LST)  VALUE       VALUE  FROM      YEAR
                                                  NORMAL
..................................................................
TEMPERATURE (F)
 YESTERDAY
  MAXIMUM         79    147 PM 104    1930  87     -8       85
  MINIMUM         64   1159 PM  50    1962  66     -2       68
  AVERAGE         72                        77     -5       77

PRECIPITATION (IN)
  YESTERDAY        0.00          1.09 1980   0.13  -0.13      T
  MONTH TO DATE    3.40                      3.64  -0.24    12.59
  SINCE JUN 1      6.45                      7.47  -1.02    19.08
  SINCE JAN 1     22.05                     24.17  -2.12    39.62

SNOWFALL (IN)
  YESTERDAY        0.0
  MONTH TO DATE    0.0
  SINCE JUN 1      0.0
  SINCE JUL 1      0.0
  SNOW DEPTH       0

DEGREE DAYS
 HEATING
  YESTERDAY        0                         0      0        0
  MONTH TO DATE    0                         0      0        0
  SINCE JUN 1      0                        11    -11        1
  SINCE JUL 1      0                         0      0        0

 COOLING
  YESTERDAY        7                        12     -5       12
  MONTH TO DATE  293                       331    -38      365
  SINCE JUN 1    590                       577     13      631
  SINCE JAN 1    739                       693     46      781
..................................................................


WIND (MPH)
  HIGHEST WIND SPEED    28   HIGHEST WIND DIRECTION    NW (310)
  HIGHEST GUST SPEED    41   HIGHEST GUST DIRECTION    NW (310)
  AVERAGE WIND SPEED    13.7


SKY COVER
  POSSIBLE SUNSHINE  MM
  AVERAGE SKY COVER 0.5


WEATHER CONDITIONS
 THE FOLLOWING WEATHER WAS RECORDED YESTERDAY.
  NO SIGNIFICANT WEATHER WAS OBSERVED.


RELATIVE HUMIDITY (PERCENT)
 HIGHEST    73           200 AM
 LOWEST     42          1100 AM
 AVERAGE    58

..........................................................


THE ROANOKE VA CLIMATE NORMALS FOR TODAY
                         NORMAL    RECORD    YEAR
 MAXIMUM TEMPERATURE (F)   87       102      1952
                                             1930
 MINIMUM TEMPERATURE (F)   66        52      1925


SUNRISE AND SUNSET
JULY 29 2014..........SUNRISE   622 AM EDT   SUNSET   830 PM EDT
JULY 30 2014..........SUNRISE   623 AM EDT   SUNSET   829 PM EDT


-  INDICATES NEGATIVE NUMBERS.
R  INDICATES RECORD WAS SET OR TIED.
MM INDICATES DATA IS MISSING.
T  INDICATES TRACE AMOUNT.




$$
