000
CDUS41 KRNK 290632
CLIROA


CLIMATE REPORT
NATIONAL WEATHER SERVICE BLACKSBURG VA
230 AM EDT WED JUL 29 2015


...................................

...THE ROANOKE VA CLIMATE SUMMARY FOR JULY 28 2015...

CLIMATE NORMAL PERIOD 1981 TO 2010
CLIMATE RECORD PERIOD 1912 TO 2015


WEATHER ITEM   OBSERVED TIME   RECORD YEAR NORMAL DEPARTURE LAST
                VALUE   (LST)  VALUE       VALUE  FROM      YEAR
                                                  NORMAL
..................................................................
TEMPERATURE (F)
 YESTERDAY
  MAXIMUM         90    211 PM 104    1930  87      3       79
  MINIMUM         72    444 AM  50    1962  66      6       64
  AVERAGE         81                        77      4       72

PRECIPITATION (IN)
  YESTERDAY        T             1.09 1980   0.13  -0.13     0.00
  MONTH TO DATE    4.27                      3.64   0.63     3.40
  SINCE JUN 1     13.34                      7.47   5.87     6.45
  SINCE JAN 1     28.32                     24.17   4.15    22.05

SNOWFALL (IN)
  YESTERDAY        0.0                                       0.0
  MONTH TO DATE    0.0                                       0.0
  SINCE JUN 1      T                                         0.0
  SINCE JUL 1      0.0                                       0.0
  SNOW DEPTH       0

DEGREE DAYS
 HEATING
  YESTERDAY        0                         0      0        0
  MONTH TO DATE    0                         0      0        0
  SINCE JUN 1      7                        11     -4        0
  SINCE JUL 1      0                         0      0        0

 COOLING
  YESTERDAY       16                        12      4        7
  MONTH TO DATE  346                       331     15      293
  SINCE JUN 1    672                       577     95      590
  SINCE JAN 1    840                       693    147      739
..................................................................


WIND (MPH)
  HIGHEST WIND SPEED    14   HIGHEST WIND DIRECTION    SE (120)
  HIGHEST GUST SPEED    17   HIGHEST GUST DIRECTION    NE (40)
  AVERAGE WIND SPEED     5.1


SKY COVER
  AVERAGE SKY COVER 0.7


WEATHER CONDITIONS
 THE FOLLOWING WEATHER WAS RECORDED YESTERDAY.
  THUNDERSTORM
  LIGHT RAIN


RELATIVE HUMIDITY (PERCENT)
 HIGHEST    94           800 PM
 LOWEST     55           200 PM
 AVERAGE    75

..........................................................


THE ROANOKE VA CLIMATE NORMALS FOR TODAY
                         NORMAL    RECORD    YEAR
 MAXIMUM TEMPERATURE (F)   87       102      1952
                                             1930
 MINIMUM TEMPERATURE (F)   66        52      1925


SUNRISE AND SUNSET
JULY 29 2015..........SUNRISE   622 AM EDT   SUNSET   830 PM EDT
JULY 30 2015..........SUNRISE   623 AM EDT   SUNSET   830 PM EDT


-  INDICATES NEGATIVE NUMBERS.
R  INDICATES RECORD WAS SET OR TIED.
MM INDICATES DATA IS MISSING.
T  INDICATES TRACE AMOUNT.

$$

RAB
