000
CDUS41 KRNK 220616
CLIROA


CLIMATE REPORT
NATIONAL WEATHER SERVICE BLACKSBURG VA
112 AM EST WED FEB 22 2017


...................................

...THE ROANOKE VA CLIMATE SUMMARY FOR FEBRUARY 21 2017...

CLIMATE NORMAL PERIOD 1981 TO 2010
CLIMATE RECORD PERIOD 1912 TO 2017


WEATHER ITEM   OBSERVED TIME   RECORD YEAR NORMAL DEPARTURE LAST
                VALUE   (LST)  VALUE       VALUE  FROM      YEAR
                                                  NORMAL
..................................................................
TEMPERATURE (F)
 YESTERDAY
  MAXIMUM         61    408 PM  73    1930  51     10       58
  MINIMUM         45    729 AM  10    2015  31     14       46
  AVERAGE         53                        41     12       52

PRECIPITATION (IN)
  YESTERDAY        0.00          1.32 1993   0.10  -0.10     0.24
  MONTH TO DATE    0.22                      2.19  -1.97     3.83
  SINCE DEC 1      7.11                      8.05  -0.94    11.37
  SINCE JAN 1      4.32                      5.11  -0.79     6.82

SNOWFALL (IN)
  YESTERDAY        0.0                                       0.0
  MONTH TO DATE    T                                         8.5
  SINCE DEC 1      4.5                                      22.0
  SINCE JUL 1      4.5                                      22.0
  SNOW DEPTH       0

DEGREE DAYS
 HEATING
  YESTERDAY       12                        24    -12       13
  MONTH TO DATE  366                       549   -183      610
  SINCE DEC 1   1842                      2237   -395     2041
  SINCE JUL 1   2370                      3041   -671     2683

 COOLING
  YESTERDAY        0                         0      0        0
  MONTH TO DATE    0                         0      0        0
  SINCE DEC 1      0                         0      0        0
  SINCE JAN 1      0                         0      0        0
..................................................................


WIND (MPH)
  HIGHEST WIND SPEED    15   HIGHEST WIND DIRECTION    SE (120)
  HIGHEST GUST SPEED    19   HIGHEST GUST DIRECTION    SE (140)
  AVERAGE WIND SPEED     6.2


SKY COVER
  AVERAGE SKY COVER 0.5


WEATHER CONDITIONS
 THE FOLLOWING WEATHER WAS RECORDED YESTERDAY.
  NO SIGNIFICANT WEATHER WAS OBSERVED.


RELATIVE HUMIDITY (PERCENT)
 HIGHEST    65           800 AM
 LOWEST     39           300 PM
 AVERAGE    52

..........................................................


THE ROANOKE VA CLIMATE NORMALS FOR TODAY
                         NORMAL    RECORD    YEAR
 MAXIMUM TEMPERATURE (F)   51        76      1980
 MINIMUM TEMPERATURE (F)   31         2      1963


SUNRISE AND SUNSET
FEBRUARY 22 2017......SUNRISE   700 AM EST   SUNSET   607 PM EST
FEBRUARY 23 2017......SUNRISE   659 AM EST   SUNSET   608 PM EST


-  INDICATES NEGATIVE NUMBERS.
R  INDICATES RECORD WAS SET OR TIED.
MM INDICATES DATA IS MISSING.
T  INDICATES TRACE AMOUNT.




$$
