000
CDUS41 KRNK 260707
CLIROA


CLIMATE REPORT
NATIONAL WEATHER SERVICE BLACKSBURG VA
305 AM EDT FRI AUG 26 2016


...................................

...THE ROANOKE VA CLIMATE SUMMARY FOR AUGUST 25 2016...

CLIMATE NORMAL PERIOD 1981 TO 2010
CLIMATE RECORD PERIOD 1912 TO 2016


WEATHER ITEM   OBSERVED TIME   RECORD YEAR NORMAL DEPARTURE LAST
                VALUE   (LST)  VALUE       VALUE  FROM      YEAR
                                                  NORMAL
..................................................................
TEMPERATURE (F)
 YESTERDAY
  MAXIMUM         92    458 PM 100    2007  85      7       83
  MINIMUM         68    619 AM  48    1925  64      4       60
  AVERAGE         80                        74      6       72

PRECIPITATION (IN)
  YESTERDAY        0.00          2.80 1937   0.12  -0.12     0.00
  MONTH TO DATE    3.65                      2.84   0.81     3.09
  SINCE JUN 1     15.23                     10.71   4.52    16.45
  SINCE JAN 1     32.96                     27.41   5.55    31.43

SNOWFALL (IN)
  YESTERDAY        0.0                                       0.0
  MONTH TO DATE    0.0                                       0.0
  SINCE JUN 1      0.0                                        T
  SINCE JUL 1      0.0                                       0.0
  SNOW DEPTH       0

DEGREE DAYS
 HEATING
  YESTERDAY        0                         0      0        0
  MONTH TO DATE    0                         0      0        0
  SINCE JUN 1      0                        11    -11        7
  SINCE JUL 1      0                         0      0        0

 COOLING
  YESTERDAY       15                        10      5        7
  MONTH TO DATE  309                       269     40      283
  SINCE JUN 1   1034                       876    158     1001
  SINCE JAN 1   1159                       992    167     1169
..................................................................


WIND (MPH)
  HIGHEST WIND SPEED    12   HIGHEST WIND DIRECTION    NW (310)
  HIGHEST GUST SPEED    17   HIGHEST GUST DIRECTION    NW (330)
  AVERAGE WIND SPEED     3.5


SKY COVER
  AVERAGE SKY COVER 0.2


WEATHER CONDITIONS
 THE FOLLOWING WEATHER WAS RECORDED YESTERDAY.
  FOG


RELATIVE HUMIDITY (PERCENT)
 HIGHEST    97           400 AM
 LOWEST     49           200 PM
 AVERAGE    73

..........................................................


THE ROANOKE VA CLIMATE NORMALS FOR TODAY
                         NORMAL    RECORD    YEAR
 MAXIMUM TEMPERATURE (F)   85        98      1959
 MINIMUM TEMPERATURE (F)   64        45      1942


SUNRISE AND SUNSET
AUGUST 26 2016........SUNRISE   646 AM EDT   SUNSET   757 PM EDT
AUGUST 27 2016........SUNRISE   647 AM EDT   SUNSET   755 PM EDT


-  INDICATES NEGATIVE NUMBERS.
R  INDICATES RECORD WAS SET OR TIED.
MM INDICATES DATA IS MISSING.
T  INDICATES TRACE AMOUNT.

$$

RAB
