000
CDUS41 KRNK 012149
CLIROA


CLIMATE REPORT
NATIONAL WEATHER SERVICE BLACKSBURG VA
447 PM EST SUN MAR 1 2015


...................................

...THE ROANOKE VA CLIMATE SUMMARY FOR MARCH 1 2015...
VALID TODAY AS OF 0400 PM LOCAL TIME.

CLIMATE NORMAL PERIOD 1981 TO 2010
CLIMATE RECORD PERIOD 1912 TO 2015


WEATHER ITEM   OBSERVED TIME   RECORD YEAR NORMAL DEPARTURE LAST
                VALUE   (LST)  VALUE       VALUE  FROM      YEAR
                                                  NORMAL
..................................................................
TEMPERATURE (F)
 TODAY
  MAXIMUM         37    439 PM  76    1972  53    -16       51
                                      1918
  MINIMUM         26    216 AM  10    1980  33     -7       22
                                      1937
  AVERAGE         32                        43    -11       37

PRECIPITATION (IN)
  TODAY            T             0.80 1969   0.10  -0.10     0.00
  MONTH TO DATE    T                         0.10  -0.10     0.00
  SINCE MAR 1      T                         0.10  -0.10     0.00
  SINCE JAN 1      3.92                      5.91  -1.99     6.28

SNOWFALL (IN)
  TODAY            0.0
  MONTH TO DATE    0.0
  SINCE MAR 1      0.0
  SINCE JUL 1     19.8
  SNOW DEPTH      MM

DEGREE DAYS
 HEATING
  TODAY           33                        22     11       28
  MONTH TO DATE   33                        22     11       28
  SINCE MAR 1     33                        22     11       28
  SINCE JUL 1   3462                      3227    235     3430

 COOLING
  TODAY            0                         0      0        0
  MONTH TO DATE    0                         0      0        0
  SINCE MAR 1      0                         0      0        0
  SINCE JAN 1      0                         0      0        0
..................................................................


WIND (MPH)
  HIGHEST WIND SPEED     7   HIGHEST WIND DIRECTION    SE (140)
  HIGHEST GUST SPEED     9   HIGHEST GUST DIRECTION     E (110)
  AVERAGE WIND SPEED     2.8


SKY COVER
  POSSIBLE SUNSHINE  MM
  AVERAGE SKY COVER 0.9


WEATHER CONDITIONS
 THE FOLLOWING WEATHER WAS RECORDED TODAY.
  LT FREEZING RAIN


RELATIVE HUMIDITY (PERCENT)
 HIGHEST    69           300 PM
 LOWEST     46           500 AM
 AVERAGE    58

..........................................................


THE ROANOKE VA CLIMATE NORMALS FOR TOMORROW
                         NORMAL    RECORD    YEAR
 MAXIMUM TEMPERATURE (F)   53        80      1992
 MINIMUM TEMPERATURE (F)   33        12      1914


SUNRISE AND SUNSET
MARCH  1 2015.........SUNRISE   651 AM EST   SUNSET   614 PM EST
MARCH  2 2015.........SUNRISE   650 AM EST   SUNSET   615 PM EST


-  INDICATES NEGATIVE NUMBERS.
R  INDICATES RECORD WAS SET OR TIED.
MM INDICATES DATA IS MISSING.
T  INDICATES TRACE AMOUNT.




$$
