000
CDUS41 KRNK 230858
CLIROA


CLIMATE REPORT
NATIONAL WEATHER SERVICE BLACKSBURG VA
451 AM EDT THU MAR 23 2017


...................................

...THE ROANOKE VA CLIMATE SUMMARY FOR MARCH 22 2017...

CLIMATE NORMAL PERIOD 1981 TO 2010
CLIMATE RECORD PERIOD 1912 TO 2017


WEATHER ITEM   OBSERVED TIME   RECORD YEAR NORMAL DEPARTURE LAST
                VALUE   (LST)  VALUE       VALUE  FROM      YEAR
                                                  NORMAL
..................................................................
TEMPERATURE (F)
 YESTERDAY
  MAXIMUM         58    256 PM  84    1938  60     -2       67
  MINIMUM         37   1148 PM  20    2002  38     -1       36
  AVERAGE         48                        49     -1       52

PRECIPITATION (IN)
  YESTERDAY        0.00          1.63 1949   0.12  -0.12     0.00
  MONTH TO DATE    0.97                      2.38  -1.41     1.86
  SINCE MAR 1      0.97                      2.38  -1.41     1.86
  SINCE JAN 1      5.61                      8.19  -2.58    10.09

SNOWFALL (IN)
  YESTERDAY        0.0                                       0.0
  MONTH TO DATE    0.1                                       1.0
  SINCE MAR 1      0.1                                       1.0
  SINCE JUL 1      4.6                                      23.0
  SNOW DEPTH       0

DEGREE DAYS
 HEATING
  YESTERDAY       17                        16      1       13
  MONTH TO DATE  448                       422     26      267
  SINCE MAR 1    448                       422     26      267
  SINCE JUL 1   2912                      3627   -715     3101

 COOLING
  YESTERDAY        0                         0      0        0
  MONTH TO DATE    0                         0      0       10
  SINCE MAR 1      0                         0      0       10
  SINCE JAN 1      0                         0      0       10
..................................................................


WIND (MPH)
  HIGHEST WIND SPEED    28   HIGHEST WIND DIRECTION    NW (330)
  HIGHEST GUST SPEED    37   HIGHEST GUST DIRECTION    NW (330)
  AVERAGE WIND SPEED    11.1


SKY COVER
  AVERAGE SKY COVER 0.1


WEATHER CONDITIONS
 THE FOLLOWING WEATHER WAS RECORDED YESTERDAY.
  NO SIGNIFICANT WEATHER WAS OBSERVED.


RELATIVE HUMIDITY (PERCENT)
 HIGHEST    66           100 AM
 LOWEST     16           400 PM
 AVERAGE    41

..........................................................


THE ROANOKE VA CLIMATE NORMALS FOR TODAY
                         NORMAL    RECORD    YEAR
 MAXIMUM TEMPERATURE (F)   60        84      2012
 MINIMUM TEMPERATURE (F)   39        21      2004


SUNRISE AND SUNSET
MARCH 23 2017.........SUNRISE   719 AM EDT   SUNSET   735 PM EDT
MARCH 24 2017.........SUNRISE   717 AM EDT   SUNSET   736 PM EDT


-  INDICATES NEGATIVE NUMBERS.
R  INDICATES RECORD WAS SET OR TIED.
MM INDICATES DATA IS MISSING.
T  INDICATES TRACE AMOUNT.

$$

RAB
