834
CDUS41 KRNK 222105
CLIROA


CLIMATE REPORT
NATIONAL WEATHER SERVICE BLACKSBURG VA
505 PM EDT SAT JUL 22 2017


...................................

...THE ROANOKE VA CLIMATE SUMMARY FOR JULY 22 2017...
VALID TODAY AS OF 0500 PM LOCAL TIME.

CLIMATE NORMAL PERIOD 1981 TO 2010
CLIMATE RECORD PERIOD 1912 TO 2017


WEATHER ITEM   OBSERVED TIME   RECORD YEAR NORMAL DEPARTURE LAST
                VALUE   (LST)  VALUE       VALUE  FROM      YEAR
                                                  NORMAL
..................................................................
TEMPERATURE (F)
 TODAY
  MAXIMUM         97    208 PM 103    1952  87     10       94
                                      1930
  MINIMUM         73    609 AM  51    1944  67      6       69
  AVERAGE         85                        77      8       82

PRECIPITATION (IN)
  TODAY            0.00          1.73 2008   0.13  -0.13     0.00
  MONTH TO DATE    0.90                      2.87  -1.97     2.24
  SINCE JUN 1      5.40                      6.70  -1.30     8.27
  SINCE JAN 1     26.42                     23.40   3.02    26.00

SNOWFALL (IN)
  TODAY            0.0                                       0.0
  MONTH TO DATE    0.0                                       0.0
  SINCE JUN 1      0.0                                       0.0
  SINCE JUL 1      0.0                                       0.0
  SNOW DEPTH       0

DEGREE DAYS
 HEATING
  TODAY            0                         0      0        0
  MONTH TO DATE    0                         0      0        0
  SINCE JUN 1      4                        11     -7        0
  SINCE JUL 1      0                         0      0        0

 COOLING
  TODAY           20                        12      8       17
  MONTH TO DATE  330                       259     71      286
  SINCE JUN 1    570                       505     65      566
  SINCE JAN 1    754                       621    133      691
..................................................................


WIND (MPH)
  HIGHEST WIND SPEED    17   HIGHEST WIND DIRECTION     W (250)
  HIGHEST GUST SPEED    23   HIGHEST GUST DIRECTION     W (250)
  AVERAGE WIND SPEED     5.7


SKY COVER
  AVERAGE SKY COVER 0.3


WEATHER CONDITIONS
 THE FOLLOWING WEATHER WAS RECORDED TODAY.
  NO SIGNIFICANT WEATHER WAS OBSERVED.


RELATIVE HUMIDITY (PERCENT)
 HIGHEST    87           100 AM
 LOWEST     38           100 PM
 AVERAGE    63

..........................................................


THE ROANOKE VA CLIMATE NORMALS FOR TOMORROW
                         NORMAL    RECORD    YEAR
 MAXIMUM TEMPERATURE (F)   87        99      1952
 MINIMUM TEMPERATURE (F)   67        48      1947


SUNRISE AND SUNSET
JULY 22 2017..........SUNRISE   617 AM EDT   SUNSET   836 PM EDT
JULY 23 2017..........SUNRISE   617 AM EDT   SUNSET   835 PM EDT


-  INDICATES NEGATIVE NUMBERS.
R  INDICATES RECORD WAS SET OR TIED.
MM INDICATES DATA IS MISSING.
T  INDICATES TRACE AMOUNT.




$$
