000
CDUS41 KRNK 200859
CLIROA


CLIMATE REPORT
NATIONAL WEATHER SERVICE BLACKSBURG VA
358 AM EST TUE FEB 20 2018


...................................

...THE ROANOKE VA CLIMATE SUMMARY FOR FEBRUARY 19 2018...

CLIMATE NORMAL PERIOD 1981 TO 2010
CLIMATE RECORD PERIOD 1912 TO 2018


WEATHER ITEM   OBSERVED TIME   RECORD YEAR NORMAL DEPARTURE LAST
                VALUE   (LST)  VALUE       VALUE  FROM      YEAR
                                                  NORMAL
..................................................................
TEMPERATURE (F)
 YESTERDAY
  MAXIMUM         50   1159 PM  77    1939  50      0       66
  MINIMUM         40    857 AM   4    2015  30     10       46
  AVERAGE         45                        40      5       56

PRECIPITATION (IN)
  YESTERDAY        0.21          1.88 1927   0.10   0.11     0.00
  MONTH TO DATE    3.90                      1.98   1.92     0.22
  SINCE DEC 1      6.40                      7.84  -1.44     7.11
  SINCE JAN 1      6.04                      4.90   1.14     4.32

SNOWFALL (IN)
  YESTERDAY        0.0                                       0.0
  MONTH TO DATE    1.5                                        T
  SINCE DEC 1      5.1                                       4.5
  SINCE JUL 1      5.1                                       4.5
  SNOW DEPTH       0

DEGREE DAYS
 HEATING
  YESTERDAY       20                        25     -5        9
  MONTH TO DATE  431                       501    -70      343
  SINCE DEC 1   2178                      2189    -11     1819
  SINCE JUL 1   2913                      2993    -80     2347

 COOLING
  YESTERDAY        0                         0      0        0
  MONTH TO DATE    0                         0      0        0
  SINCE DEC 1      0                         0      0        0
  SINCE JAN 1      0                         0      0        0
..................................................................


WIND (MPH)
  HIGHEST WIND SPEED    12   HIGHEST WIND DIRECTION    SE (130)
  HIGHEST GUST SPEED    15   HIGHEST GUST DIRECTION    SE (130)
  AVERAGE WIND SPEED     3.6


SKY COVER
  AVERAGE SKY COVER 1.0


WEATHER CONDITIONS
 THE FOLLOWING WEATHER WAS RECORDED YESTERDAY.
  LIGHT RAIN
  FOG


RELATIVE HUMIDITY (PERCENT)
 HIGHEST   100           600 AM
 LOWEST     70          1200 AM
 AVERAGE    85

..........................................................


THE ROANOKE VA CLIMATE NORMALS FOR TODAY
                         NORMAL    RECORD    YEAR
 MAXIMUM TEMPERATURE (F)   51        75      1939
 MINIMUM TEMPERATURE (F)   31         0      2015


SUNRISE AND SUNSET
FEBRUARY 20 2018......SUNRISE   703 AM EST   SUNSET   605 PM EST
FEBRUARY 21 2018......SUNRISE   702 AM EST   SUNSET   606 PM EST


-  INDICATES NEGATIVE NUMBERS.
R  INDICATES RECORD WAS SET OR TIED.
MM INDICATES DATA IS MISSING.
T  INDICATES TRACE AMOUNT.




$$
