809
CDUS41 KBUF 121031
CLIROC


CLIMATE REPORT
NATIONAL WEATHER SERVICE BUFFALO NY
529 AM EST FRI FEB 12 2016


...................................

...THE ROCHESTER NY CLIMATE SUMMARY FOR FEBRUARY 11 2016...

CLIMATE NORMAL PERIOD 1981 TO 2010
CLIMATE RECORD PERIOD 1871 TO 2016


WEATHER ITEM   OBSERVED TIME   RECORD YEAR NORMAL DEPARTURE LAST
                VALUE   (LST)  VALUE       VALUE  FROM      YEAR
                                                  NORMAL
..................................................................
TEMPERATURE (F)
 YESTERDAY
  MAXIMUM         17   1234 AM  70    1932  33    -16       32
  MINIMUM         10   1149 AM -15    1979  18     -8       11
  AVERAGE         14                        26    -12       22

PRECIPITATION (IN)
  YESTERDAY        0.05          1.57 1887   0.07  -0.02     0.06
  MONTH TO DATE    0.94                      0.73   0.21     1.54
  SINCE DEC 1      5.19                      5.77  -0.58     5.59
  SINCE JAN 1      2.46                      3.14  -0.68     3.28

SNOWFALL (IN)
  YESTERDAY        1.6           6.9  1970   0.8    0.8      0.8
  MONTH TO DATE    3.8                       8.6   -4.8     25.6
  SINCE DEC 1     26.3                      58.6  -32.3     59.9
  SINCE JUL 1     27.5                      66.0  -38.5     69.0
  SNOW DEPTH       1

DEGREE DAYS
 HEATING
  YESTERDAY       51                        39     12       43
  MONTH TO DATE  330                       440   -110      514
  SINCE DEC 1   2188                      2776   -588     2856
  SINCE JUL 1   3228                      4144   -916     4136

 COOLING
  YESTERDAY        0                         0      0        0
  MONTH TO DATE    0                         0      0        0
  SINCE DEC 1      0                         0      0        0
  SINCE JAN 1      0                         0      0        0
..................................................................


WIND (MPH)
  HIGHEST WIND SPEED    30   HIGHEST WIND DIRECTION    NW (310)
  HIGHEST GUST SPEED    43   HIGHEST GUST DIRECTION     W (290)
  AVERAGE WIND SPEED    15.0


SKY COVER
  AVERAGE SKY COVER 0.7


WEATHER CONDITIONS
 THE FOLLOWING WEATHER WAS RECORDED YESTERDAY.
  SNOW
  LIGHT SNOW
  BLOWING SNOW


RELATIVE HUMIDITY (PERCENT)
 HIGHEST    76           700 AM
 LOWEST     58           200 PM
 AVERAGE    67

..........................................................


THE ROCHESTER NY CLIMATE NORMALS FOR TODAY
                         NORMAL    RECORD    YEAR
 MAXIMUM TEMPERATURE (F)   33        64      1965
 MINIMUM TEMPERATURE (F)   18       -15      1979


SUNRISE AND SUNSET
FEBRUARY 12 2016......SUNRISE   713 AM EST   SUNSET   537 PM EST
FEBRUARY 13 2016......SUNRISE   712 AM EST   SUNSET   539 PM EST


-  INDICATES NEGATIVE NUMBERS.
R  INDICATES RECORD WAS SET OR TIED.
MM INDICATES DATA IS MISSING.
T  INDICATES TRACE AMOUNT.




$$
