000
CDUS41 KBUF 072101
CLIROC


CLIMATE REPORT
NATIONAL WEATHER SERVICE BUFFALO NY
501 PM EDT TUE JUL 7 2015


...................................

...THE ROCHESTER NY CLIMATE SUMMARY FOR JULY 7 2015...
VALID TODAY AS OF 0500 PM LOCAL TIME.

CLIMATE NORMAL PERIOD 1981 TO 2010
CLIMATE RECORD PERIOD 1871 TO 2015


WEATHER ITEM   OBSERVED TIME   RECORD YEAR NORMAL DEPARTURE LAST
                VALUE   (LST)  VALUE       VALUE  FROM      YEAR
                                                  NORMAL
..................................................................
TEMPERATURE (F)
 TODAY
  MAXIMUM         88    259 PM  97    1988  81      7       80
  MINIMUM         69    359 AM  47    1942  60      9       65
  AVERAGE         79                        71      8       73

PRECIPITATION (IN)
  TODAY            0.00          2.13 1935   0.11  -0.11     0.47
  MONTH TO DATE    0.22                      0.74  -0.52     0.93
  SINCE JUN 1      6.42                      4.08   2.34     2.99
  SINCE JAN 1     18.12                     16.54   1.58    15.99

SNOWFALL (IN)
  TODAY            0.0           0.0    MM   0.0    0.0      0.0
  MONTH TO DATE    0.0                       0.0    0.0      0.0
  SINCE JUN 1      0.0                       0.0    0.0      0.0
  SINCE JUL 1      0.0                       0.0    0.0      0.0
  SNOW DEPTH       0

DEGREE DAYS
 HEATING
  TODAY            0                         0      0        0
  MONTH TO DATE    4                         6     -2        0
  SINCE JUN 1     61                        74    -13       29
  SINCE JUL 1      4                         6     -2        0

 COOLING
  TODAY           14                         6      8        8
  MONTH TO DATE   33                        42     -9       49
  SINCE JUN 1    127                       148    -21      199
  SINCE JAN 1    230                       178     52      238
..................................................................


WIND (MPH)
  HIGHEST WIND SPEED    20   HIGHEST WIND DIRECTION    SW (230)
  HIGHEST GUST SPEED    29   HIGHEST GUST DIRECTION    SW (240)
  AVERAGE WIND SPEED     9.7


SKY COVER
  AVERAGE SKY COVER 0.8


WEATHER CONDITIONS
 THE FOLLOWING WEATHER WAS RECORDED TODAY.
  NO SIGNIFICANT WEATHER WAS OBSERVED.


RELATIVE HUMIDITY (PERCENT)
 HIGHEST    90           400 AM
 LOWEST     46           200 PM
 AVERAGE    68

..........................................................


THE ROCHESTER NY CLIMATE NORMALS FOR TOMORROW
                         NORMAL    RECORD    YEAR
 MAXIMUM TEMPERATURE (F)   81       100      1936
 MINIMUM TEMPERATURE (F)   61        45      1963


SUNRISE AND SUNSET
JULY  7 2015..........SUNRISE   538 AM EDT   SUNSET   852 PM EDT
JULY  8 2015..........SUNRISE   539 AM EDT   SUNSET   852 PM EDT


-  INDICATES NEGATIVE NUMBERS.
R  INDICATES RECORD WAS SET OR TIED.
MM INDICATES DATA IS MISSING.
T  INDICATES TRACE AMOUNT.




$$
