000
CDUS41 KBUF 041024
CLIROC


CLIMATE REPORT
NATIONAL WEATHER SERVICE BUFFALO NY
623 AM EDT WED MAY 4 2016


...................................

...THE ROCHESTER NY CLIMATE SUMMARY FOR MAY 3 2016...

CLIMATE NORMAL PERIOD 1981 TO 2010
CLIMATE RECORD PERIOD 1871 TO 2016


WEATHER ITEM   OBSERVED TIME   RECORD YEAR NORMAL DEPARTURE LAST
                VALUE   (LST)  VALUE       VALUE  FROM      YEAR
                                                  NORMAL
..................................................................
TEMPERATURE (F)
 YESTERDAY
  MAXIMUM         59    235 PM  91    1944  63     -4       79
  MINIMUM         37    332 AM  27    1911  42     -5       49
  AVERAGE         48                        53     -5       64

PRECIPITATION (IN)
  YESTERDAY        0.00          0.78 1945   0.09  -0.09     0.00
  MONTH TO DATE    0.76                      0.27   0.49     0.00
  SINCE MAR 1      4.14                      5.50  -1.36     4.04
  SINCE JAN 1      9.44                      9.86  -0.42     8.29

SNOWFALL (IN)
  YESTERDAY        0.0           2.0  1911   0.0    0.0      0.0
  MONTH TO DATE    0.0                       0.1   -0.1      0.0
  SINCE MAR 1     12.0                      20.3   -8.3     13.3
  SINCE JUL 1     63.7                      99.2  -35.5    101.9
  SNOW DEPTH       0

DEGREE DAYS
 HEATING
  YESTERDAY       17                        13      4        1
  MONTH TO DATE   53                        39     14       17
  SINCE MAR 1   1489                      1556    -67     1609
  SINCE JUL 1   5406                      6342   -936     6703

 COOLING
  YESTERDAY        0                         0      0        0
  MONTH TO DATE    0                         0      0        0
  SINCE MAR 1      0                         4     -4        0
  SINCE JAN 1      0                         4     -4        0
..................................................................


WIND (MPH)
  HIGHEST WIND SPEED    10   HIGHEST WIND DIRECTION     E (90)
  HIGHEST GUST SPEED    13   HIGHEST GUST DIRECTION     E (80)
  AVERAGE WIND SPEED     2.9


SKY COVER
  AVERAGE SKY COVER 0.8


WEATHER CONDITIONS
 THE FOLLOWING WEATHER WAS RECORDED YESTERDAY.
  FOG


RELATIVE HUMIDITY (PERCENT)
 HIGHEST   100           300 AM
 LOWEST     50           800 PM
 AVERAGE    75

..........................................................


THE ROCHESTER NY CLIMATE NORMALS FOR TODAY
                         NORMAL    RECORD    YEAR
 MAXIMUM TEMPERATURE (F)   64        91      1949
 MINIMUM TEMPERATURE (F)   43        30      1926
                                             1911


SUNRISE AND SUNSET
MAY  4 2016...........SUNRISE   600 AM EDT   SUNSET   816 PM EDT
MAY  5 2016...........SUNRISE   558 AM EDT   SUNSET   817 PM EDT


-  INDICATES NEGATIVE NUMBERS.
R  INDICATES RECORD WAS SET OR TIED.
MM INDICATES DATA IS MISSING.
T  INDICATES TRACE AMOUNT.




$$
