000
CDUS41 KBUF 290706
CLIROC


CLIMATE REPORT
NATIONAL WEATHER SERVICE BUFFALO NY
305 AM EDT SUN MAR 29 2015


...................................

...THE ROCHESTER NY CLIMATE SUMMARY FOR MARCH 28 2015...

CLIMATE NORMAL PERIOD 1981 TO 2010
CLIMATE RECORD PERIOD 1871 TO 2015


WEATHER ITEM   OBSERVED TIME   RECORD YEAR NORMAL DEPARTURE LAST
                VALUE   (LST)  VALUE       VALUE  FROM      YEAR
                                                  NORMAL
..................................................................
TEMPERATURE (F)
 YESTERDAY
  MAXIMUM         28    438 PM  84    1945  48    -20       57
  MINIMUM         18   1042 AM   5    1923  30    -12       38
  AVERAGE         23                        39    -16       48

PRECIPITATION (IN)
  YESTERDAY        0.01          0.97 1931   0.08  -0.07     0.13
  MONTH TO DATE    1.31                      2.24  -0.93     1.51
  SINCE MAR 1      1.31                      2.24  -0.93     1.51
  SINCE JAN 1      5.56                      6.60  -1.04     5.13

SNOWFALL (IN)
  YESTERDAY       MM             7.5  1876   0.3   MM        0.0
  MONTH TO DATE   12.4                      15.4   -3.0     20.7
  SINCE MAR 1     12.4                      15.4   -3.0     20.7
  SINCE JUL 1    101.0                      94.3    6.7    103.8
  SNOW DEPTH       2

DEGREE DAYS
 HEATING
  YESTERDAY       42                        26     16       17
  MONTH TO DATE  987                       876    111     1057
  SINCE MAR 1    987                       876    111     1057
  SINCE JUL 1   6081                      5662    419     6142

 COOLING
  YESTERDAY        0                         0      0        0
  MONTH TO DATE    0                         0      0        0
  SINCE MAR 1      0                         0      0        0
  SINCE JAN 1      0                         0      0        0
..................................................................


WIND (MPH)
  HIGHEST WIND SPEED    20   HIGHEST WIND DIRECTION     N (350)
  HIGHEST GUST SPEED    25   HIGHEST GUST DIRECTION    NW (320)
  AVERAGE WIND SPEED    10.9


SKY COVER
  AVERAGE SKY COVER 0.6


WEATHER CONDITIONS
 THE FOLLOWING WEATHER WAS RECORDED YESTERDAY.
  LIGHT SNOW
  FOG


RELATIVE HUMIDITY (PERCENT)
 HIGHEST    88          1200 AM
 LOWEST     38           400 PM
 AVERAGE    63

..........................................................


THE ROCHESTER NY CLIMATE NORMALS FOR TODAY
                         NORMAL    RECORD    YEAR
 MAXIMUM TEMPERATURE (F)   48        86      1905
 MINIMUM TEMPERATURE (F)   30         5      1923


SUNRISE AND SUNSET
MARCH 29 2015.........SUNRISE   658 AM EDT   SUNSET   733 PM EDT
MARCH 30 2015.........SUNRISE   657 AM EDT   SUNSET   734 PM EDT


-  INDICATES NEGATIVE NUMBERS.
R  INDICATES RECORD WAS SET OR TIED.
MM INDICATES DATA IS MISSING.
T  INDICATES TRACE AMOUNT.




$$
