000
CDUS41 KBUF 292040
CLIROC


CLIMATE REPORT
NATIONAL WEATHER SERVICE BUFFALO NY
439 PM EDT WED JUL 29 2015


...................................

...THE ROCHESTER NY CLIMATE SUMMARY FOR JULY 29 2015...
VALID TODAY AS OF 0400 PM LOCAL TIME.

CLIMATE NORMAL PERIOD 1981 TO 2010
CLIMATE RECORD PERIOD 1871 TO 2015


WEATHER ITEM   OBSERVED TIME   RECORD YEAR NORMAL DEPARTURE LAST
                VALUE   (LST)  VALUE       VALUE  FROM      YEAR
                                                  NORMAL
..................................................................
TEMPERATURE (F)
 TODAY
  MAXIMUM         91    257 PM  94    1949  81     10       70
                                      1940
  MINIMUM         68    452 AM  49    1968  61      7       55
  AVERAGE         80                        71      9       63

PRECIPITATION (IN)
  TODAY            0.00          1.25 1970   0.11  -0.11     0.00
  MONTH TO DATE    3.25                      3.11   0.14     7.51
  SINCE JUN 1      9.45                      6.45   3.00     9.57
  SINCE JAN 1     21.15                     18.91   2.24    22.57

SNOWFALL (IN)
  TODAY            0.0           0.0    MM   0.0    0.0      0.0
  MONTH TO DATE    0.0                       0.0    0.0      0.0
  SINCE JUN 1      0.0                       0.0    0.0      0.0
  SINCE JUL 1      0.0                       0.0    0.0      0.0
  SNOW DEPTH       0

DEGREE DAYS
 HEATING
  TODAY            0                         0      0        2
  MONTH TO DATE   11                         6      5        7
  SINCE JUN 1     68                        74     -6       36
  SINCE JUL 1     11                         6      5        7

 COOLING
  TODAY           15                         6      9        0
  MONTH TO DATE  179                       174      5      146
  SINCE JUN 1    273                       280     -7      296
  SINCE JAN 1    376                       310     66      335
..................................................................


WIND (MPH)
  HIGHEST WIND SPEED    13   HIGHEST WIND DIRECTION     S (190)
  HIGHEST GUST SPEED    18   HIGHEST GUST DIRECTION     S (200)
  AVERAGE WIND SPEED     5.7


SKY COVER
  AVERAGE SKY COVER 0.7


WEATHER CONDITIONS
 THE FOLLOWING WEATHER WAS RECORDED TODAY.
  NO SIGNIFICANT WEATHER WAS OBSERVED.


RELATIVE HUMIDITY (PERCENT)
 HIGHEST    93           300 AM
 LOWEST     36           300 PM
 AVERAGE    65

..........................................................


THE ROCHESTER NY CLIMATE NORMALS FOR TOMORROW
                         NORMAL    RECORD    YEAR
 MAXIMUM TEMPERATURE (F)   81        96      1933
 MINIMUM TEMPERATURE (F)   61        45      1968


SUNRISE AND SUNSET
JULY 29 2015..........SUNRISE   558 AM EDT   SUNSET   836 PM EDT
JULY 30 2015..........SUNRISE   559 AM EDT   SUNSET   835 PM EDT


-  INDICATES NEGATIVE NUMBERS.
R  INDICATES RECORD WAS SET OR TIED.
MM INDICATES DATA IS MISSING.
T  INDICATES TRACE AMOUNT.




$$
