000
CDUS45 KABQ 040829
CLIROW


CLIMATE REPORT
NATIONAL WEATHER SERVICE ALBUQUERQUE NM
227 AM MDT TUE AUG 4 2015


...................................

...THE ROSWELL NM CLIMATE SUMMARY FOR AUGUST 3 2015...

CLIMATE NORMAL PERIOD 1981 TO 2010
CLIMATE RECORD PERIOD 1893 TO 2015


WEATHER ITEM   OBSERVED TIME   RECORD YEAR NORMAL DEPARTURE
                VALUE   (LST)  VALUE       VALUE  FROM
                                                  NORMAL
...............................................................
TEMPERATURE (F)
 YESTERDAY
  MAXIMUM         96    117 PM 106    2012  93      3
  MINIMUM         68   1125 PM  56    1961  67      1
  AVERAGE         82                        80      2

PRECIPITATION (IN)
  YESTERDAY        0.03          0.87 1952   0.07  -0.04
  MONTH TO DATE    0.03                      0.20  -0.17
  SINCE JUN 1      3.71                      3.99  -0.28
  SINCE JAN 1     11.40                      7.16   4.24

SNOWFALL (IN)
  YESTERDAY        0.0
  MONTH TO DATE    0.0
  SINCE JUN 1      0.0
  SINCE JUL 1      0.0

DEGREE DAYS
 HEATING
  YESTERDAY        0                         0      0
  MONTH TO DATE    0                         0      0
  SINCE JUN 1      0                         1     -1
  SINCE JUL 1      0                         0      0

 COOLING
  YESTERDAY       17                        15      2
  MONTH TO DATE   56                        45     11
  SINCE JUN 1   1011                       918     93
  SINCE JAN 1   1118                      1143    -25
...............................................................


WIND (MPH)
  HIGHEST WIND SPEED    32   HIGHEST WIND DIRECTION    SW (230)
  HIGHEST GUST SPEED    41   HIGHEST GUST DIRECTION    SW (230)
  AVERAGE WIND SPEED     7.8


SKY COVER
  AVERAGE SKY COVER 0.1


WEATHER CONDITIONS
 THE FOLLOWING WEATHER WAS RECORDED YESTERDAY.
  THUNDERSTORM
  LIGHT RAIN


RELATIVE HUMIDITY (PERCENT)
 HIGHEST    90          1000 PM
 LOWEST     32           100 PM
 AVERAGE    61

..........................................................


THE ROSWELL NM CLIMATE NORMALS FOR TODAY
                         NORMAL    RECORD    YEAR
 MAXIMUM TEMPERATURE (F)   93       104      2012
                                             1977
                                             1959
 MINIMUM TEMPERATURE (F)   67        58      1971
                                             1961


SUNRISE AND SUNSET
AUGUST  4 2015........SUNRISE   613 AM MDT   SUNSET   755 PM MDT
AUGUST  5 2015........SUNRISE   614 AM MDT   SUNSET   754 PM MDT


-  INDICATES NEGATIVE NUMBERS.
R  INDICATES RECORD WAS SET OR TIED.
MM INDICATES DATA IS MISSING.
T  INDICATES TRACE AMOUNT.

$$
