000
CDUS45 KABQ 230842
CLIROW


CLIMATE REPORT
NATIONAL WEATHER SERVICE ALBUQUERQUE NM
240 AM MDT TUE MAY 23 2017


...................................

...THE ROSWELL NM CLIMATE SUMMARY FOR MAY 22 2017...

CLIMATE NORMAL PERIOD 1981 TO 2010
CLIMATE RECORD PERIOD 1893 TO 2017


WEATHER ITEM   OBSERVED TIME   RECORD YEAR NORMAL DEPARTURE
                VALUE   (LST)  VALUE       VALUE  FROM
                                                  NORMAL
...............................................................
TEMPERATURE (F)
 YESTERDAY
  MAXIMUM         77    607 PM 102    1996  87    -10
                                      1953
  MINIMUM         57   1141 PM  37    1899  57      0
  AVERAGE         67                        72     -5

PRECIPITATION (IN)
  YESTERDAY        T             1.61 1992   0.04  -0.04
  MONTH TO DATE    0.54                      0.87  -0.33
  SINCE MAR 1      2.31                      1.99   0.32
  SINCE JAN 1      3.56                      2.79   0.77

SNOWFALL (IN)
  YESTERDAY        0.0
  MONTH TO DATE    0.0
  SINCE MAR 1      0.0
  SINCE JUL 1      2.5

DEGREE DAYS
 HEATING
  YESTERDAY        0                         0      0
  MONTH TO DATE    7                        27    -20
  SINCE MAR 1    294                       578   -284
  SINCE JUL 1   2439                      3285   -846

 COOLING
  YESTERDAY        2                         7     -5
  MONTH TO DATE  101                       107     -6
  SINCE MAR 1    209                       147     62
  SINCE JAN 1    209                       147     62
...............................................................


WIND (MPH)
  HIGHEST WIND SPEED    23   HIGHEST WIND DIRECTION     E (80)
  HIGHEST GUST SPEED    29   HIGHEST GUST DIRECTION     E (80)
  AVERAGE WIND SPEED     7.6


SKY COVER
  AVERAGE SKY COVER 0.5


WEATHER CONDITIONS
 THE FOLLOWING WEATHER WAS RECORDED YESTERDAY.
  THUNDERSTORM
  FOG
  HAZE


RELATIVE HUMIDITY (PERCENT)
 HIGHEST    84           900 AM
 LOWEST     35           700 PM
 AVERAGE    60

..........................................................


THE ROSWELL NM CLIMATE NORMALS FOR TODAY
                         NORMAL    RECORD    YEAR
 MAXIMUM TEMPERATURE (F)   88       106      2000
 MINIMUM TEMPERATURE (F)   57        37      1913


SUNRISE AND SUNSET
MAY 23 2017...........SUNRISE   553 AM MDT   SUNSET   757 PM MDT
MAY 24 2017...........SUNRISE   553 AM MDT   SUNSET   758 PM MDT


-  INDICATES NEGATIVE NUMBERS.
R  INDICATES RECORD WAS SET OR TIED.
MM INDICATES DATA IS MISSING.
T  INDICATES TRACE AMOUNT.




$$
