000
CDUS45 KABQ 020831
CLIROW


CLIMATE REPORT
NATIONAL WEATHER SERVICE ALBUQUERQUE NM
231 AM MDT TUE JUN 2 2015


...................................

...THE ROSWELL NM CLIMATE SUMMARY FOR JUNE 1 2015...

CLIMATE NORMAL PERIOD 1981 TO 2010
CLIMATE RECORD PERIOD 1893 TO 2015


WEATHER ITEM   OBSERVED TIME   RECORD YEAR NORMAL DEPARTURE
                VALUE   (LST)  VALUE       VALUE  FROM
                                                  NORMAL
...............................................................
TEMPERATURE (F)
 YESTERDAY
  MAXIMUM         94    255 PM 108    1998  90      4
  MINIMUM         57    458 AM  45    1908  60     -3
  AVERAGE         76                        75      1

PRECIPITATION (IN)
  YESTERDAY        0.00          1.31 1928   0.04  -0.04
  MONTH TO DATE    0.00                      0.04  -0.04
  SINCE JUN 1      0.00                      0.04  -0.04
  SINCE JAN 1      7.69                      3.21   4.48

SNOWFALL (IN)
  YESTERDAY        0.0
  MONTH TO DATE    0.0
  SINCE JUN 1      0.0
  SINCE JUL 1     16.2

DEGREE DAYS
 HEATING
  YESTERDAY        0                         0      0
  MONTH TO DATE    0                         0      0
  SINCE JUN 1      0                         0      0
  SINCE JUL 1   3233                      3287    -54

 COOLING
  YESTERDAY       11                        10      1
  MONTH TO DATE   11                        10      1
  SINCE JUN 1     11                        10      1
  SINCE JAN 1    118                       235   -117
...............................................................


WIND (MPH)
  HIGHEST WIND SPEED    28   HIGHEST WIND DIRECTION    SW (210)
  HIGHEST GUST SPEED    34   HIGHEST GUST DIRECTION    SW (210)
  AVERAGE WIND SPEED     7.9


SKY COVER
  AVERAGE SKY COVER 0.0


WEATHER CONDITIONS
 THE FOLLOWING WEATHER WAS RECORDED YESTERDAY.
  NO SIGNIFICANT WEATHER WAS OBSERVED.


RELATIVE HUMIDITY (PERCENT)
 HIGHEST    86           500 AM
 LOWEST     18           500 PM
 AVERAGE    52

..........................................................


THE ROSWELL NM CLIMATE NORMALS FOR TODAY
                         NORMAL    RECORD    YEAR
 MAXIMUM TEMPERATURE (F)   91       106      2008
                                             1998
 MINIMUM TEMPERATURE (F)   60        40      1970


SUNRISE AND SUNSET
JUNE  2 2015..........SUNRISE   549 AM MDT   SUNSET   803 PM MDT
JUNE  3 2015..........SUNRISE   549 AM MDT   SUNSET   804 PM MDT


-  INDICATES NEGATIVE NUMBERS.
R  INDICATES RECORD WAS SET OR TIED.
MM INDICATES DATA IS MISSING.
T  INDICATES TRACE AMOUNT.




$$
