000
CDUS45 KABQ 040846
CLIROW


CLIMATE REPORT
NATIONAL WEATHER SERVICE ALBUQUERQUE NM
245 AM MDT FRI SEP 4 2015


...................................

...THE ROSWELL NM CLIMATE SUMMARY FOR SEPTEMBER 3 2015...

CLIMATE NORMAL PERIOD 1981 TO 2010
CLIMATE RECORD PERIOD 1893 TO 2015


WEATHER ITEM   OBSERVED TIME   RECORD YEAR NORMAL DEPARTURE
                VALUE   (LST)  VALUE       VALUE  FROM
                                                  NORMAL
...............................................................
TEMPERATURE (F)
 YESTERDAY
  MAXIMUM         98    213 PM 102    2012  89      9
  MINIMUM         68    520 AM  50    1955  63      5
  AVERAGE         83                        76      7

PRECIPITATION (IN)
  YESTERDAY        0.00          2.45 2006   0.05  -0.05
  MONTH TO DATE    0.00                      0.16  -0.16
  SINCE SEP 1      0.00                      0.16  -0.16
  SINCE JAN 1     12.21                      9.09   3.12

SNOWFALL (IN)
  YESTERDAY        0.0
  MONTH TO DATE    0.0
  SINCE SEP 1      0.0
  SINCE JUL 1      0.0

DEGREE DAYS
 HEATING
  YESTERDAY        0                         0      0
  MONTH TO DATE    0                         0      0
  SINCE SEP 1      0                         0      0
  SINCE JUL 1      0                         0      0

 COOLING
  YESTERDAY       18                        11      7
  MONTH TO DATE   51                        34     17
  SINCE SEP 1     51                        34     17
  SINCE JAN 1   1663                      1558    105
...............................................................


WIND (MPH)
  HIGHEST WIND SPEED    16   HIGHEST WIND DIRECTION     S (160)
  HIGHEST GUST SPEED    21   HIGHEST GUST DIRECTION     S (160)
  AVERAGE WIND SPEED     7.0


SKY COVER
  AVERAGE SKY COVER 0.1


WEATHER CONDITIONS
 THE FOLLOWING WEATHER WAS RECORDED YESTERDAY.
  NO SIGNIFICANT WEATHER WAS OBSERVED.


RELATIVE HUMIDITY (PERCENT)
 HIGHEST    57           500 AM
 LOWEST     18           200 PM
 AVERAGE    38

..........................................................


THE ROSWELL NM CLIMATE NORMALS FOR TODAY
                         NORMAL    RECORD    YEAR
 MAXIMUM TEMPERATURE (F)   89       104      2012
 MINIMUM TEMPERATURE (F)   63        40      1961


SUNRISE AND SUNSET
SEPTEMBER  4 2015.....SUNRISE   634 AM MDT   SUNSET   720 PM MDT
SEPTEMBER  5 2015.....SUNRISE   635 AM MDT   SUNSET   718 PM MDT


-  INDICATES NEGATIVE NUMBERS.
R  INDICATES RECORD WAS SET OR TIED.
MM INDICATES DATA IS MISSING.
T  INDICATES TRACE AMOUNT.




$$
