000
CDUS45 KABQ 250828
CLIROW


CLIMATE REPORT
NATIONAL WEATHER SERVICE ALBUQUERQUE NM
228 AM MDT SUN JUN 25 2017


...................................

...THE ROSWELL NM CLIMATE SUMMARY FOR JUNE 24 2017...

CLIMATE NORMAL PERIOD 1981 TO 2010
CLIMATE RECORD PERIOD 1893 TO 2017


WEATHER ITEM   OBSERVED TIME   RECORD YEAR NORMAL DEPARTURE
                VALUE   (LST)  VALUE       VALUE  FROM
                                                  NORMAL
...............................................................
TEMPERATURE (F)
 YESTERDAY
  MAXIMUM         86    412 PM 110    1990  95     -9
  MINIMUM         69    413 AM  56    1894  65      4
  AVERAGE         78                        80     -2

PRECIPITATION (IN)
  YESTERDAY        0.00          1.44 1986   0.06  -0.06
  MONTH TO DATE    0.45                      1.27  -0.82
  SINCE JUN 1      0.45                      1.27  -0.82
  SINCE JAN 1      4.01                      4.44  -0.43

SNOWFALL (IN)
  YESTERDAY        0.0
  MONTH TO DATE    0.0
  SINCE JUN 1      0.0
  SINCE JUL 1      2.5

DEGREE DAYS
 HEATING
  YESTERDAY        0                         0      0
  MONTH TO DATE    0                         0      0
  SINCE JUN 1      0                         0      0
  SINCE JUL 1   2442                      3287   -845

 COOLING
  YESTERDAY       13                        15     -2
  MONTH TO DATE  406                       306    100
  SINCE JUN 1    406                       306    100
  SINCE JAN 1    687                       531    156
...............................................................


WIND (MPH)
  HIGHEST WIND SPEED    18   HIGHEST WIND DIRECTION    SE (130)
  HIGHEST GUST SPEED    23   HIGHEST GUST DIRECTION     S (160)
  AVERAGE WIND SPEED     9.7


SKY COVER
  AVERAGE SKY COVER 0.5


WEATHER CONDITIONS
 THE FOLLOWING WEATHER WAS RECORDED YESTERDAY.
  NO SIGNIFICANT WEATHER WAS OBSERVED.


RELATIVE HUMIDITY (PERCENT)
 HIGHEST    58           100 AM
 LOWEST     37           200 PM
 AVERAGE    48

..........................................................


THE ROSWELL NM CLIMATE NORMALS FOR TODAY
                         NORMAL    RECORD    YEAR
 MAXIMUM TEMPERATURE (F)   95       110      1994
                                             1990
 MINIMUM TEMPERATURE (F)   65        53      1894


SUNRISE AND SUNSET
JUNE 25 2017..........SUNRISE   550 AM MDT   SUNSET   811 PM MDT
JUNE 26 2017..........SUNRISE   551 AM MDT   SUNSET   811 PM MDT


-  INDICATES NEGATIVE NUMBERS.
R  INDICATES RECORD WAS SET OR TIED.
MM INDICATES DATA IS MISSING.
T  INDICATES TRACE AMOUNT.




$$
