000
CDUS45 KABQ 220835
CLIROW


CLIMATE REPORT
NATIONAL WEATHER SERVICE ALBUQUERQUE NM
234 AM MDT SUN OCT 22 2017


...................................

...THE ROSWELL NM CLIMATE SUMMARY FOR OCTOBER 21 2017...

CLIMATE NORMAL PERIOD 1981 TO 2010
CLIMATE RECORD PERIOD 1893 TO 2017


WEATHER ITEM   OBSERVED TIME   RECORD YEAR NORMAL DEPARTURE
                VALUE   (LST)  VALUE       VALUE  FROM
                                                  NORMAL
...............................................................
TEMPERATURE (F)
 YESTERDAY
  MAXIMUM         81    229 PM  90    1995  74      7
  MINIMUM         50    547 AM  21    1898  45      5
  AVERAGE         66                        59      7

PRECIPITATION (IN)
  YESTERDAY        T             1.25 1914   0.04  -0.04
  MONTH TO DATE    1.64                      0.88   0.76
  SINCE SEP 1      3.82                      2.41   1.41
  SINCE JAN 1     11.16                     11.34  -0.18

SNOWFALL (IN)
  YESTERDAY        0.0
  MONTH TO DATE    0.0
  SINCE SEP 1      0.0
  SINCE JUL 1      0.0

DEGREE DAYS
 HEATING
  YESTERDAY        0                         6     -6
  MONTH TO DATE   47                        79    -32
  SINCE SEP 1     53                        95    -42
  SINCE JUL 1     53                        95    -42

 COOLING
  YESTERDAY        1                         1      0
  MONTH TO DATE   82                        35     47
  SINCE SEP 1    375                       262    113
  SINCE JAN 1   2166                      1786    380
...............................................................


WIND (MPH)
  HIGHEST WIND SPEED    23   HIGHEST WIND DIRECTION    NW (300)
  HIGHEST GUST SPEED    28   HIGHEST GUST DIRECTION     W (290)
  AVERAGE WIND SPEED     8.5


SKY COVER
  AVERAGE SKY COVER 0.1


WEATHER CONDITIONS
 THE FOLLOWING WEATHER WAS RECORDED YESTERDAY.
  LIGHT RAIN


RELATIVE HUMIDITY (PERCENT)
 HIGHEST   100           500 AM
 LOWEST     18           300 PM
 AVERAGE    59

..........................................................


THE ROSWELL NM CLIMATE NORMALS FOR TODAY
                         NORMAL    RECORD    YEAR
 MAXIMUM TEMPERATURE (F)   74        90      1961
                                             1902
 MINIMUM TEMPERATURE (F)   44        24      1898


SUNRISE AND SUNSET
OCTOBER 22 2017.......SUNRISE   708 AM MDT   SUNSET   616 PM MDT
OCTOBER 23 2017.......SUNRISE   709 AM MDT   SUNSET   615 PM MDT


-  INDICATES NEGATIVE NUMBERS.
R  INDICATES RECORD WAS SET OR TIED.
MM INDICATES DATA IS MISSING.
T  INDICATES TRACE AMOUNT.




$$
