000
CDUS45 KABQ 230828
CLIROW


CLIMATE REPORT
NATIONAL WEATHER SERVICE ALBUQUERQUE NM
227 AM MDT THU OCT 23 2014


...................................

...THE ROSWELL NM CLIMATE SUMMARY FOR OCTOBER 22 2014...

CLIMATE NORMAL PERIOD 1981 TO 2010
CLIMATE RECORD PERIOD 1893 TO 2014


WEATHER ITEM   OBSERVED TIME   RECORD YEAR NORMAL DEPARTURE
                VALUE   (LST)  VALUE       VALUE  FROM
                                                  NORMAL
...............................................................
TEMPERATURE (F)
 YESTERDAY
  MAXIMUM         74    329 PM  90    1961  74      0
                                      1902
  MINIMUM         57   1152 PM  24    1898  44     13
  AVERAGE         66                        59      7

PRECIPITATION (IN)
  YESTERDAY        0.00          1.09 1941   0.04  -0.04
  MONTH TO DATE    0.50                      0.92  -0.42
  SINCE SEP 1      5.24                      2.45   2.79
  SINCE JAN 1     17.48                     11.38   6.10

SNOWFALL (IN)
  YESTERDAY        0.0
  MONTH TO DATE    0.0
  SINCE SEP 1      0.0
  SINCE JUL 1      0.0

DEGREE DAYS
 HEATING
  YESTERDAY        0                         6     -6
  MONTH TO DATE   46                        85    -39
  SINCE SEP 1     64                       101    -37
  SINCE JUL 1     64                       101    -37

 COOLING
  YESTERDAY        1                         0      1
  MONTH TO DATE   28                        35     -7
  SINCE SEP 1    233                       262    -29
  SINCE JAN 1   1918                      1786    132
...............................................................


WIND (MPH)
  HIGHEST WIND SPEED    14   HIGHEST WIND DIRECTION     S (160)
  HIGHEST GUST SPEED    16   HIGHEST GUST DIRECTION    SE (140)
  AVERAGE WIND SPEED     6.4


SKY COVER
  AVERAGE SKY COVER 0.5


WEATHER CONDITIONS
 THE FOLLOWING WEATHER WAS RECORDED YESTERDAY.
  FOG
  FOG W/VISIBILITY <= 1/4 MILE


RELATIVE HUMIDITY (PERCENT)
 HIGHEST   100           200 AM
 LOWEST     53           400 PM
 AVERAGE    77

..........................................................


THE ROSWELL NM CLIMATE NORMALS FOR TODAY
                         NORMAL    RECORD    YEAR
 MAXIMUM TEMPERATURE (F)   73        91      2012
 MINIMUM TEMPERATURE (F)   44        21      1906


SUNRISE AND SUNSET
OCTOBER 23 2014.......SUNRISE   709 AM MDT   SUNSET   615 PM MDT
OCTOBER 24 2014.......SUNRISE   710 AM MDT   SUNSET   614 PM MDT


-  INDICATES NEGATIVE NUMBERS.
R  INDICATES RECORD WAS SET OR TIED.
MM INDICATES DATA IS MISSING.
T  INDICATES TRACE AMOUNT.




$$
