000
CDUS45 KABQ 020840
CLIROW


CLIMATE REPORT
NATIONAL WEATHER SERVICE ALBUQUERQUE NM
140 AM MST FRI DEC 2 2016


...................................

...THE ROSWELL NM CLIMATE SUMMARY FOR DECEMBER 1 2016...

CLIMATE NORMAL PERIOD 1981 TO 2010
CLIMATE RECORD PERIOD 1893 TO 2016


WEATHER ITEM   OBSERVED TIME   RECORD YEAR NORMAL DEPARTURE
                VALUE   (LST)  VALUE       VALUE  FROM
                                                  NORMAL
...............................................................
TEMPERATURE (F)
 YESTERDAY
  MAXIMUM         58    317 PM  80    2012  58      0
  MINIMUM         20    712 AM  10    1948  29     -9
                                      1918
  AVERAGE         39                        43     -4

PRECIPITATION (IN)
  YESTERDAY        0.00          1.00 1931   0.02  -0.02
  MONTH TO DATE    0.00                      0.02  -0.02
  SINCE DEC 1      0.00                      0.02  -0.02
  SINCE JAN 1     10.34                     12.29  -1.95

SNOWFALL (IN)
  YESTERDAY        0.0
  MONTH TO DATE    0.0
  SINCE DEC 1      0.0
  SINCE JUL 1      0.0

DEGREE DAYS
 HEATING
  YESTERDAY       26                        22      4
  MONTH TO DATE   26                        22      4
  SINCE DEC 1     26                        22      4
  SINCE JUL 1    412                       668   -256

 COOLING
  YESTERDAY        0                         0      0
  MONTH TO DATE    0                         0      0
  SINCE DEC 1      0                         0      0
  SINCE JAN 1   2066                      1789    277
...............................................................


WIND (MPH)
  HIGHEST WIND SPEED     9   HIGHEST WIND DIRECTION     W (270)
  HIGHEST GUST SPEED    11   HIGHEST GUST DIRECTION     W (280)
  AVERAGE WIND SPEED     3.5


SKY COVER
  AVERAGE SKY COVER 0.0


WEATHER CONDITIONS
 THE FOLLOWING WEATHER WAS RECORDED YESTERDAY.
  NO SIGNIFICANT WEATHER WAS OBSERVED.


RELATIVE HUMIDITY (PERCENT)
 HIGHEST    55           700 AM
 LOWEST     18           200 PM
 AVERAGE    37

..........................................................


THE ROSWELL NM CLIMATE NORMALS FOR TODAY
                         NORMAL    RECORD    YEAR
 MAXIMUM TEMPERATURE (F)   58        83      2008
 MINIMUM TEMPERATURE (F)   28        15      1931


SUNRISE AND SUNSET
DECEMBER  2 2016......SUNRISE   645 AM MST   SUNSET   450 PM MST
DECEMBER  3 2016......SUNRISE   646 AM MST   SUNSET   450 PM MST


-  INDICATES NEGATIVE NUMBERS.
R  INDICATES RECORD WAS SET OR TIED.
MM INDICATES DATA IS MISSING.
T  INDICATES TRACE AMOUNT.




$$
