972
CDUS43 KARX 070638
CLIRST


CLIMATE REPORT
NATIONAL WEATHER SERVICE LA CROSSE WI
1236 AM CST SUN FEB 7 2016

...THE ROCHESTER MN CLIMATE SUMMARY FOR FEBRUARY 6 2016...

CLIMATE NORMAL PERIOD 1981 TO 2010
CLIMATE RECORD PERIOD 1886 TO 2016

WEATHER ITEM   OBSERVED TIME   RECORD YEAR NORMAL DEPARTURE LAST
                VALUE   (LST)  VALUE       VALUE  FROM      YEAR
                                                  NORMAL
..................................................................
TEMPERATURE (F)
 YESTERDAY
  MAXIMUM         32   1159 PM  43    1987  26      6       28
  MINIMUM         23   1210 AM -28    1936  10     13        8
  AVERAGE         28                        18     10       18

PRECIPITATION (IN)
  YESTERDAY        T             0.40 1911   0.03  -0.03     0.00
  MONTH TO DATE    0.53                      0.16   0.37     0.33
  SINCE DEC 1      4.49                      2.25   2.24     2.06
  SINCE JAN 1      1.28                      1.02   0.26     1.04

SNOWFALL (IN)
  YESTERDAY        T             6.0  2007   0.3   -0.3      0.0
  MONTH TO DATE    8.9                       2.1    6.8      6.3
  SINCE JUL 1     30.3                      33.5   -3.2     33.7
  SNOW DEPTH      12

DEGREE DAYS
 HEATING
  YESTERDAY       37                        47    -10       47
  MONTH TO DATE  267                       287    -20      352
  SINCE JUL 1   4244                      4895   -651     5053

 COOLING
  YESTERDAY        0                         0      0        0
  MONTH TO DATE    0                         0      0        0
  SINCE JAN 1      0                         0      0        0
..................................................................

WIND (MPH)
  HIGHEST WIND SPEED    25   HIGHEST WIND DIRECTION     S (200)
  HIGHEST GUST SPEED    31   HIGHEST GUST DIRECTION     S (200)
  AVERAGE WIND SPEED    16.3

SKY COVER
  POSSIBLE SUNSHINE  MM
  AVERAGE SKY COVER 1.0

WEATHER CONDITIONS
 THE FOLLOWING WEATHER WAS RECORDED YESTERDAY.
  LIGHT SNOW
  FOG

RELATIVE HUMIDITY (PERCENT)
 HIGHEST    96          1200 AM
 LOWEST     84           500 AM
 AVERAGE    90
..........................................................

THE ROCHESTER MN CLIMATE NORMALS FOR TODAY
                         NORMAL    RECORD    YEAR
 MAXIMUM TEMPERATURE (F)   26        52      1987
 MINIMUM TEMPERATURE (F)   10       -21      1972
                                             1971

SUNRISE AND SUNSET
FEBRUARY  7 2016......SUNRISE   721 AM CST   SUNSET   528 PM CST
FEBRUARY  8 2016......SUNRISE   719 AM CST   SUNSET   530 PM CST

-  INDICATES NEGATIVE NUMBERS.
R  INDICATES RECORD WAS SET OR TIED.
MM INDICATES DATA IS MISSING.
T  INDICATES TRACE AMOUNT.

$$

BOYNE
