000
CDUS43 KARX 302132
CLIRST


CLIMATE REPORT
NATIONAL WEATHER SERVICE LA CROSSE WI
432 PM CDT SAT APR 30 2016


...................................

...THE ROCHESTER MN CLIMATE SUMMARY FOR APRIL 30 2016...
VALID TODAY AS OF 0430 PM LOCAL TIME.

CLIMATE NORMAL PERIOD 1981 TO 2010
CLIMATE RECORD PERIOD 1886 TO 2016


WEATHER ITEM   OBSERVED TIME   RECORD YEAR NORMAL DEPARTURE LAST
                VALUE   (LST)  VALUE       VALUE  FROM      YEAR
                                                  NORMAL
..................................................................
TEMPERATURE (F)
 TODAY
  MAXIMUM         47   1121 AM  90    1952  64    -17       64
  MINIMUM         40    242 AM  11    1956  42     -2       42
  AVERAGE         44                        53     -9       53

PRECIPITATION (IN)
  TODAY            0.35          1.34 1954   0.13   0.22     0.00
  MONTH TO DATE    1.50                      3.24  -1.74     4.93
  SINCE MAR 1      5.48                      5.12   0.36     6.00
  SINCE JAN 1      6.88                      6.81   0.07     7.36

SNOWFALL (IN)
  TODAY            0.0           1.8  1984   0.0    0.0      0.0
  MONTH TO DATE    0.5                       3.3   -2.8      1.5
  SINCE JUL 1     47.9                      51.9   -4.0     50.4
  SNOW DEPTH       0

DEGREE DAYS
 HEATING
  TODAY           21                        12      9       12
  MONTH TO DATE  531                       553    -22      514
  SINCE JUL 1   6546                      7425   -879     7812

 COOLING
  TODAY            0                         0      0        0
  MONTH TO DATE    1                         4     -3        0
  SINCE JAN 1      1                         4     -3        0
..................................................................


WIND (MPH)
  HIGHEST WIND SPEED    22   HIGHEST WIND DIRECTION     E (70)
  HIGHEST GUST SPEED    28   HIGHEST GUST DIRECTION     E (70)
  AVERAGE WIND SPEED    12.1


SKY COVER
  POSSIBLE SUNSHINE  MM
  AVERAGE SKY COVER 0.5


WEATHER CONDITIONS
 THE FOLLOWING WEATHER WAS RECORDED TODAY.
  RAIN
  LIGHT RAIN
  FOG


RELATIVE HUMIDITY (PERCENT)
 HIGHEST    89          1200 AM
 LOWEST     65          1100 AM
 AVERAGE    77

..........................................................


THE ROCHESTER MN CLIMATE NORMALS FOR TOMORROW
                         NORMAL    RECORD    YEAR
 MAXIMUM TEMPERATURE (F)   64        89      1992
 MINIMUM TEMPERATURE (F)   42        25      1966
                                             1961
                                             1943


SUNRISE AND SUNSET
APRIL 30 2016.........SUNRISE   602 AM CDT   SUNSET   813 PM CDT
MAY  1 2016...........SUNRISE   601 AM CDT   SUNSET   814 PM CDT


-  INDICATES NEGATIVE NUMBERS.
R  INDICATES RECORD WAS SET OR TIED.
MM INDICATES DATA IS MISSING.
T  INDICATES TRACE AMOUNT.




$$
