000
CDUS43 KARX 310724
CLIRST


CLIMATE REPORT
NATIONAL WEATHER SERVICE LA CROSSE WI
123 AM CST SAT JAN 31 2015


...................................

...THE ROCHESTER MN CLIMATE SUMMARY FOR JANUARY 30 2015...

CLIMATE NORMAL PERIOD 1981 TO 2010
CLIMATE RECORD PERIOD 1886 TO 2015


WEATHER ITEM   OBSERVED TIME   RECORD YEAR NORMAL DEPARTURE LAST
                VALUE   (LST)  VALUE       VALUE  FROM      YEAR
                                                  NORMAL
..................................................................
TEMPERATURE (F)
 YESTERDAY
  MAXIMUM         23    436 PM  48    1919  24     -1       29
  MINIMUM          6    805 AM -40    1951   8     -2       -3
  AVERAGE         15                        16     -1       13

PRECIPITATION (IN)
  YESTERDAY        0.00          0.49 1947   0.03  -0.03     0.18
  MONTH TO DATE    0.49                      0.83  -0.34     1.00
  SINCE DEC 1      1.51                      2.06  -0.55     2.10
  SINCE JAN 1      0.49                      0.83  -0.34     1.00

SNOWFALL (IN)
  YESTERDAY        0.0           6.4  1947   0.4   -0.4      2.8
  MONTH TO DATE    8.5                      11.6   -3.1     14.8
  SINCE JUL 1     25.9                      31.0   -5.1     29.2
  SNOW DEPTH       2

DEGREE DAYS
 HEATING
  YESTERDAY       50                        49      1       52
  MONTH TO DATE 1441                      1483    -42     1737
  SINCE JUL 1   4661                      4561    100     5031

 COOLING
  YESTERDAY        0                         0      0        0
  MONTH TO DATE    0                         0      0        0
  SINCE JAN 1      0                         0      0        0
..................................................................


WIND (MPH)
  HIGHEST WIND SPEED    16   HIGHEST WIND DIRECTION     S (200)
  HIGHEST GUST SPEED    19   HIGHEST GUST DIRECTION     S (190)
  AVERAGE WIND SPEED     9.3


SKY COVER
  POSSIBLE SUNSHINE  MM
  AVERAGE SKY COVER 0.0


WEATHER CONDITIONS
 THE FOLLOWING WEATHER WAS RECORDED YESTERDAY.
  NO SIGNIFICANT WEATHER WAS OBSERVED.


RELATIVE HUMIDITY (PERCENT)
 HIGHEST    91           900 AM
 LOWEST     67           200 AM
 AVERAGE    79

..........................................................


THE ROCHESTER MN CLIMATE NORMALS FOR TODAY
                         NORMAL    RECORD    YEAR
 MAXIMUM TEMPERATURE (F)   25        48      1989
 MINIMUM TEMPERATURE (F)    8       -31      1918


SUNRISE AND SUNSET
JANUARY 31 2015.......SUNRISE   728 AM CST   SUNSET   519 PM CST
FEBRUARY  1 2015......SUNRISE   727 AM CST   SUNSET   520 PM CST


-  INDICATES NEGATIVE NUMBERS.
R  INDICATES RECORD WAS SET OR TIED.
MM INDICATES DATA IS MISSING.
T  INDICATES TRACE AMOUNT.




$$
