000
CDUS45 KCYS 300338
CLIRWL


CLIMATE REPORT
NATIONAL WEATHER SERVICE CHEYENNE WY
937 PM MDT SAT AUG 29 2015


...................................

...THE RAWLINS WY AIRPORT CLIMATE SUMMARY FOR AUGUST 29 2015...
VALID TODAY AS OF 0900 PM LOCAL TIME.

CLIMATE NORMAL PERIOD 1981 TO 2010
CLIMATE RECORD PERIOD 1951 TO 2015


WEATHER ITEM   OBSERVED TIME   RECORD YEAR NORMAL DEPARTURE LAST
                VALUE   (LST)  VALUE       VALUE  FROM      YEAR
                                                  NORMAL
..................................................................
TEMPERATURE (F)
 TODAY
  MAXIMUM         86    337 PM  90    1998  78      8       77
  MINIMUM         42    545 AM  36    1964  46     -4       53
  AVERAGE         64                        62      2       65

PRECIPITATION (IN)
  TODAY            0.00          0.43 1951   0.03  -0.03     0.00
  MONTH TO DATE    0.48                      0.71  -0.23     0.95
  SINCE JAN 1      8.30                      6.50   1.80     4.26

DEGREE DAYS
 HEATING
  TODAY            1                         4     -3        0
  MONTH TO DATE   46                        51     -5       64
  SINCE JUN 1    149                       276   -127      262
  SINCE JUL 1     83                        86     -3       90

 COOLING
  TODAY            0                         1     -1        0
  MONTH TO DATE   70                        62      8       32
  SINCE JUN 1    192                       179     13      207
  SINCE JAN 1    192                       179     13      209
..................................................................


WIND (MPH)
  HIGHEST WIND SPEED    17   HIGHEST WIND DIRECTION     S (190)
  HIGHEST GUST SPEED    25   HIGHEST GUST DIRECTION    SW (240)
  AVERAGE WIND SPEED     5.0


SKY COVER
  AVERAGE SKY COVER 0.0


WEATHER CONDITIONS
 THE FOLLOWING WEATHER WAS RECORDED TODAY.
  HAZE


RELATIVE HUMIDITY (PERCENT)
 HIGHEST    82           600 AM
 LOWEST     11           300 PM
 AVERAGE    47

..........................................................


THE RAWLINS WY AIRPORT CLIMATE NORMALS FOR TOMORROW
                         NORMAL    RECORD    YEAR
 MAXIMUM TEMPERATURE (F)   78        90      1998
 MINIMUM TEMPERATURE (F)   46        34      1968


SUNRISE AND SUNSET
AUGUST 29 2015........SUNRISE   631 AM MDT   SUNSET   747 PM MDT
AUGUST 30 2015........SUNRISE   632 AM MDT   SUNSET   746 PM MDT


-  INDICATES NEGATIVE NUMBERS.
R  INDICATES RECORD WAS SET OR TIED.
MM INDICATES DATA IS MISSING.
T  INDICATES TRACE AMOUNT.




$$
