000
CDUS45 KCYS 240735
CLIRWL


CLIMATE REPORT
NATIONAL WEATHER SERVICE CHEYENNE WY
133 AM MDT SUN MAY 24 2015


...................................

...THE RAWLINS WY AIRPORT CLIMATE SUMMARY FOR MAY 23 2015...

CLIMATE NORMAL PERIOD 1981 TO 2010
CLIMATE RECORD PERIOD 1951 TO 2015


WEATHER ITEM   OBSERVED TIME   RECORD YEAR NORMAL DEPARTURE LAST
                VALUE   (LST)  VALUE       VALUE  FROM      YEAR
                                                  NORMAL
..................................................................
TEMPERATURE (F)
 YESTERDAY
  MAXIMUM         56   1010 AM  82    1984  66    -10       71
  MINIMUM         35    406 AM  25    1966  37     -2       41
  AVERAGE         46                        52     -6       56

PRECIPITATION (IN)
  YESTERDAY        0.47R         0.43 2008   0.04   0.43     0.13
  MONTH TO DATE    3.31                      1.03   2.28     0.84
  SINCE JAN 1      5.21                      3.54   1.67     2.48

DEGREE DAYS
 HEATING
  YESTERDAY       19                        13      6        9
  MONTH TO DATE  415                       386     29      376
  SINCE MAR 1   1932                      2148   -216     2027
  SINCE JUL 1   7163                      8105   -942     7791

 COOLING
  YESTERDAY        0                         0      0        0
  MONTH TO DATE    0                         0      0        0
  SINCE MAR 1      0                         0      0        0
  SINCE JAN 1      0                         0      0        0
..................................................................


WIND (MPH)
  HIGHEST WIND SPEED    24   HIGHEST WIND DIRECTION     W (260)
  HIGHEST GUST SPEED    29   HIGHEST GUST DIRECTION     W (270)
  AVERAGE WIND SPEED     6.6


SKY COVER
  AVERAGE SKY COVER 0.5


WEATHER CONDITIONS
 THE FOLLOWING WEATHER WAS RECORDED YESTERDAY.
  THUNDERSTORM
  RAIN
  LIGHT RAIN
  FOG


RELATIVE HUMIDITY (PERCENT)
 HIGHEST    89           400 AM
 LOWEST     55          1000 AM
 AVERAGE    72

..........................................................


THE RAWLINS WY AIRPORT CLIMATE NORMALS FOR TODAY
                         NORMAL    RECORD    YEAR
 MAXIMUM TEMPERATURE (F)   67        80      1967
 MINIMUM TEMPERATURE (F)   37        27      1995


SUNRISE AND SUNSET
MAY 24 2015...........SUNRISE   541 AM MDT   SUNSET   830 PM MDT
MAY 25 2015...........SUNRISE   541 AM MDT   SUNSET   831 PM MDT


-  INDICATES NEGATIVE NUMBERS.
R  INDICATES RECORD WAS SET OR TIED.
MM INDICATES DATA IS MISSING.
T  INDICATES TRACE AMOUNT.




$$
