000
CDUS45 KPIH 280733
CLIRXE


CLIMATE REPORT
NATIONAL WEATHER SERVICE POCATELLO ID
132 AM MDT FRI AUG 28 2015


...................................

...THE REXBURG ID CLIMATE SUMMARY FOR AUGUST 27 2015...

CLIMATE NORMAL PERIOD 1981 TO 2010
CLIMATE RECORD PERIOD 1998 TO 2015


WEATHER ITEM   OBSERVED TIME   RECORD YEAR NORMAL DEPARTURE LAST
                VALUE   (LST)  VALUE       VALUE  FROM      YEAR
                                                  NORMAL
..................................................................
TEMPERATURE (F)
 YESTERDAY
  MAXIMUM         81    603 PM  91    2011  81      0       77
                                      2001
  MINIMUM         49    558 AM  38    2004  46      3       45
  AVERAGE         65                        63      2       61

PRECIPITATION (IN)
  YESTERDAY        T            MM      MM   0.04  -0.04     0.00
  MONTH TO DATE    0.53                      0.80  -0.27     3.80
  SINCE OCT 1      9.89                     11.97  -2.08    12.75
  SINCE JAN 1      7.12                      8.76  -1.64    10.89

SNOWFALL (IN)
  YESTERDAY       MM
  MONTH TO DATE   MM
  SINCE JUN 1     MM
  SINCE JUL 1     MM
  SNOW DEPTH      MM

DEGREE DAYS
 HEATING
  YESTERDAY        0                         3     -3        4
  MONTH TO DATE   26                        28     -2       54
  SINCE JUN 1    110                       230   -120      217
  SINCE JUL 1     70                        58     12       62

 COOLING
  YESTERDAY        0                         1     -1        0
  MONTH TO DATE   89                        81      8       55
  SINCE JUN 1    274                       191     83      221
  SINCE JAN 1    274                       195     79      221
..................................................................


WIND (MPH)
  HIGHEST WIND SPEED    22   HIGHEST WIND DIRECTION    SW (240)
  HIGHEST GUST SPEED    32   HIGHEST GUST DIRECTION     W (250)
  AVERAGE WIND SPEED     4.0


SKY COVER
  POSSIBLE SUNSHINE  MM
  AVERAGE SKY COVER 0.0


WEATHER CONDITIONS
 THE FOLLOWING WEATHER WAS RECORDED YESTERDAY.
  HAZE


RELATIVE HUMIDITY (PERCENT)
 HIGHEST    86           500 AM
 LOWEST     20           600 PM
 AVERAGE    53

..........................................................


THE REXBURG ID CLIMATE NORMALS FOR TODAY
                         NORMAL    RECORD    YEAR
 MAXIMUM TEMPERATURE (F)   80        93      2012
 MINIMUM TEMPERATURE (F)   46        39      2004


SUNRISE AND SUNSET
AUGUST 28 2015........SUNRISE   646 AM MDT   SUNSET   810 PM MDT
AUGUST 29 2015........SUNRISE   647 AM MDT   SUNSET   808 PM MDT


-  INDICATES NEGATIVE NUMBERS.
R  INDICATES RECORD WAS SET OR TIED.
MM INDICATES DATA IS MISSING.
T  INDICATES TRACE AMOUNT.




$$
