000
CDUS45 KPIH 280732
CLIRXE


CLIMATE REPORT
NATIONAL WEATHER SERVICE POCATELLO ID
131 AM MDT WED SEP 28 2016


...................................

...THE REXBURG ID CLIMATE SUMMARY FOR SEPTEMBER 27 2016...

CLIMATE NORMAL PERIOD 1981 TO 2010
CLIMATE RECORD PERIOD 1998 TO 2016


WEATHER ITEM   OBSERVED TIME   RECORD YEAR NORMAL DEPARTURE LAST
                VALUE   (LST)  VALUE       VALUE  FROM      YEAR
                                                  NORMAL
..................................................................
TEMPERATURE (F)
 YESTERDAY
  MAXIMUM         75    438 PM  85    2001  67      8       77
  MINIMUM         39    625 AM  29    2000  36      3       49
  AVERAGE         57                        51      6       63

PRECIPITATION (IN)
  YESTERDAY        0.00         MM      MM   0.04  -0.04      T
  MONTH TO DATE    1.78                      0.86   0.92     0.43
  SINCE OCT 1     10.89                     12.99  -2.10    10.34
  SINCE JAN 1      7.73                      9.78  -2.05     7.57

SNOWFALL (IN)
  YESTERDAY       MM
  MONTH TO DATE   MM
  SINCE SEP 1     MM
  SINCE JUL 1     MM
  SNOW DEPTH      MM

DEGREE DAYS
 HEATING
  YESTERDAY        8                        14     -6        2
  MONTH TO DATE  242                       242      0      146
  SINCE SEP 1    242                       242      0      146
  SINCE JUL 1    306                       315     -9      221

 COOLING
  YESTERDAY        0                         0      0        0
  MONTH TO DATE   14                         5      9       18
  SINCE SEP 1     14                         5      9       18
  SINCE JAN 1    261                       207     54      307
..................................................................


WIND (MPH)
  HIGHEST WIND SPEED     7   HIGHEST WIND DIRECTION    SW (220)
  HIGHEST GUST SPEED    10   HIGHEST GUST DIRECTION    SW (240)
  AVERAGE WIND SPEED     2.1


SKY COVER
  POSSIBLE SUNSHINE  MM
  AVERAGE SKY COVER 0.0


WEATHER CONDITIONS
 THE FOLLOWING WEATHER WAS RECORDED YESTERDAY.
  NO SIGNIFICANT WEATHER WAS OBSERVED.


RELATIVE HUMIDITY (PERCENT)
 HIGHEST   100           600 AM
 LOWEST     25           300 PM
 AVERAGE    63

..........................................................


THE REXBURG ID CLIMATE NORMALS FOR TODAY
                         NORMAL    RECORD    YEAR
 MAXIMUM TEMPERATURE (F)   66        84      2010
 MINIMUM TEMPERATURE (F)   36        21      1999


SUNRISE AND SUNSET
SEPTEMBER 28 2016.....SUNRISE   722 AM MDT   SUNSET   713 PM MDT
SEPTEMBER 29 2016.....SUNRISE   723 AM MDT   SUNSET   711 PM MDT


-  INDICATES NEGATIVE NUMBERS.
R  INDICATES RECORD WAS SET OR TIED.
MM INDICATES DATA IS MISSING.
T  INDICATES TRACE AMOUNT.




$$
