618
CDUS45 KPIH 050731
CLIRXE


CLIMATE REPORT
NATIONAL WEATHER SERVICE POCATELLO ID
1230 AM MST FRI FEB 5 2016


...................................

...THE REXBURG ID CLIMATE SUMMARY FOR FEBRUARY 4 2016...

CLIMATE NORMAL PERIOD 1981 TO 2010
CLIMATE RECORD PERIOD 1998 TO 2016


WEATHER ITEM   OBSERVED TIME   RECORD YEAR NORMAL DEPARTURE LAST
                VALUE   (LST)  VALUE       VALUE  FROM      YEAR
                                                  NORMAL
..................................................................
TEMPERATURE (F)
 YESTERDAY
  MAXIMUM         19   1103 PM  38    1999  30    -11       35
  MINIMUM          6    238 AM  -9    2014  10     -4       32
  AVERAGE         13                        20     -7       34

PRECIPITATION (IN)
  YESTERDAY        0.09         MM      MM   0.03   0.06     0.02
  MONTH TO DATE    0.09                      0.11  -0.02     0.28
  SINCE OCT 1      4.88                      4.06   0.82     3.77
  SINCE JAN 1      1.72                      0.85   0.87     1.00

SNOWFALL (IN)
  YESTERDAY       MM
  MONTH TO DATE   MM
  SINCE DEC 1     MM
  SINCE JUL 1     MM
  SNOW DEPTH      MM

DEGREE DAYS
 HEATING
  YESTERDAY       52                        45      7       31
  MONTH TO DATE  214                       180     34      133
  SINCE DEC 1   2916                      2945    -29     2544
  SINCE JUL 1   4650                      4957   -307     4354

 COOLING
  YESTERDAY        0                         0      0        0
  MONTH TO DATE    0                         0      0        0
  SINCE DEC 1      0                         0      0        0
  SINCE JAN 1      0                         0      0        0
..................................................................


WIND (MPH)
  HIGHEST WIND SPEED     9   HIGHEST WIND DIRECTION     W (270)
  HIGHEST GUST SPEED    10   HIGHEST GUST DIRECTION    SW (230)
  AVERAGE WIND SPEED     2.8


SKY COVER
  POSSIBLE SUNSHINE  MM
  AVERAGE SKY COVER 1.0


WEATHER CONDITIONS
 THE FOLLOWING WEATHER WAS RECORDED YESTERDAY.
  LIGHT SNOW
  FOG


RELATIVE HUMIDITY (PERCENT)
 HIGHEST    92           100 AM
 LOWEST     84           500 AM
 AVERAGE    88

..........................................................


THE REXBURG ID CLIMATE NORMALS FOR TODAY
                         NORMAL    RECORD    YEAR
 MAXIMUM TEMPERATURE (F)   30        48      2015
 MINIMUM TEMPERATURE (F)   10        -6      2014
                                             2002


SUNRISE AND SUNSET
FEBRUARY  5 2016......SUNRISE   740 AM MST   SUNSET   543 PM MST
FEBRUARY  6 2016......SUNRISE   739 AM MST   SUNSET   544 PM MST


-  INDICATES NEGATIVE NUMBERS.
R  INDICATES RECORD WAS SET OR TIED.
MM INDICATES DATA IS MISSING.
T  INDICATES TRACE AMOUNT.




$$
