000
CDUS45 KPIH 162322
CLIRXE


CLIMATE REPORT
NATIONAL WEATHER SERVICE POCATELLO ID
421 PM MST MON JAN 16 2017


...................................

...THE REXBURG ID CLIMATE SUMMARY FOR JANUARY 16 2017...
VALID TODAY AS OF 0400 PM LOCAL TIME.

CLIMATE NORMAL PERIOD 1981 TO 2010
CLIMATE RECORD PERIOD 1998 TO 2017


WEATHER ITEM   OBSERVED TIME   RECORD YEAR NORMAL DEPARTURE LAST
                VALUE   (LST)  VALUE       VALUE  FROM      YEAR
                                                  NORMAL
..................................................................
TEMPERATURE (F)
 TODAY
  MAXIMUM         10    348 PM  41    2000  29    -19       23
  MINIMUM        -10    806 AM -11    2007  12    -22       19
                                      2001
  AVERAGE          0                        20    -20       21

PRECIPITATION (IN)
  TODAY            T            MM      MM   0.02  -0.02     0.34
  MONTH TO DATE    0.52                      0.46   0.06     0.55
  SINCE OCT 1      6.28                      3.67   2.61     3.71
  SINCE JAN 1      0.52                      0.46   0.06     0.55

SNOWFALL (IN)
  TODAY           MM
  MONTH TO DATE   MM
  SINCE DEC 1     MM
  SINCE JUL 1     MM
  SNOW DEPTH      MM

DEGREE DAYS
 HEATING
  TODAY           65                        45     20       44
  MONTH TO DATE  873                       720    153      712
  SINCE DEC 1   2423                      2090    333     2078
  SINCE JUL 1   4070                      4102    -32     3812

 COOLING
  TODAY            0                         0      0        0
  MONTH TO DATE    0                         0      0        0
  SINCE DEC 1      0                         0      0        0
  SINCE JAN 1      0                         0      0        0
..................................................................


WIND (MPH)
  HIGHEST WIND SPEED     8   HIGHEST WIND DIRECTION    NE (30)
  HIGHEST GUST SPEED     9   HIGHEST GUST DIRECTION    NE (30)
  AVERAGE WIND SPEED     3.4


SKY COVER
  POSSIBLE SUNSHINE  MM
  AVERAGE SKY COVER 0.5


WEATHER CONDITIONS
 THE FOLLOWING WEATHER WAS RECORDED TODAY.
  LIGHT SNOW
  FOG


RELATIVE HUMIDITY (PERCENT)
 HIGHEST    91          1200 AM
 LOWEST     72          1200 PM
 AVERAGE    82

..........................................................


THE REXBURG ID CLIMATE NORMALS FOR TOMORROW
                         NORMAL    RECORD    YEAR
 MAXIMUM TEMPERATURE (F)   29        37      2011
 MINIMUM TEMPERATURE (F)   12        -9      2013
                                             2001


SUNRISE AND SUNSET
JANUARY 16 2017.......SUNRISE   757 AM MST   SUNSET   517 PM MST
JANUARY 17 2017.......SUNRISE   757 AM MST   SUNSET   518 PM MST


-  INDICATES NEGATIVE NUMBERS.
R  INDICATES RECORD WAS SET OR TIED.
MM INDICATES DATA IS MISSING.
T  INDICATES TRACE AMOUNT.




$$
