000
CDUS45 KPIH 260732
CLIRXE


CLIMATE REPORT
NATIONAL WEATHER SERVICE POCATELLO ID
132 AM MDT SUN MAR 26 2017


...................................

...THE REXBURG ID CLIMATE SUMMARY FOR MARCH 25 2017...

CLIMATE NORMAL PERIOD 1981 TO 2010
CLIMATE RECORD PERIOD 1998 TO 2017


WEATHER ITEM   OBSERVED TIME   RECORD YEAR NORMAL DEPARTURE LAST
                VALUE   (LST)  VALUE       VALUE  FROM      YEAR
                                                  NORMAL
..................................................................
TEMPERATURE (F)
 YESTERDAY
  MAXIMUM         49    436 PM  69    2012  49      0       42
  MINIMUM         36   1159 PM  10    2013  27      9       27
  AVERAGE         43                        38      5       35

PRECIPITATION (IN)
  YESTERDAY        T            MM      MM   0.04  -0.04     0.01
  MONTH TO DATE    0.13                      0.78  -0.65     0.78
  SINCE OCT 1      8.15                      5.56   2.59     5.72
  SINCE JAN 1      2.39                      2.35   0.04     2.56

SNOWFALL (IN)
  YESTERDAY       MM
  MONTH TO DATE   MM
  SINCE MAR 1     MM
  SINCE JUL 1     MM
  SNOW DEPTH      MM

DEGREE DAYS
 HEATING
  YESTERDAY       22                        27     -5       30
  MONTH TO DATE  603                       801   -198      704
  SINCE MAR 1    603                       801   -198      704
  SINCE JUL 1   6398                      6774   -376     6281

 COOLING
  YESTERDAY        0                         0      0        0
  MONTH TO DATE    0                         0      0        0
  SINCE MAR 1      0                         0      0        0
  SINCE JAN 1      0                         0      0        0
..................................................................


WIND (MPH)
  HIGHEST WIND SPEED    21   HIGHEST WIND DIRECTION     S (180)
  HIGHEST GUST SPEED    27   HIGHEST GUST DIRECTION     S (190)
  AVERAGE WIND SPEED    11.1


SKY COVER
  POSSIBLE SUNSHINE  MM
  AVERAGE SKY COVER 0.9


WEATHER CONDITIONS
 THE FOLLOWING WEATHER WAS RECORDED YESTERDAY.
  LIGHT RAIN


RELATIVE HUMIDITY (PERCENT)
 HIGHEST    92           400 AM
 LOWEST     49           700 PM
 AVERAGE    71

..........................................................


THE REXBURG ID CLIMATE NORMALS FOR TODAY
                         NORMAL    RECORD    YEAR
 MAXIMUM TEMPERATURE (F)   49        65      2007
 MINIMUM TEMPERATURE (F)   28        16      2005


SUNRISE AND SUNSET
MARCH 26 2017.........SUNRISE   719 AM MDT   SUNSET   747 PM MDT
MARCH 27 2017.........SUNRISE   717 AM MDT   SUNSET   749 PM MDT


-  INDICATES NEGATIVE NUMBERS.
R  INDICATES RECORD WAS SET OR TIED.
MM INDICATES DATA IS MISSING.
T  INDICATES TRACE AMOUNT.




$$
