000
CDUS46 KSTO 250837
CLISAC

CLIMATE REPORT
NATIONAL WEATHER SERVICE SACRAMENTO, CA
136 AM PDT MON MAY 25 2015


...................................

...THE SACRAMENTO EXEC. AIRPORT CA CLIMATE SUMMARY FOR MAY 24 2015...

CLIMATE NORMAL PERIOD 1981 TO 2010
CLIMATE RECORD PERIOD 1930 TO 2015


WEATHER ITEM   OBSERVED TIME   RECORD YEAR NORMAL DEPARTURE LAST
                VALUE   (LST)  VALUE       VALUE  FROM      YEAR
                                                  NORMAL
..................................................................
TEMPERATURE (F)
 YESTERDAY
  MAXIMUM         82    202 PM 100    1982  82      0       93
  MINIMUM         54    526 AM  40    1953  53      1       58
  AVERAGE         68

PRECIPITATION (IN)
  YESTERDAY        0.00          0.57 1993   0.02  -0.02     0.00
  MONTH TO DATE    0.07                      0.56  -0.49      T
  SINCE OCT 1     15.34                     17.85  -2.51     9.20
  SINCE JAN 1      4.96                     11.57  -6.61     7.89

SNOWFALL (IN)
  YESTERDAY        0.0          MM      MM   0.0             0.0
  MONTH TO DATE    0.0                       0.0             0.0
  SINCE MAR 1      0.0                       0.0             0.0
  SINCE JUL 1      0.0                       0.0             0.0

DEGREE DAYS
 HEATING
  YESTERDAY        0

 COOLING
  YESTERDAY        3
..................................................................


WIND (MPH)
  RESULTANT WIND SPEED   7   RESULTANT WIND DIRECTION  SW (210)
  HIGHEST WIND SPEED    20   HIGHEST WIND DIRECTION    SW (210)
  HIGHEST GUST SPEED    29   HIGHEST GUST DIRECTION    SW (210)


SKY COVER
  POSSIBLE SUNSHINE  MM
  AVERAGE SKY COVER 0.0


WEATHER CONDITIONS
 THE FOLLOWING WEATHER WAS RECORDED YESTERDAY.
  NO SIGNIFICANT WEATHER WAS OBSERVED.


RELATIVE HUMIDITY (PERCENT)
 HIGHEST    89
 LOWEST     36
 AVERAGE    63

..........................................................


THE SACRAMENTO EXEC. AIRPORT CA CLIMATE NORMALS FOR TODAY
                         NORMAL    RECORD    YEAR
 MAXIMUM TEMPERATURE (F)   82       100      1951
 MINIMUM TEMPERATURE (F)   53        43      1980


SUNRISE AND SUNSET
MAY 25 2015...........SUNRISE   547 AM PDT   SUNSET   819 PM PDT
MAY 26 2015...........SUNRISE   547 AM PDT   SUNSET   820 PM PDT


-  INDICATES NEGATIVE NUMBERS.
R  INDICATES RECORD WAS SET OR TIED.
MM INDICATES DATA IS MISSING.
T  INDICATES TRACE AMOUNT.






&&
....................................................................

SACRAMENTO CITY CLIMATE DATA FOR SUNDAY MAY 24 2015

HIGH...   83  RECORD HIGH   100 IN 2001    NORMAL    HIGH   83
LOW....   54  RECORD LOW     43 IN 1953    NORMAL    LOW    55

RAIN SINCE MIDNIGHT....  0.00   RECORD THIS DATE....... 0.62 IN 1993
TOTAL THIS MONTH.......  0.19   NORMAL SINCE OCT 1ST.........  19.57
TOTAL SINCE OCT 1ST... 13.73   PERCENT OF NORMAL.............  70%


$$
