000
CDUS46 KSTO 250847
CLISAC

CLIMATE REPORT
NATIONAL WEATHER SERVICE SACRAMENTO, CA
1240 AM PST SUN JAN 25 2015


................................................................

...THE SACRAMENTO EXEC. AIRPORT CA CLIMATE SUMMARY FOR JANUARY 24 2015...

CLIMATE NORMAL PERIOD 1981 TO 2010
CLIMATE RECORD PERIOD 1930 TO 2015


WEATHER ITEM   OBSERVED TIME   RECORD YEAR NORMAL DEPARTURE LAST
                VALUE   (LST)  VALUE       VALUE  FROM      YEAR
                                                  NORMAL
..................................................................
TEMPERATURE (F)
 YESTERDAY
  MAXIMUM         51    302 PM  76    2014  55     -4       76
  MINIMUM         44   1010 PM  25    1962  39      5       41
  AVERAGE         48

PRECIPITATION (IN)
  YESTERDAY        0.00          2.99 2000   0.11  -0.11     0.00
  MONTH TO DATE    T                         2.80  -2.80     0.00
  SINCE OCT 1     10.38                      9.08   1.30     1.31
  SINCE JAN 1      T                         2.80  -2.80     0.00

SNOWFALL (IN)
  YESTERDAY        0.0           0.0  2002   0.0             0.0
  MONTH TO DATE    0.0                       0.0             0.0
  SINCE DEC 1      0.0                       0.0             0.0
  SINCE JUL 1      0.0                       0.0             0.0

DEGREE DAYS
 HEATING
  YESTERDAY       17

 COOLING
  YESTERDAY        0
..................................................................


WIND (MPH)
  RESULTANT WIND SPEED   3   RESULTANT WIND DIRECTION  SE (150)
  HIGHEST WIND SPEED     9   HIGHEST WIND DIRECTION    SE (150)
  HIGHEST GUST SPEED    12   HIGHEST GUST DIRECTION     S (160)


SKY COVER
  POSSIBLE SUNSHINE  MM
  AVERAGE SKY COVER 0.8


WEATHER CONDITIONS
 THE FOLLOWING WEATHER WAS RECORDED YESTERDAY.
  FOG
  FOG W/VISIBILITY <= 1/4 MILE
  HAZE


RELATIVE HUMIDITY (PERCENT)
 HIGHEST   100
 LOWEST     77
 AVERAGE    89

..........................................................


THE SACRAMENTO EXEC. AIRPORT CA CLIMATE NORMALS FOR TODAY
                         NORMAL    RECORD    YEAR
 MAXIMUM TEMPERATURE (F)   55        74      2014
 MINIMUM TEMPERATURE (F)   39        25      1962


SUNRISE AND SUNSET
JANUARY 25 2015.......SUNRISE   717 AM PST   SUNSET   520 PM PST
JANUARY 26 2015.......SUNRISE   716 AM PST   SUNSET   521 PM PST


-  INDICATES NEGATIVE NUMBERS.
R  INDICATES RECORD WAS SET OR TIED.
MM INDICATES DATA IS MISSING.
T  INDICATES TRACE AMOUNT.






&&
....................................................................

SACRAMENTO CITY CLIMATE DATA FOR SATURDAY JANUARY 24 2015

HIGH...   52  RECORD HIGH    79 IN 2014    NORMAL    HIGH   56
LOW....   44  RECORD LOW     28 IN 1949    NORMAL    LOW    41

RAIN SINCE MIDNIGHT....  0.00   RECORD THIS DATE....... 3.11 IN 2000
TOTAL THIS MONTH.......  0.01   NORMAL SINCE OCT 1ST.........  10.06
TOTAL SINCE OCT 1ST....  9.29   PERCENT OF NORMAL............    92%


$$
NNNN
