000
CDUS46 KSTO 020039
CLISAC

CLIMATE REPORT
NATIONAL WEATHER SERVICE SACRAMENTO, CA
538 PM PDT MON SEP 1 2014


...................................

...THE SACRAMENTO EXEC. AIRPORT CA CLIMATE SUMMARY FOR SEPTEMBER 1 2014...
VALID TODAY AS OF 500 PM LOCAL TIME.

CLIMATE NORMAL PERIOD 1981 TO 2010
CLIMATE RECORD PERIOD 1930 TO 2014


WEATHER ITEM   OBSERVED TIME   RECORD YEAR NORMAL DEPARTURE LAST
                VALUE   (LST)  VALUE       VALUE  FROM      YEAR
                                                  NORMAL
..................................................................
TEMPERATURE (F)
 TODAY
  MAXIMUM        101    323 PM 108    1950  90     11       91
  MINIMUM         61    615 AM  49    1999  57      4       62
  AVERAGE         81

PRECIPITATION (IN)
  TODAY            0.00          0.09 2000   0.00   0.00     0.00
  MONTH TO DATE    0.00                      0.00   0.00     0.00
  SINCE JUL 1      0.01                      0.05  -0.04      T
  SINCE JAN 1      7.90                     11.95  -4.05     3.91

SNOWFALL (IN)
  TODAY            0.0          MM      MM   0.0             0.0
  MONTH TO DATE    0.0                       0.0             0.0
  SINCE SEP 1      0.0                       0.0             0.0
  SINCE JUL 1      0.0                       0.0             0.0

DEGREE DAYS
 HEATING
  TODAY            0

 COOLING
  TODAY           16
..................................................................


WIND (MPH)
  RESULTANT WIND SPEED   1   RESULTANT WIND DIRECTION  NW (300)
  HIGHEST WIND SPEED     8   HIGHEST WIND DIRECTION     N (340)
  HIGHEST GUST SPEED    24   HIGHEST GUST DIRECTION    NW (330)


SKY COVER
  POSSIBLE SUNSHINE  MM
  AVERAGE SKY COVER 0.0


WEATHER CONDITIONS
 THE FOLLOWING WEATHER WAS RECORDED TODAY.
  NO SIGNIFICANT WEATHER WAS OBSERVED.


RELATIVE HUMIDITY (PERCENT)
 HIGHEST    78
 LOWEST     14
 AVERAGE    46

..........................................................


THE SACRAMENTO EXEC. AIRPORT CA CLIMATE NORMALS FOR TOMORROW
                         NORMAL    RECORD    YEAR
 MAXIMUM TEMPERATURE (F)   90       108      1955
                                             1950
 MINIMUM TEMPERATURE (F)   57        50      2012
                                             1935


SUNRISE AND SUNSET
SEPTEMBER  1 2014.....SUNRISE   635 AM PDT   SUNSET   736 PM PDT
SEPTEMBER  2 2014.....SUNRISE   636 AM PDT   SUNSET   734 PM PDT


-  INDICATES NEGATIVE NUMBERS.
R  INDICATES RECORD WAS SET OR TIED.
MM INDICATES DATA IS MISSING.
T  INDICATES TRACE AMOUNT.

&&
....................................................................

SACRAMENTO CITY CLIMATE DATA FOR MONDAY SEPTEMBER 1 2014

HIGH...  101  RECORD HIGH   109 IN 1950    NORMAL    HIGH   90
LOW....   64  RECORD LOW     48 IN 1899    NORMAL    LOW    60

RAIN SINCE MIDNIGHT....  0.00   RECORD THIS DATE....... 0.16 IN 2000
TOTAL THIS MONTH.......  0.00   NORMAL SEASON TO DATE.........  0.03
TOTAL SINCE JULY 1ST...  0.02   PERCENT OF NORMAL.............   66%


$$
NNNN
