000
CDUS46 KSTO 250041
CLISAC

CLIMATE REPORT
NATIONAL WEATHER SERVICE SACRAMENTO, CA
541 PM PDT FRI OCT 24 2014


...................................

...THE SACRAMENTO EXEC. AIRPORT CA CLIMATE SUMMARY FOR OCTOBER 24 2014...
VALID TODAY AS OF 0500 PM LOCAL TIME.

CLIMATE NORMAL PERIOD 1981 TO 2010
CLIMATE RECORD PERIOD 1930 TO 2014


WEATHER ITEM   OBSERVED TIME   RECORD YEAR NORMAL DEPARTURE LAST
                VALUE   (LST)  VALUE       VALUE  FROM      YEAR
                                                  NORMAL
..................................................................
TEMPERATURE (F)
 TODAY
  MAXIMUM         76    356 PM  89    1965  74      2       70
  MINIMUM         51    604 AM  38    1949  48      3       48
  AVERAGE         64

PRECIPITATION (IN)
  TODAY            0.00          1.08 2010   0.04  -0.04     0.00
  MONTH TO DATE    0.17                      0.63  -0.46     0.00
  SINCE JUL 1      0.64                      0.97  -0.33     0.59
  SINCE JAN 1      8.53                     12.87  -4.34     4.50

SNOWFALL (IN)
  TODAY            0.0           0.0  2002   0.0             0.0
                                      2001
  MONTH TO DATE    0.0                       0.0             0.0
  SINCE SEP 1      0.0                       0.0             0.0
  SINCE JUL 1      0.0                       0.0             0.0

DEGREE DAYS
 HEATING
  TODAY            1

 COOLING
  TODAY            0
..................................................................


WIND (MPH)
  RESULTANT WIND SPEED   0   RESULTANT WIND DIRECTION  NE (30)
  HIGHEST WIND SPEED     9   HIGHEST WIND DIRECTION     S (180)
  HIGHEST GUST SPEED    13   HIGHEST GUST DIRECTION     N (340)


SKY COVER
  POSSIBLE SUNSHINE  MM
  AVERAGE SKY COVER 0.3


WEATHER CONDITIONS
 THE FOLLOWING WEATHER WAS RECORDED TODAY.
  FOG
  FOG W/VISIBILITY <= 1/4 MILE


RELATIVE HUMIDITY (PERCENT)
 HIGHEST   100
 LOWEST     43
 AVERAGE    72

..........................................................


THE SACRAMENTO EXEC. AIRPORT CA CLIMATE NORMALS FOR TOMORROW
                         NORMAL    RECORD    YEAR
 MAXIMUM TEMPERATURE (F)   74        90      2003
 MINIMUM TEMPERATURE (F)   48        37      1949


SUNRISE AND SUNSET
OCTOBER 24 2014.......SUNRISE   724 AM PDT   SUNSET   616 PM PDT
OCTOBER 25 2014.......SUNRISE   725 AM PDT   SUNSET   614 PM PDT


-  INDICATES NEGATIVE NUMBERS.
R  INDICATES RECORD WAS SET OR TIED.
MM INDICATES DATA IS MISSING.
T  INDICATES TRACE AMOUNT

&&
....................................................................

SACRAMENTO CITY CLIMATE DATA FOR FRIDAY OCTOBER 24 2014

HIGH...   79  RECORD HIGH    91 IN 1959    NORMAL    HIGH   74
LOW....   53  RECORD LOW     37 IN 1956    NORMAL    LOW    51

RAIN SINCE MIDNIGHT....  0.00   RECORD THIS DATE....... 1.21 IN 2010
TOTAL THIS MONTH.......  0.09   NORMAL SEASON TO DATE.........  1.07
TOTAL SINCE JULY 1ST...  0.65   PERCENT OF NORMAL.............   61%


$$
NNNN
