000
CDUS46 KSTO 310840
CLISAC

CLIMATE REPORT
NATIONAL WEATHER SERVICE SACRAMENTO, CA
137 AM PDT FRI OCT 31 2014


...................................

...THE SACRAMENTO EXEC. AIRPORT CA CLIMATE SUMMARY FOR OCTOBER 30 2014...

CLIMATE NORMAL PERIOD 1981 TO 2010
CLIMATE RECORD PERIOD 1930 TO 2014


WEATHER ITEM   OBSERVED TIME   RECORD YEAR NORMAL DEPARTURE LAST
                VALUE   (LST)  VALUE       VALUE  FROM      YEAR
                                                  NORMAL
..................................................................
TEMPERATURE (F)
 YESTERDAY
  MAXIMUM         80    157 PM  83    1965  71      9       69
                                      1960
  MINIMUM         52    637 AM  35    1948  47      5       42
  AVERAGE         66

PRECIPITATION (IN)
  YESTERDAY        0.00          0.66 1956   0.05  -0.05     0.00
  MONTH TO DATE    0.29                      0.90  -0.61     0.00
  SINCE JUL 1      0.76                      1.24  -0.48     0.59
  SINCE JAN 1      8.65                     13.14  -4.49     4.50

SNOWFALL (IN)
  YESTERDAY        0.0           0.0  2002   0.0             0.0
                                      2001
  MONTH TO DATE    0.0                       0.0             0.0
  SINCE SEP 1      0.0                       0.0             0.0
  SINCE JUL 1      0.0                       0.0             0.0

DEGREE DAYS
 HEATING
  YESTERDAY        0

 COOLING
  YESTERDAY        1
..................................................................


WIND (MPH)
  RESULTANT WIND SPEED   3   RESULTANT WIND DIRECTION  SW (210)
  HIGHEST WIND SPEED    15   HIGHEST WIND DIRECTION    SW (230)
  HIGHEST GUST SPEED    20   HIGHEST GUST DIRECTION    SW (230)


SKY COVER
  POSSIBLE SUNSHINE  MM
  AVERAGE SKY COVER 0.0


WEATHER CONDITIONS
 THE FOLLOWING WEATHER WAS RECORDED YESTERDAY.
  NO SIGNIFICANT WEATHER WAS OBSERVED.


RELATIVE HUMIDITY (PERCENT)
 HIGHEST    86
 LOWEST     30
 AVERAGE    58

..........................................................


THE SACRAMENTO EXEC. AIRPORT CA CLIMATE NORMALS FOR TODAY
                         NORMAL    RECORD    YEAR
 MAXIMUM TEMPERATURE (F)   71        85      1960
 MINIMUM TEMPERATURE (F)   47        36      2002
                                             1989


SUNRISE AND SUNSET
OCTOBER 31 2014.......SUNRISE   732 AM PDT   SUNSET   607 PM PDT
NOVEMBER  1 2014......SUNRISE   733 AM PDT   SUNSET   606 PM PDT


-  INDICATES NEGATIVE NUMBERS.
R  INDICATES RECORD WAS SET OR TIED.
MM INDICATES DATA IS MISSING.
T  INDICATES TRACE AMOUNT.






&&
....................................................................

SACRAMENTO CITY CLIMATE DATA FOR THURSDAY OCTOBER 30 2014

HIGH...   81  RECORD HIGH    84 IN 1993    NORMAL    HIGH   71
LOW....   54  RECORD LOW     34 IN 1935    NORMAL    LOW    50

RAIN SINCE MIDNIGHT....  0.00   RECORD THIS DATE....... 0.95 IN 1945
TOTAL THIS MONTH.......  0.18   NORMAL SEASON TO DATE.........  1.37
TOTAL SINCE JULY 1ST...  0.74   PERCENT OF NORMAL.............   54%


$$
NNNN
