000
CDUS46 KSTO 270050
CLISAC

CLIMATE REPORT
NATIONAL WEATHER SERVICE SACRAMENTO, CA
546 PM PDT TUE AUG 26 2014


...................................

...THE REDDING AIRPORT CA CLIMATE SUMMARY FOR AUGUST 26 2014...
VALID TODAY AS OF 500 PM LOCAL TIME.

CLIMATE NORMAL PERIOD 1981 TO 2010
CLIMATE RECORD PERIOD 1986 TO 2014


WEATHER ITEM   OBSERVED RECORD YEAR NORMAL DEPARTURE LAST
                VALUE   VALUE       VALUE  FROM      YEAR
                                           NORMAL
...........................................................
TEMPERATURE (F)
 TODAY
  MAXIMUM        100    109    1988  95      5       88
  MINIMUM         59     53    1995  61     -2       63
  AVERAGE         80

PRECIPITATION (IN)
  TODAY            0.00   0.08 1990   0.01  -0.01     0.00
  MONTH TO DATE    0.12               0.14  -0.02      T
  SINCE JUL 1      0.21               0.23  -0.02      T
  SINCE JAN 1     14.48              21.09  -6.61     9.30

SNOWFALL (IN)
  TODAY            0.0   MM      MM  MM               0.0
  MONTH TO DATE    0.0               MM               0.0
  SINCE JUN 1      0.0               MM               0.0
  SINCE JUL 1      0.0               MM               0.0

DEGREE DAYS
 HEATING
  TODAY            0

 COOLING
  TODAY           15
...........................................................


WIND (MPH)
  RESULTANT WIND SPEED   2   RESULTANT WIND DIRECTION   S (190)
  HIGHEST WIND SPEED    10   HIGHEST WIND DIRECTION    SW (230)
  HIGHEST GUST SPEED    14   HIGHEST GUST DIRECTION    SW (210)


SKY COVER
  POSSIBLE SUNSHINE  MM
  AVERAGE SKY COVER 0.0


WEATHER CONDITIONS
 THE FOLLOWING WEATHER WAS RECORDED TODAY.
  NO SIGNIFICANT WEATHER WAS OBSERVED.


RELATIVE HUMIDITY (PERCENT)
 HIGHEST    67
 LOWEST     11
 AVERAGE    39

..........................................................


THE REDDING AIRPORT CA CLIMATE NORMALS FOR TOMORROW
                         NORMAL    RECORD    YEAR
 MAXIMUM TEMPERATURE (F)   95       110      1988
 MINIMUM TEMPERATURE (F)   61        53      1994


SUNRISE AND SUNSET
AUGUST 26 2014........SUNRISE   631 AM PDT   SUNSET   750 PM PDT
AUGUST 27 2014........SUNRISE   632 AM PDT   SUNSET   749 PM PDT


-  INDICATES NEGATIVE NUMBERS.
R  INDICATES RECORD WAS SET OR TIED.
MM INDICATES DATA IS MISSING.
T  INDICATES TRACE AMOUNT.

&&
....................................................................

REDDING CITY CLIMATE DATA FOR AUGUST 26

CLIMATE RECORD PERIOD 1897-1986

RECORD HIGH..............    110 IN 1924
RECORD LOW...............     51 IN 1947

RECORD RAINFALL..........   0.91 IN 1954

$$
