000
CDUS46 KSTO 230042
CLISAC

CLIMATE REPORT
NATIONAL WEATHER SERVICE SACRAMENTO, CA
540 PM PDT MON MAY 22 2017


...................................

...THE SACRAMENTO EXEC. AIRPORT CA CLIMATE SUMMARY FOR MAY 22 2017...
VALID TODAY AS OF 0500 PM LOCAL TIME.

CLIMATE NORMAL PERIOD 1981 TO 2010
CLIMATE RECORD PERIOD 1930 TO 2017


WEATHER ITEM   OBSERVED TIME   RECORD YEAR NORMAL DEPARTURE LAST
                VALUE   (LST)  VALUE       VALUE  FROM      YEAR
                                                  NORMAL
..................................................................
TEMPERATURE (F)
 TODAY
  MAXIMUM         98    255 PM 101    1967  82     16       71
  MINIMUM         60    532 AM  38    1960  52      8       49
  AVERAGE         79

PRECIPITATION (IN)
  TODAY            0.00          0.70 1958   0.02  -0.02     0.00
  MONTH TO DATE    0.00                      0.52  -0.52     0.39
  SINCE OCT 1     32.93                     17.81  15.12    16.19
  SINCE JAN 1     23.48                     11.53  11.95    12.75

SNOWFALL (IN)
  TODAY            0.0          MM      MM   0.0             0.0
  MONTH TO DATE    0.0                       0.0             0.0
  SINCE MAR 1      0.0                       0.0             0.0
  SINCE JUL 1      0.0                       0.0             0.0

DEGREE DAYS
 HEATING
  TODAY            0

 COOLING
  TODAY           14
..................................................................


WIND (MPH)
  RESULTANT WIND SPEED   1   RESULTANT WIND DIRECTION  SW (210)
  HIGHEST WIND SPEED     9   HIGHEST WIND DIRECTION     W (250)
  HIGHEST GUST SPEED    12   HIGHEST GUST DIRECTION     W (250)


SKY COVER
  POSSIBLE SUNSHINE  MM
  AVERAGE SKY COVER 0.0


WEATHER CONDITIONS
 THE FOLLOWING WEATHER WAS RECORDED TODAY.
  NO SIGNIFICANT WEATHER WAS OBSERVED.


RELATIVE HUMIDITY (PERCENT)
 HIGHEST    78
 LOWEST     18
 AVERAGE    48

..........................................................


THE SACRAMENTO EXEC. AIRPORT CA CLIMATE NORMALS FOR TOMORROW
                         NORMAL    RECORD    YEAR
 MAXIMUM TEMPERATURE (F)   82        97      1982
                                             1967
 MINIMUM TEMPERATURE (F)   52        42      1980


SUNRISE AND SUNSET
MAY 22 2017...........SUNRISE   549 AM PDT   SUNSET   817 PM PDT
MAY 23 2017...........SUNRISE   548 AM PDT   SUNSET   818 PM PDT


-  INDICATES NEGATIVE NUMBERS.
R  INDICATES RECORD WAS SET OR TIED.
MM INDICATES DATA IS MISSING.
T  INDICATES TRACE AMOUNT.

&&
....................................................................

SACRAMENTO CITY CLIMATE DATA FOR MONDAY MAY 22 2017

HIGH...   99  RECORD HIGH   103 IN 2000    NORMAL    HIGH   82
LOW....   63  RECORD LOW     42 IN 1960    NORMAL    LOW    55

RAIN SINCE MIDNIGHT....  0.00   RECORD THIS DATE....... 0.65 IN 1958
TOTAL THIS MONTH.......  0.00   NORMAL SINCE OCT 1ST.........  19.53
TOTAL SINCE OCT 1ST...  33.66   PERCENT OF NORMAL.............  172%


$$
NNNN
