000
CDUS46 KSGX 030017
CLISAN


CLIMATE REPORT
NATIONAL WEATHER SERVICE SAN DIEGO, CA
517 PM PDT THU JUL 2 2015


...................................

...THE SAN DIEGO/LINDBERGH FIELD CA CLIMATE SUMMARY FOR JULY 2 2015...
VALID TODAY AS OF 0500 PM LOCAL TIME.

CLIMATE NORMAL PERIOD 1981 TO 2010
CLIMATE RECORD PERIOD 1874 TO 2015


WEATHER ITEM   OBSERVED TIME   RECORD YEAR NORMAL DEPARTURE LAST
                VALUE   (LST)  VALUE       VALUE  FROM      YEAR
                                                  NORMAL
..................................................................
TEMPERATURE (F)
 TODAY
  MAXIMUM         79   1046 AM  94    1985  73      6       75
  MINIMUM         66    810 AM  56    1908  64      2       67
  AVERAGE         73                        69      4       71

PRECIPITATION (IN)
  TODAY            0.00          0.05 1902   0.00   0.00     0.00
  MONTH TO DATE    0.01                      0.00   0.01     0.00
  SINCE OCT 1      8.96                     10.14  -1.18     5.01
  SINCE JAN 1      4.09                      7.03  -2.94     2.82

SNOWFALL (IN)
  TODAY            0.0
  MONTH TO DATE    0.0
  SINCE JUN 1      0.0
  SINCE JUL 1      0.0
  SNOW DEPTH       0

DEGREE DAYS
 HEATING
  TODAY            0                         0      0        0
  MONTH TO DATE    0                         0      0        0
  SINCE JUN 1      1                        18    -17        0
  SINCE JUL 1      0                         0      0        0

 COOLING
  TODAY            8                         4      4        6
  MONTH TO DATE   18                         8     10       12
  SINCE JUN 1    141                        68     73      124
  SINCE JAN 1    324                       117    207      363
..................................................................


WIND (MPH)
  RESULTANT WIND SPEED   4   RESULTANT WIND DIRECTION   W (290)
  HIGHEST WIND SPEED    13   HIGHEST WIND DIRECTION     W (290)
  HIGHEST GUST SPEED    17   HIGHEST GUST DIRECTION     W (280)
  AVERAGE WIND SPEED     5.1


SKY COVER
  POSSIBLE SUNSHINE  MM
  AVERAGE SKY COVER 0.7


WEATHER CONDITIONS
 THE FOLLOWING WEATHER WAS RECORDED TODAY.
  FOG
  HAZE


RELATIVE HUMIDITY (PERCENT)
 HIGHEST    84           600 AM
 LOWEST     64          1100 AM
 AVERAGE    74

..........................................................


THE SAN DIEGO/LINDBERGH FIELD CA CLIMATE NORMALS FOR TOMORROW
                         NORMAL    RECORD    YEAR
 MAXIMUM TEMPERATURE (F)   74        90      1981
 MINIMUM TEMPERATURE (F)   64        57      1910
                                             1901
                                             1880


SUNRISE AND SUNSET
JULY  2 2015..........SUNRISE   545 AM PDT   SUNSET   801 PM PDT
JULY  3 2015..........SUNRISE   545 AM PDT   SUNSET   800 PM PDT


-  INDICATES NEGATIVE NUMBERS.
R  INDICATES RECORD WAS SET OR TIED.
MM INDICATES DATA IS MISSING.
T  INDICATES TRACE AMOUNT.




$$
