000
CDUS46 KSGX 271420
CLISAN


CLIMATE REPORT
NATIONAL WEATHER SERVICE SAN DIEGO, CA
719 AM PDT WED MAY 27 2015


...................................

...THE SAN DIEGO/LINDBERGH FIELD CA CLIMATE SUMMARY FOR MAY 26 2015...

CLIMATE NORMAL PERIOD 1981 TO 2010
CLIMATE RECORD PERIOD 1874 TO 2015


WEATHER ITEM   OBSERVED TIME   RECORD YEAR NORMAL DEPARTURE LAST
                VALUE   (LST)  VALUE       VALUE  FROM      YEAR
                                                  NORMAL
..................................................................
TEMPERATURE (F)
 YESTERDAY
  MAXIMUM         67    351 PM  87    1896  69     -2       74
  MINIMUM         62   1151 PM  50    1916  60      2       65
                                      1911
  AVERAGE         65                        64      1       70

PRECIPITATION (IN)
  YESTERDAY        T             0.10 1942   0.01  -0.01     0.00
  MONTH TO DATE    2.39                      0.11   2.28      T
  SINCE OCT 1      8.91                     10.06  -1.15     5.01
  SINCE JAN 1      4.04                      6.95  -2.91     2.82

SNOWFALL (IN)
  YESTERDAY        0.0
  MONTH TO DATE    0.0
  SINCE MAR 1      0.0
  SINCE JUL 1      0.0
  SNOW DEPTH       0

DEGREE DAYS
 HEATING
  YESTERDAY        0                         1     -1        0
  MONTH TO DATE   37                        52    -15        8
  SINCE MAR 1     94                       343   -249       89
  SINCE JUL 1    440                      1201   -761      545

 COOLING
  YESTERDAY        0                         1     -1        5
  MONTH TO DATE    9                        26    -17      137
  SINCE MAR 1    156                        45    111      212
  SINCE JAN 1    178                        50    128      221
..................................................................


WIND (MPH)
  RESULTANT WIND SPEED   6   RESULTANT WIND DIRECTION  NW (300)
  HIGHEST WIND SPEED    14   HIGHEST WIND DIRECTION     W (280)
  HIGHEST GUST SPEED    17   HIGHEST GUST DIRECTION     W (270)
  AVERAGE WIND SPEED     6.0


SKY COVER
  POSSIBLE SUNSHINE  MM
  AVERAGE SKY COVER 1.0


WEATHER CONDITIONS
 THE FOLLOWING WEATHER WAS RECORDED YESTERDAY.
  NO SIGNIFICANT WEATHER WAS OBSERVED.


RELATIVE HUMIDITY (PERCENT)
 HIGHEST    78           600 AM
 LOWEST     68           200 PM
 AVERAGE    73

..........................................................


THE SAN DIEGO/LINDBERGH FIELD CA CLIMATE NORMALS FOR TODAY
                         NORMAL    RECORD    YEAR
 MAXIMUM TEMPERATURE (F)   69        84      1915
                                             1880
 MINIMUM TEMPERATURE (F)   60        50      1917


SUNRISE AND SUNSET
MAY 27 2015...........SUNRISE   543 AM PDT   SUNSET   749 PM PDT
MAY 28 2015...........SUNRISE   543 AM PDT   SUNSET   749 PM PDT


-  INDICATES NEGATIVE NUMBERS.
R  INDICATES RECORD WAS SET OR TIED.
MM INDICATES DATA IS MISSING.
T  INDICATES TRACE AMOUNT.




$$
