219
CDUS46 KSGX 280015
CLISAN


CLIMATE REPORT
NATIONAL WEATHER SERVICE SAN DIEGO, CA
515 PM PDT SAT AUG 27 2016


...................................

...THE SAN DIEGO/LINDBERGH FIELD CA CLIMATE SUMMARY FOR AUGUST 27 2016...
VALID TODAY AS OF 0500 PM LOCAL TIME.

CLIMATE NORMAL PERIOD 1981 TO 2010
CLIMATE RECORD PERIOD 1874 TO 2016


WEATHER ITEM   OBSERVED TIME   RECORD YEAR NORMAL DEPARTURE LAST
                VALUE   (LST)  VALUE       VALUE  FROM      YEAR
                                                  NORMAL
..................................................................
TEMPERATURE (F)
 TODAY
  MAXIMUM         75    247 PM  91    1915  77     -2       89
  MINIMUM         67    639 AM  58    1881  67      0       73
  AVERAGE         71                        72     -1       81

PRECIPITATION (IN)
  TODAY            0.00          0.04 1894   0.00   0.00     0.00
  MONTH TO DATE    0.00                      0.02  -0.02     0.01
  SINCE OCT 1      7.86                     10.19  -2.33    10.67
  SINCE JAN 1      5.01                      7.08  -2.07     5.80

DEGREE DAYS
 HEATING
  TODAY            0                         0      0        0
  MONTH TO DATE    0                         0      0        0
  SINCE JUN 1      0                        19    -19        1
  SINCE JUL 1      0                         1     -1        0

 COOLING
  TODAY            6                         7     -1       16
  MONTH TO DATE  217                       177     40      271
  SINCE JUN 1    533                       393    140      631
  SINCE JAN 1    651                       442    209      814
..................................................................


WIND (MPH)
  RESULTANT WIND SPEED   6   RESULTANT WIND DIRECTION  NW (300)
  HIGHEST WIND SPEED    17   HIGHEST WIND DIRECTION     W (290)
  HIGHEST GUST SPEED    22   HIGHEST GUST DIRECTION     W (270)
  AVERAGE WIND SPEED     6.4


SKY COVER
  POSSIBLE SUNSHINE  MM
  AVERAGE SKY COVER 0.8


WEATHER CONDITIONS
 THE FOLLOWING WEATHER WAS RECORDED TODAY.
  NO SIGNIFICANT WEATHER WAS OBSERVED.


RELATIVE HUMIDITY (PERCENT)
 HIGHEST    73           500 AM
 LOWEST     54           100 PM
 AVERAGE    64

..........................................................


THE SAN DIEGO/LINDBERGH FIELD CA CLIMATE NORMALS FOR TOMORROW
                         NORMAL    RECORD    YEAR
 MAXIMUM TEMPERATURE (F)   77        91      2009
 MINIMUM TEMPERATURE (F)   67        54      1887


SUNRISE AND SUNSET
AUGUST 27 2016........SUNRISE   620 AM PDT   SUNSET   719 PM PDT
AUGUST 28 2016........SUNRISE   621 AM PDT   SUNSET   718 PM PDT


-  INDICATES NEGATIVE NUMBERS.
R  INDICATES RECORD WAS SET OR TIED.
MM INDICATES DATA IS MISSING.
T  INDICATES TRACE AMOUNT.




$$
