617
CDUS46 KSGX 090117
CLISAN


CLIMATE REPORT
NATIONAL WEATHER SERVICE SAN DIEGO, CA
516 PM PST MON FEB 8 2016


...................................

...THE SAN DIEGO/LINDBERGH FIELD CA CLIMATE SUMMARY FOR FEBRUARY 8 2016...
VALID TODAY AS OF 0500 PM LOCAL TIME.

CLIMATE NORMAL PERIOD 1981 TO 2010
CLIMATE RECORD PERIOD 1874 TO 2016


WEATHER ITEM   OBSERVED TIME   RECORD YEAR NORMAL DEPARTURE LAST
                VALUE   (LST)  VALUE       VALUE  FROM      YEAR
                                                  NORMAL
..................................................................
TEMPERATURE (F)
 TODAY
  MAXIMUM         84    226 PM  85    1954  65     19       71
  MINIMUM         53    626 AM  37    1883  50      3       59
  AVERAGE         69                        58     11       65

PRECIPITATION (IN)
  TODAY            0.00          1.71 1976   0.08  -0.08     0.00
  MONTH TO DATE    T                         0.58  -0.58     0.00
  SINCE OCT 1      6.06                      5.67   0.39     5.29
  SINCE JAN 1      3.21                      2.56   0.65     0.42

DEGREE DAYS
 HEATING
  TODAY            0                         7     -7        0
  MONTH TO DATE   46                        62    -16       21
  SINCE DEC 1    447                       572   -125      275
  SINCE JUL 1    516                       717   -201      297

 COOLING
  TODAY            4                         0      4        0
  MONTH TO DATE    4                         0      4        0
  SINCE DEC 1      4                         2      2        4
  SINCE JAN 1      4                         2      2        0
..................................................................


WIND (MPH)
  RESULTANT WIND SPEED   2   RESULTANT WIND DIRECTION  NW (320)
  HIGHEST WIND SPEED    12   HIGHEST WIND DIRECTION    NW (310)
  HIGHEST GUST SPEED    16   HIGHEST GUST DIRECTION    NW (300)
  AVERAGE WIND SPEED     2.9


SKY COVER
  POSSIBLE SUNSHINE  MM
  AVERAGE SKY COVER 0.0


WEATHER CONDITIONS
 THE FOLLOWING WEATHER WAS RECORDED TODAY.
  NO SIGNIFICANT WEATHER WAS OBSERVED.


RELATIVE HUMIDITY (PERCENT)
 HIGHEST    43           300 AM
 LOWEST     10           100 PM
 AVERAGE    27

..........................................................


THE SAN DIEGO/LINDBERGH FIELD CA CLIMATE NORMALS FOR TOMORROW
                         NORMAL    RECORD    YEAR
 MAXIMUM TEMPERATURE (F)   65        77      2008
                                             1907
 MINIMUM TEMPERATURE (F)   50        38      1929
                                             1885
                                             1883


SUNRISE AND SUNSET
FEBRUARY  8 2016......SUNRISE   638 AM PST   SUNSET   528 PM PST
FEBRUARY  9 2016......SUNRISE   638 AM PST   SUNSET   528 PM PST


-  INDICATES NEGATIVE NUMBERS.
R  INDICATES RECORD WAS SET OR TIED.
MM INDICATES DATA IS MISSING.
T  INDICATES TRACE AMOUNT.




$$
