000
CDUS46 KSGX 290018
CLISAN


CLIMATE REPORT
NATIONAL WEATHER SERVICE SAN DIEGO, CA
518 PM PDT SAT MAR 28 2015


...................................

...THE SAN DIEGO/LINDBERGH FIELD CA CLIMATE SUMMARY FOR MARCH 28 2015...
VALID TODAY AS OF 0500 PM LOCAL TIME.

CLIMATE NORMAL PERIOD 1981 TO 2010
CLIMATE RECORD PERIOD 1874 TO 2015


WEATHER ITEM   OBSERVED TIME   RECORD YEAR NORMAL DEPARTURE LAST
                VALUE   (LST)  VALUE       VALUE  FROM      YEAR
                                                  NORMAL
..................................................................
TEMPERATURE (F)
 TODAY
  MAXIMUM         74    938 AM  95    1879  66      8       68
  MINIMUM         61    658 AM  41    1920  54      7       57
  AVERAGE         68                        60      8       63

PRECIPITATION (IN)
  TODAY            0.00          0.99 1896   0.04  -0.04     0.00
  MONTH TO DATE    0.93                      1.68  -0.75     1.28
  SINCE OCT 1      6.50                      9.04  -2.54     4.48
  SINCE JAN 1      1.63                      5.93  -4.30     2.29

SNOWFALL (IN)
  TODAY            0.0
  MONTH TO DATE    0.0
  SINCE MAR 1      0.0
  SINCE JUL 1      0.0
  SNOW DEPTH       0

DEGREE DAYS
 HEATING
  TODAY            0                         5     -5        2
  MONTH TO DATE   36                       163   -127       36
  SINCE MAR 1     36                       163   -127       36
  SINCE JUL 1    382                      1021   -639      492

 COOLING
  TODAY            3                         0      3        0
  MONTH TO DATE   89                         0     89       20
  SINCE MAR 1     89                         0     89       20
  SINCE JAN 1    111                         5    106       29
..................................................................


WIND (MPH)
  RESULTANT WIND SPEED   5   RESULTANT WIND DIRECTION  NW (310)
  HIGHEST WIND SPEED    15   HIGHEST WIND DIRECTION    NW (330)
  HIGHEST GUST SPEED    18   HIGHEST GUST DIRECTION    NW (320)
  AVERAGE WIND SPEED     5.3


SKY COVER
  POSSIBLE SUNSHINE  MM
  AVERAGE SKY COVER 0.6


WEATHER CONDITIONS
 THE FOLLOWING WEATHER WAS RECORDED TODAY.
  FOG
  HAZE


RELATIVE HUMIDITY (PERCENT)
 HIGHEST    90          1200 AM
 LOWEST     53           900 AM
 AVERAGE    72

..........................................................


THE SAN DIEGO/LINDBERGH FIELD CA CLIMATE NORMALS FOR TOMORROW
                         NORMAL    RECORD    YEAR
 MAXIMUM TEMPERATURE (F)   66        99      1879
 MINIMUM TEMPERATURE (F)   54        43      1884


SUNRISE AND SUNSET
MARCH 28 2015.........SUNRISE   642 AM PDT   SUNSET   706 PM PDT
MARCH 29 2015.........SUNRISE   641 AM PDT   SUNSET   707 PM PDT


-  INDICATES NEGATIVE NUMBERS.
R  INDICATES RECORD WAS SET OR TIED.
MM INDICATES DATA IS MISSING.
T  INDICATES TRACE AMOUNT.




$$
