000
CDUS46 KSGX 281417
CLISAN


CLIMATE REPORT
NATIONAL WEATHER SERVICE SAN DIEGO, CA
717 AM PDT MON JUL 28 2014


...................................

...THE SAN DIEGO/LINDBERGH FIELD CA CLIMATE SUMMARY FOR JULY 27 2014...

CLIMATE NORMAL PERIOD 1981 TO 2010
CLIMATE RECORD PERIOD 1850 TO 2014


WEATHER ITEM   OBSERVED TIME   RECORD YEAR NORMAL DEPARTURE LAST
                VALUE   (LST)  VALUE       VALUE  FROM      YEAR
                                                  NORMAL
..................................................................
TEMPERATURE (F)
 YESTERDAY
  MAXIMUM         80    125 PM  86    2006  75      5       72
                                      1972
                                      1967
  MINIMUM         70    539 AM  58    1892  66      4       65
  AVERAGE         75                        71      4       69

PRECIPITATION (IN)
  YESTERDAY        T             0.13 1984   0.00   0.00     0.00
  MONTH TO DATE    T                         0.02  -0.02     0.05
  SINCE JUL 1      T                         0.02  -0.02     0.05
  SINCE JAN 1      2.82                      7.05  -4.23     3.38

SNOWFALL (IN)
  YESTERDAY        0.0
  MONTH TO DATE    0.0
  SINCE JAN 1      0.0
  SINCE JUL 1      0.0
  SNOW DEPTH       0

DEGREE DAYS
 HEATING
  YESTERDAY        0                         0      0        0
  MONTH TO DATE    0                         0      0        0
  SINCE JUN 1      0                        18    -18       15
  SINCE JUL 1      0                         0      0        0

 COOLING
  YESTERDAY       10                         6      4        4
  MONTH TO DATE  225                       134     91      156
  SINCE JUN 1    337                       194    143      226
  SINCE JAN 1    576                       243    333      280
..................................................................


WIND (MPH)
  RESULTANT WIND SPEED   5   RESULTANT WIND DIRECTION  NW (310)
  HIGHEST WIND SPEED    15   HIGHEST WIND DIRECTION     W (290)
  HIGHEST GUST SPEED    18   HIGHEST GUST DIRECTION    NW (310)
  AVERAGE WIND SPEED     4.9


SKY COVER
  POSSIBLE SUNSHINE  MM
  AVERAGE SKY COVER 0.8


WEATHER CONDITIONS
 THE FOLLOWING WEATHER WAS RECORDED YESTERDAY.
  NO SIGNIFICANT WEATHER WAS OBSERVED.


RELATIVE HUMIDITY (PERCENT)
 HIGHEST    84           300 AM
 LOWEST     58           100 PM
 AVERAGE    71

..........................................................


THE SAN DIEGO/LINDBERGH FIELD CA CLIMATE NORMALS FOR TODAY
                         NORMAL    RECORD    YEAR
 MAXIMUM TEMPERATURE (F)   75        92      1972
 MINIMUM TEMPERATURE (F)   66        59      1909


SUNRISE AND SUNSET
JULY 28 2014..........SUNRISE   600 AM PDT   SUNSET   750 PM PDT
JULY 29 2014..........SUNRISE   601 AM PDT   SUNSET   749 PM PDT


-  INDICATES NEGATIVE NUMBERS.
R  INDICATES RECORD WAS SET OR TIED.
MM INDICATES DATA IS MISSING.
T  INDICATES TRACE AMOUNT.




$$
