000
CDUS46 KSGX 120027
CLISAN


CLIMATE REPORT
NATIONAL WEATHER SERVICE SAN DIEGO, CA
527 PM PDT FRI JUL 11 2014


...................................

...THE SAN DIEGO/LINDBERGH FIELD CA CLIMATE SUMMARY FOR JULY 11 2014...
VALID TODAY AS OF 0500 PM LOCAL TIME.

CLIMATE NORMAL PERIOD 1981 TO 2010
CLIMATE RECORD PERIOD 1850 TO 2014


WEATHER ITEM   OBSERVED TIME   RECORD YEAR NORMAL DEPARTURE LAST
                VALUE   (LST)  VALUE       VALUE  FROM      YEAR
                                                  NORMAL
..................................................................
TEMPERATURE (F)
 TODAY
  MAXIMUM         78    115 PM  89    1959  74      4       73
  MINIMUM         71    615 AM  58    1952  65      6       67
                                      1894
                                      1885
  AVERAGE         75                        70      5       70

PRECIPITATION (IN)
  TODAY            0.00          0.04 2013   0.00   0.00     0.04
  MONTH TO DATE    0.00                      0.01  -0.01     0.04
  SINCE JUL 1      0.00                      0.01  -0.01     0.04
  SINCE JAN 1      2.82                      7.04  -4.22     3.37

SNOWFALL (IN)
  TODAY            0.0
  MONTH TO DATE    0.0
  SINCE JAN 1      0.0
  SINCE JUL 1      0.0
  SNOW DEPTH       0

DEGREE DAYS
 HEATING
  TODAY            0                         0      0        0
  MONTH TO DATE    0                         0      0        0
  SINCE JUN 1      0                        18    -18       15
  SINCE JUL 1      0                         0      0        0

 COOLING
  TODAY           10                         5      5        5
  MONTH TO DATE   96                        47     49       68
  SINCE JUN 1    208                       107    101      138
  SINCE JAN 1    447                       156    291      192
..................................................................


WIND (MPH)
  RESULTANT WIND SPEED   7   RESULTANT WIND DIRECTION  NW (310)
  HIGHEST WIND SPEED    16   HIGHEST WIND DIRECTION     W (290)
  HIGHEST GUST SPEED    20   HIGHEST GUST DIRECTION     W (290)
  AVERAGE WIND SPEED     7.9


SKY COVER
  POSSIBLE SUNSHINE  MM
  AVERAGE SKY COVER 0.7


WEATHER CONDITIONS
 THE FOLLOWING WEATHER WAS RECORDED TODAY.
  NO SIGNIFICANT WEATHER WAS OBSERVED.


RELATIVE HUMIDITY (PERCENT)
 HIGHEST    73          1200 AM
 LOWEST     54          1200 PM
 AVERAGE    64

..........................................................


THE SAN DIEGO/LINDBERGH FIELD CA CLIMATE NORMALS FOR TOMORROW
                         NORMAL    RECORD    YEAR
 MAXIMUM TEMPERATURE (F)   74        85      1983
 MINIMUM TEMPERATURE (F)   65        55      1888


SUNRISE AND SUNSET
JULY 11 2014..........SUNRISE   549 AM PDT   SUNSET   759 PM PDT
JULY 12 2014..........SUNRISE   550 AM PDT   SUNSET   759 PM PDT


-  INDICATES NEGATIVE NUMBERS.
R  INDICATES RECORD WAS SET OR TIED.
MM INDICATES DATA IS MISSING.
T  INDICATES TRACE AMOUNT.




$$
