000
CDUS46 KSGX 250017
CLISAN


CLIMATE REPORT
NATIONAL WEATHER SERVICE SAN DIEGO, CA
516 PM PDT SAT SEP 24 2016


...................................

...THE SAN DIEGO/LINDBERGH FIELD CA CLIMATE SUMMARY FOR SEPTEMBER 24 2016...
VALID TODAY AS OF 0500 PM LOCAL TIME.

CLIMATE NORMAL PERIOD 1981 TO 2010
CLIMATE RECORD PERIOD 1874 TO 2016


WEATHER ITEM   OBSERVED TIME   RECORD YEAR NORMAL DEPARTURE LAST
                VALUE   (LST)  VALUE       VALUE  FROM      YEAR
                                                  NORMAL
..................................................................
TEMPERATURE (F)
 TODAY
  MAXIMUM         86    219 PM  99    1978  75     11       84
  MINIMUM         63    607 AM  52    1881  64     -1       71
  AVERAGE         75                        70      5       78

PRECIPITATION (IN)
  TODAY            0.00          0.48 1958   0.01  -0.01     0.00
  MONTH TO DATE    0.32                      0.10   0.22     1.24
  SINCE OCT 1      8.18                     10.29  -2.11    11.91
  SINCE JAN 1      5.33                      7.18  -1.85     7.04

DEGREE DAYS
 HEATING
  TODAY            0                         0      0        0
  MONTH TO DATE    0                         0      0        0
  SINCE SEP 1      0                         0      0        0
  SINCE JUL 1      0                         1     -1        0

 COOLING
  TODAY           10                         5      5       13
  MONTH TO DATE  116                       143    -27      302
  SINCE SEP 1    116                       143    -27      302
  SINCE JAN 1    798                       611    187     1168
..................................................................


WIND (MPH)
  RESULTANT WIND SPEED   5   RESULTANT WIND DIRECTION  NW (330)
  HIGHEST WIND SPEED    17   HIGHEST WIND DIRECTION    NW (320)
  HIGHEST GUST SPEED    21   HIGHEST GUST DIRECTION    NW (310)
  AVERAGE WIND SPEED     5.0


SKY COVER
  POSSIBLE SUNSHINE  MM
  AVERAGE SKY COVER 0.0


WEATHER CONDITIONS
 THE FOLLOWING WEATHER WAS RECORDED TODAY.
  NO SIGNIFICANT WEATHER WAS OBSERVED.


RELATIVE HUMIDITY (PERCENT)
 HIGHEST    67           200 AM
 LOWEST     25           400 PM
 AVERAGE    46

..........................................................


THE SAN DIEGO/LINDBERGH FIELD CA CLIMATE NORMALS FOR TOMORROW
                         NORMAL    RECORD    YEAR
 MAXIMUM TEMPERATURE (F)   75       101      1978
 MINIMUM TEMPERATURE (F)   64        52      1920


SUNRISE AND SUNSET
SEPTEMBER 24 2016.....SUNRISE   638 AM PDT   SUNSET   642 PM PDT
SEPTEMBER 25 2016.....SUNRISE   639 AM PDT   SUNSET   640 PM PDT


-  INDICATES NEGATIVE NUMBERS.
R  INDICATES RECORD WAS SET OR TIED.
MM INDICATES DATA IS MISSING.
T  INDICATES TRACE AMOUNT.




$$
