000
CDUS46 KSGX 290016
CLISAN


CLIMATE REPORT
NATIONAL WEATHER SERVICE SAN DIEGO, CA
516 PM PDT THU JUL 28 2016


...................................

...THE SAN DIEGO/LINDBERGH FIELD CA CLIMATE SUMMARY FOR JULY 28 2016...
VALID TODAY AS OF 0500 PM LOCAL TIME.

CLIMATE NORMAL PERIOD 1981 TO 2010
CLIMATE RECORD PERIOD 1874 TO 2016


WEATHER ITEM   OBSERVED TIME   RECORD YEAR NORMAL DEPARTURE LAST
                VALUE   (LST)  VALUE       VALUE  FROM      YEAR
                                                  NORMAL
..................................................................
TEMPERATURE (F)
 TODAY
  MAXIMUM         81    159 PM  92    1972  75      6       77
  MINIMUM         68    533 AM  59    1909  66      2       67
  AVERAGE         75                        71      4       72

PRECIPITATION (IN)
  TODAY            0.00          0.10 1968   0.01  -0.01     0.00
  MONTH TO DATE    T                         0.03  -0.03     1.71
  SINCE OCT 1      7.86                     10.17  -2.31    10.66
  SINCE JAN 1      5.01                      7.06  -2.05     5.79

DEGREE DAYS
 HEATING
  TODAY            0                         0      0        0
  MONTH TO DATE    0                         0      0        0
  SINCE JUN 1      0                        18    -18        1
  SINCE JUL 1      0                         0      0        0

 COOLING
  TODAY           10                         6      4        7
  MONTH TO DATE  169                       140     29      207
  SINCE JUN 1    294                       200     94      330
  SINCE JAN 1    412                       249    163      513
..................................................................


WIND (MPH)
  RESULTANT WIND SPEED   5   RESULTANT WIND DIRECTION  NW (300)
  HIGHEST WIND SPEED    14   HIGHEST WIND DIRECTION     W (290)
  HIGHEST GUST SPEED    16   HIGHEST GUST DIRECTION     W (280)
  AVERAGE WIND SPEED     5.5


SKY COVER
  POSSIBLE SUNSHINE  MM
  AVERAGE SKY COVER 0.4


WEATHER CONDITIONS
 THE FOLLOWING WEATHER WAS RECORDED TODAY.
  NO SIGNIFICANT WEATHER WAS OBSERVED.


RELATIVE HUMIDITY (PERCENT)
 HIGHEST    93           500 AM
 LOWEST     51           200 PM
 AVERAGE    72

..........................................................


THE SAN DIEGO/LINDBERGH FIELD CA CLIMATE NORMALS FOR TOMORROW
                         NORMAL    RECORD    YEAR
 MAXIMUM TEMPERATURE (F)   75        89      1972
 MINIMUM TEMPERATURE (F)   66        57      1893


SUNRISE AND SUNSET
JULY 28 2016..........SUNRISE   600 AM PDT   SUNSET   750 PM PDT
JULY 29 2016..........SUNRISE   601 AM PDT   SUNSET   749 PM PDT


-  INDICATES NEGATIVE NUMBERS.
R  INDICATES RECORD WAS SET OR TIED.
MM INDICATES DATA IS MISSING.
T  INDICATES TRACE AMOUNT.




$$
