000
CDUS46 KSGX 300021
CLISAN


CLIMATE REPORT
NATIONAL WEATHER SERVICE SAN DIEGO, CA
521 PM PDT MON MAY 29 2017


...................................

...THE SAN DIEGO INTL AIRPORT CA CLIMATE SUMMARY FOR MAY 29 2017...
VALID TODAY AS OF 0500 PM LOCAL TIME.

CLIMATE NORMAL PERIOD 1981 TO 2010
CLIMATE RECORD PERIOD 1874 TO 2017


WEATHER ITEM   OBSERVED TIME   RECORD YEAR NORMAL DEPARTURE LAST
                VALUE   (LST)  VALUE       VALUE  FROM      YEAR
                                                  NORMAL
..................................................................
TEMPERATURE (F)
 TODAY
  MAXIMUM         67    210 PM  88    1978  69     -2       68
  MINIMUM         61    533 AM  52    1895  61      0       60
  AVERAGE         64                        65     -1       64

PRECIPITATION (IN)
  TODAY            0.00          0.20 1877   0.00   0.00     0.00
  MONTH TO DATE    0.92                      0.11   0.81     0.43
  SINCE OCT 1     12.63                     10.06   2.57     7.85
  SINCE JAN 1      7.73                      6.95   0.78     5.00

DEGREE DAYS
 HEATING
  TODAY            1                         1      0        1
  MONTH TO DATE   36                        55    -19       12
  SINCE MAR 1    131                       346   -215      108
  SINCE JUL 1    723                      1204   -481      648

 COOLING
  TODAY            0                         1     -1        0
  MONTH TO DATE   46                        29     17       17
  SINCE MAR 1     92                        48     44       71
  SINCE JAN 1     92                        53     39      116
..................................................................


WIND (MPH)
  RESULTANT WIND SPEED   4   RESULTANT WIND DIRECTION   W (290)
  HIGHEST WIND SPEED    12   HIGHEST WIND DIRECTION    SW (210)
  HIGHEST GUST SPEED    14   HIGHEST GUST DIRECTION    SW (210)
  AVERAGE WIND SPEED     5.1


SKY COVER
  POSSIBLE SUNSHINE  MM
  AVERAGE SKY COVER 1.0


WEATHER CONDITIONS
 THE FOLLOWING WEATHER WAS RECORDED TODAY.
  NO SIGNIFICANT WEATHER WAS OBSERVED.


RELATIVE HUMIDITY (PERCENT)
 HIGHEST    90           300 AM
 LOWEST     73           100 PM
 AVERAGE    82

..........................................................


THE SAN DIEGO INTL AIRPORT CA CLIMATE NORMALS FOR TOMORROW
                         NORMAL    RECORD    YEAR
 MAXIMUM TEMPERATURE (F)   69        88      1879
 MINIMUM TEMPERATURE (F)   61        50      1878


SUNRISE AND SUNSET
MAY 29 2017...........SUNRISE   542 AM PDT   SUNSET   750 PM PDT
MAY 30 2017...........SUNRISE   542 AM PDT   SUNSET   751 PM PDT


-  INDICATES NEGATIVE NUMBERS.
R  INDICATES RECORD WAS SET OR TIED.
MM INDICATES DATA IS MISSING.
T  INDICATES TRACE AMOUNT.




$$
