000
CDUS46 KSGX 170118
CLISAN


CLIMATE REPORT
NATIONAL WEATHER SERVICE SAN DIEGO, CA
518 PM PST MON JAN 16 2017


...................................

...THE SAN DIEGO INTL AIRPORT CA CLIMATE SUMMARY FOR JANUARY 16 2017...
VALID TODAY AS OF 0500 PM LOCAL TIME.

CLIMATE NORMAL PERIOD 1981 TO 2010
CLIMATE RECORD PERIOD 1874 TO 2017


WEATHER ITEM   OBSERVED TIME   RECORD YEAR NORMAL DEPARTURE LAST
                VALUE   (LST)  VALUE       VALUE  FROM      YEAR
                                                  NORMAL
..................................................................
TEMPERATURE (F)
 TODAY
  MAXIMUM         64    155 PM  86    1976  65     -1       66
  MINIMUM         53    731 AM  34    1947  49      4       52
  AVERAGE         59                        57      2       59

PRECIPITATION (IN)
  TODAY            0.00          1.12 1993   0.06  -0.06     0.00
  MONTH TO DATE    1.06                      1.04   0.02     3.02
  SINCE OCT 1      5.96                      4.15   1.81     5.87
  SINCE JAN 1      1.06                      1.04   0.02     3.02

DEGREE DAYS
 HEATING
  TODAY            6                         8     -2        6
  MONTH TO DATE   98                       131    -33      128
  SINCE DEC 1    283                       393   -110      336
  SINCE JUL 1    333                       538   -205      405

 COOLING
  TODAY            0                         0      0        0
  MONTH TO DATE    0                         0      0        0
  SINCE DEC 1      4                         0      4        0
  SINCE JAN 1      0                         0      0        0
..................................................................


WIND (MPH)
  RESULTANT WIND SPEED   3   RESULTANT WIND DIRECTION  NW (310)
  HIGHEST WIND SPEED    14   HIGHEST WIND DIRECTION    NW (310)
  HIGHEST GUST SPEED    18   HIGHEST GUST DIRECTION    NW (310)
  AVERAGE WIND SPEED     3.8


SKY COVER
  POSSIBLE SUNSHINE  MM
  AVERAGE SKY COVER 0.7


WEATHER CONDITIONS
 THE FOLLOWING WEATHER WAS RECORDED TODAY.
  NO SIGNIFICANT WEATHER WAS OBSERVED.


RELATIVE HUMIDITY (PERCENT)
 HIGHEST    89           300 AM
 LOWEST     60           100 PM
 AVERAGE    75

..........................................................


THE SAN DIEGO INTL AIRPORT CA CLIMATE NORMALS FOR TOMORROW
                         NORMAL    RECORD    YEAR
 MAXIMUM TEMPERATURE (F)   65        86      1977
 MINIMUM TEMPERATURE (F)   49        34      1888


SUNRISE AND SUNSET
JANUARY 16 2017.......SUNRISE   651 AM PST   SUNSET   507 PM PST
JANUARY 17 2017.......SUNRISE   650 AM PST   SUNSET   508 PM PST


-  INDICATES NEGATIVE NUMBERS.
R  INDICATES RECORD WAS SET OR TIED.
MM INDICATES DATA IS MISSING.
T  INDICATES TRACE AMOUNT.




$$
