000
CDUS44 KEWX 160744
CLISAT


CLIMATE REPORT
NATIONAL WEATHER SERVICE AUSTIN/SAN ANTONIO, TX
241 AM CDT WED APR 16 2014


...................................

...THE SAN ANTONIO CLIMATE SUMMARY FOR APRIL 15 2014...

CLIMATE NORMAL PERIOD 1981 TO 2010
CLIMATE RECORD PERIOD 1886 TO 2014


WEATHER ITEM   OBSERVED TIME   RECORD YEAR NORMAL DEPARTURE LAST
                VALUE   (LST)  VALUE       VALUE  FROM      YEAR
                                                  NORMAL
..................................................................
TEMPERATURE (F)
 YESTERDAY
  MAXIMUM         67    409 PM  95    2006  80    -13       90
  MINIMUM         39    617 AM  38    1983  58    -19       68
                                      1980
  AVERAGE         53                        69    -16       79

PRECIPITATION (IN)
  YESTERDAY        0.00          2.53 1973   0.07  -0.07      T
  MONTH TO DATE    0.51                      0.91  -0.40     1.62
  SINCE MAR 1      1.57                      3.22  -1.65     2.57
  SINCE JAN 1      2.22                      6.77  -4.55     5.50

SNOWFALL (IN)
  YESTERDAY        0.0
  MONTH TO DATE    0.0
  SINCE MAR 1      0.0
  SINCE JUL 1      0.4
  SNOW DEPTH       0

DEGREE DAYS
 HEATING
  YESTERDAY       12                         1     11        0
  MONTH TO DATE   31                        30      1       33
  SINCE MAR 1    219                       184     35      173
  SINCE JUL 1   1553                      1485     68     1167

 COOLING
  YESTERDAY        0                         5     -5       14
  MONTH TO DATE   90                        66     24       68
  SINCE MAR 1    151                       131     20      145
  SINCE JAN 1    216                       157     59      185
..................................................................


WIND (MPH)
  HIGHEST WIND SPEED    17   HIGHEST WIND DIRECTION    NE (30)
  HIGHEST GUST SPEED    24   HIGHEST GUST DIRECTION    NE (40)
  AVERAGE WIND SPEED     6.3


SKY COVER
  AVERAGE SKY COVER 0.0


WEATHER CONDITIONS
 THE FOLLOWING WEATHER WAS RECORDED YESTERDAY.
  NO SIGNIFICANT WEATHER WAS OBSERVED.


RELATIVE HUMIDITY (PERCENT)
 HIGHEST    57           400 AM
 LOWEST     14           400 PM
 AVERAGE    36

..........................................................


THE SAN ANTONIO CLIMATE NORMALS FOR TODAY
                         NORMAL    RECORD    YEAR
 MAXIMUM TEMPERATURE (F)   81        95      1920
 MINIMUM TEMPERATURE (F)   58        35      1961


SUNRISE AND SUNSET
APRIL 16 2014.........SUNRISE   706 AM CDT   SUNSET   801 PM CDT
APRIL 17 2014.........SUNRISE   705 AM CDT   SUNSET   802 PM CDT


-  INDICATES NEGATIVE NUMBERS.
R  INDICATES RECORD WAS SET OR TIED.
MM INDICATES DATA IS MISSING.
T  INDICATES TRACE AMOUNT.




$$
