000
CDUS44 KEWX 302225
CLISAT


CLIMATE REPORT
NATIONAL WEATHER SERVICE AUSTIN/SAN ANTONIO, TX
524 PM CDT FRI SEP 30 2016


...................................

...THE SAN ANTONIO CLIMATE SUMMARY FOR SEPTEMBER 30 2016...
VALID TODAY AS OF 520 PM LOCAL TIME.

CLIMATE NORMAL PERIOD 1981 TO 2010
CLIMATE RECORD PERIOD 1886 TO 2016


WEATHER ITEM   OBSERVED TIME   RECORD YEAR NORMAL DEPARTURE LAST
                VALUE   (LST)  VALUE       VALUE  FROM      YEAR
                                                  NORMAL
..................................................................
TEMPERATURE (F)
 TODAY
  MAXIMUM         82    359 PM  95    2015  86     -4       95
                                      2008
                                      1977
  MINIMUM         59    651 AM  46    1890  65     -6       70
  AVERAGE         71                        76     -5       83

PRECIPITATION (IN)
  TODAY            0.00          0.99 1902   0.10  -0.10     0.00
  MONTH TO DATE    6.30                      3.03   3.27     2.32
  SINCE SEP 1      6.30                      3.03   3.27     2.32
  SINCE JAN 1     35.75                     23.97  11.78    32.38

SNOWFALL (IN)
  TODAY            0.0
  MONTH TO DATE    0.0
  SINCE SEP 1      0.0
  SINCE JUL 1      0.0
  SNOW DEPTH       0

DEGREE DAYS
 HEATING
  TODAY            0                         0      0        0
  MONTH TO DATE    0                         0      0        0
  SINCE SEP 1      0                         2     -2        0
  SINCE JUL 1      0                         2     -2        0

 COOLING
  TODAY            6                        11     -5       18
  MONTH TO DATE  513                       443     70      559
  SINCE SEP 1    513                       443     70      559
  SINCE JAN 1   2939                      2834    105     3057
..................................................................


WIND (MPH)
  HIGHEST WIND SPEED     9   HIGHEST WIND DIRECTION    NW (320)
  HIGHEST GUST SPEED    13   HIGHEST GUST DIRECTION     E (100)
  AVERAGE WIND SPEED     4.3


SKY COVER
  AVERAGE SKY COVER 0.2


WEATHER CONDITIONS
 THE FOLLOWING WEATHER WAS RECORDED TODAY.
  NO SIGNIFICANT WEATHER WAS OBSERVED.


RELATIVE HUMIDITY (PERCENT)
 HIGHEST    75           700 AM
 LOWEST     33           300 PM
 AVERAGE    54

..........................................................


THE SAN ANTONIO CLIMATE NORMALS FOR TOMORROW
                         NORMAL    RECORD    YEAR
 MAXIMUM TEMPERATURE (F)   86        97      1989
                                             1893
 MINIMUM TEMPERATURE (F)   64        47      1984
                                             1974


SUNRISE AND SUNSET
SEPTEMBER 30 2016.....SUNRISE   727 AM CDT   SUNSET   720 PM CDT
OCTOBER  1 2016.......SUNRISE   727 AM CDT   SUNSET   719 PM CDT


-  INDICATES NEGATIVE NUMBERS.
R  INDICATES RECORD WAS SET OR TIED.
MM INDICATES DATA IS MISSING.
T  INDICATES TRACE AMOUNT.




$$
