000
CDUS44 KEWX 310658
CLISAT


CLIMATE REPORT
NATIONAL WEATHER SERVICE AUSTIN/SAN ANTONIO, TX
154 AM CDT FRI OCT 31 2014


...................................

...THE SAN ANTONIO CLIMATE SUMMARY FOR OCTOBER 30 2014...

CLIMATE NORMAL PERIOD 1981 TO 2010
CLIMATE RECORD PERIOD 1886 TO 2014


WEATHER ITEM   OBSERVED TIME   RECORD YEAR NORMAL DEPARTURE LAST
                VALUE   (LST)  VALUE       VALUE  FROM      YEAR
                                                  NORMAL
..................................................................
TEMPERATURE (F)
 YESTERDAY
  MAXIMUM         86    350 PM  90    1947  78      8       85
                                      1890
  MINIMUM         66    633 AM  32    1917  56     10       76
  AVERAGE         76                        67      9       81

PRECIPITATION (IN)
  YESTERDAY        0.00          2.47 1911   0.12  -0.12     0.72
  MONTH TO DATE    0.64                      4.00  -3.36     2.69
  SINCE SEP 1      2.41                      7.03  -4.62     6.39
  SINCE JAN 1     18.48                     27.97  -9.49    29.83

SNOWFALL (IN)
  YESTERDAY        0.0
  MONTH TO DATE    0.0
  SINCE SEP 1      0.0
  SINCE JUL 1      0.0
  SNOW DEPTH       0

DEGREE DAYS
 HEATING
  YESTERDAY        0                         2     -2        0
  MONTH TO DATE    0                        26    -26       11
  SINCE SEP 1      0                        28    -28       11
  SINCE JUL 1      0                        28    -28       11

 COOLING
  YESTERDAY       11                         4      7       16
  MONTH TO DATE  352                       215    137      276
  SINCE SEP 1    868                       658    210      834
  SINCE JAN 1   3468                      3049    419     3427
..................................................................


WIND (MPH)
  HIGHEST WIND SPEED     9   HIGHEST WIND DIRECTION     E (100)
  HIGHEST GUST SPEED    12   HIGHEST GUST DIRECTION     S (190)
  AVERAGE WIND SPEED     4.6


SKY COVER
  AVERAGE SKY COVER 0.4


WEATHER CONDITIONS
 THE FOLLOWING WEATHER WAS RECORDED YESTERDAY.
  FOG
  HAZE


RELATIVE HUMIDITY (PERCENT)
 HIGHEST    87           200 AM
 LOWEST     44           300 PM
 AVERAGE    66

..........................................................


THE SAN ANTONIO CLIMATE NORMALS FOR TODAY
                         NORMAL    RECORD    YEAR
 MAXIMUM TEMPERATURE (F)   78        89      1997
                                             1992
                                             1885
 MINIMUM TEMPERATURE (F)   56        27      1993


SUNRISE AND SUNSET
OCTOBER 31 2014.......SUNRISE   746 AM CDT   SUNSET   648 PM CDT
NOVEMBER  1 2014......SUNRISE   747 AM CDT   SUNSET   647 PM CDT


-  INDICATES NEGATIVE NUMBERS.
R  INDICATES RECORD WAS SET OR TIED.
MM INDICATES DATA IS MISSING.
T  INDICATES TRACE AMOUNT.




$$
