000
CDUS44 KEWX 302234
CLISAT


CLIMATE REPORT
NATIONAL WEATHER SERVICE AUSTIN/SAN ANTONIO, TX
534 PM CDT SAT APR 30 2016


...................................

...THE SAN ANTONIO CLIMATE SUMMARY FOR APRIL 30 2016...
VALID TODAY AS OF 0534 PM LOCAL TIME.

CLIMATE NORMAL PERIOD 1981 TO 2010
CLIMATE RECORD PERIOD 1886 TO 2016


WEATHER ITEM   OBSERVED TIME   RECORD YEAR NORMAL DEPARTURE LAST
                VALUE   (LST)  VALUE       VALUE  FROM      YEAR
                                                  NORMAL
..................................................................
TEMPERATURE (F)
 TODAY
  MAXIMUM         85    334 PM  96    1953  84      1       82
                                      1940
  MINIMUM         59    613 AM  40    1996  62     -3       50
                                      1908
  AVERAGE         72                        73     -1       66

PRECIPITATION (IN)
  TODAY            0.12          1.78 1946   0.09   0.03     0.00
  MONTH TO DATE    6.19                      2.10   4.09     7.54
  SINCE MAR 1      9.75                      4.41   5.34    10.51
  SINCE JAN 1     12.68                      7.96   4.72    14.71

SNOWFALL (IN)
  TODAY            0.0
  MONTH TO DATE    0.0
  SINCE MAR 1      0.0
  SINCE JUL 1      0.0
  SNOW DEPTH       0

DEGREE DAYS
 HEATING
  TODAY            0                         0      0        0
  MONTH TO DATE   18                        38    -20        7
  SINCE MAR 1     88                       193   -105      179
  SINCE JUL 1   1037                      1494   -457     1494

 COOLING
  TODAY            7                         8     -1        1
  MONTH TO DATE  167                       168     -1      215
  SINCE MAR 1    272                       233     39      271
  SINCE JAN 1    301                       259     42      284
..................................................................


WIND (MPH)
  HIGHEST WIND SPEED    31   HIGHEST WIND DIRECTION    NW (330)
  HIGHEST GUST SPEED    43   HIGHEST GUST DIRECTION    NW (330)
  AVERAGE WIND SPEED     6.8


SKY COVER
  AVERAGE SKY COVER 0.6


WEATHER CONDITIONS
 THE FOLLOWING WEATHER WAS RECORDED TODAY.
  THUNDERSTORM
  HEAVY RAIN
  RAIN
  LIGHT RAIN
  FOG
  HAZE


RELATIVE HUMIDITY (PERCENT)
 HIGHEST    97           100 AM
 LOWEST     44           200 PM
 AVERAGE    71

..........................................................


THE SAN ANTONIO CLIMATE NORMALS FOR TOMORROW
                         NORMAL    RECORD    YEAR
 MAXIMUM TEMPERATURE (F)   84        99      1929
 MINIMUM TEMPERATURE (F)   63        44      1903


SUNRISE AND SUNSET
APRIL 30 2016.........SUNRISE   652 AM CDT   SUNSET   810 PM CDT
MAY  1 2016...........SUNRISE   651 AM CDT   SUNSET   811 PM CDT


-  INDICATES NEGATIVE NUMBERS.
R  INDICATES RECORD WAS SET OR TIED.
MM INDICATES DATA IS MISSING.
T  INDICATES TRACE AMOUNT.




$$
