000
CDUS44 KEWX 190734
CLISAT


CLIMATE REPORT
NATIONAL WEATHER SERVICE AUSTIN/SAN ANTONIO, TX
228 AM CDT FRI SEP 19 2014


...................................

...THE SAN ANTONIO CLIMATE SUMMARY FOR SEPTEMBER 18 2014...

CLIMATE NORMAL PERIOD 1981 TO 2010
CLIMATE RECORD PERIOD 1886 TO 2014


WEATHER ITEM   OBSERVED TIME   RECORD YEAR NORMAL DEPARTURE LAST
                VALUE   (LST)  VALUE       VALUE  FROM      YEAR
                                                  NORMAL
..................................................................
TEMPERATURE (F)
 YESTERDAY
  MAXIMUM         96    322 PM  97    1997  90      6       95
                                      1995
  MINIMUM         75   1155 PM  50    1903  68      7       74
  AVERAGE         86                        79      7       85

PRECIPITATION (IN)
  YESTERDAY        0.06          2.43 1983   0.10  -0.04     0.26
  MONTH TO DATE    0.97                      1.89  -0.92     0.95
  SINCE SEP 1      0.97                      1.89  -0.92     0.95
  SINCE JAN 1     17.04                     22.83  -5.79    24.39

SNOWFALL (IN)
  YESTERDAY        0.0
  MONTH TO DATE    0.0
  SINCE SEP 1      0.0
  SINCE JUL 1      0.0
  SNOW DEPTH       0

DEGREE DAYS
 HEATING
  YESTERDAY        0                         0      0        0
  MONTH TO DATE    0                         0      0        0
  SINCE SEP 1      0                         0      0        0
  SINCE JUL 1      0                         0      0        0

 COOLING
  YESTERDAY       21                        14      7       20
  MONTH TO DATE  343                       296     47      381
  SINCE SEP 1    343                       296     47      381
  SINCE JAN 1   2943                      2687    256     2974
..................................................................


WIND (MPH)
  HIGHEST WIND SPEED    25   HIGHEST WIND DIRECTION    NE (40)
  HIGHEST GUST SPEED    34   HIGHEST GUST DIRECTION    NE (50)
  AVERAGE WIND SPEED     8.7


SKY COVER
  AVERAGE SKY COVER 0.9


WEATHER CONDITIONS
 THE FOLLOWING WEATHER WAS RECORDED YESTERDAY.
  RAIN
  LIGHT RAIN
  FOG


RELATIVE HUMIDITY (PERCENT)
 HIGHEST    91           400 AM
 LOWEST     41           400 PM
 AVERAGE    66

..........................................................


THE SAN ANTONIO CLIMATE NORMALS FOR TODAY
                         NORMAL    RECORD    YEAR
 MAXIMUM TEMPERATURE (F)   89        98      1995
                                             1945
 MINIMUM TEMPERATURE (F)   68        46      1981


SUNRISE AND SUNSET
SEPTEMBER 19 2014.....SUNRISE   721 AM CDT   SUNSET   734 PM CDT
SEPTEMBER 20 2014.....SUNRISE   721 AM CDT   SUNSET   733 PM CDT


-  INDICATES NEGATIVE NUMBERS.
R  INDICATES RECORD WAS SET OR TIED.
MM INDICATES DATA IS MISSING.
T  INDICATES TRACE AMOUNT.




$$
