000
CDUS44 KEWX 270718
CLISAT


CLIMATE REPORT
NATIONAL WEATHER SERVICE AUSTIN/SAN ANTONIO, TX
117 AM CST FRI FEB 27 2015


...................................

...THE SAN ANTONIO CLIMATE SUMMARY FOR FEBRUARY 26 2015...

CLIMATE NORMAL PERIOD 1981 TO 2010
CLIMATE RECORD PERIOD 1886 TO 2015


WEATHER ITEM   OBSERVED TIME   RECORD YEAR NORMAL DEPARTURE LAST
                VALUE   (LST)  VALUE       VALUE  FROM      YEAR
                                                  NORMAL
..................................................................
TEMPERATURE (F)
 YESTERDAY
  MAXIMUM         62    153 PM  91    1954  69     -7       57
                                      1917
  MINIMUM         36    638 AM  22    1974  47    -11       37
  AVERAGE         49                        58     -9       47

PRECIPITATION (IN)
  YESTERDAY        0.00          2.27 1903   0.06  -0.06     0.13
  MONTH TO DATE    0.39                      1.64  -1.25     0.42
  SINCE DEC 1      5.30                      5.31  -0.01     1.20
  SINCE JAN 1      4.06                      3.40   0.66     0.65

SNOWFALL (IN)
  YESTERDAY        0.0
  MONTH TO DATE    T
  SINCE DEC 1      T
  SINCE JUL 1      T
  SNOW DEPTH       0

DEGREE DAYS
 HEATING
  YESTERDAY       16                         8      8       18
  MONTH TO DATE  280                       267     13      244
  SINCE DEC 1   1011                      1074    -63     1084
  SINCE JUL 1   1258                      1285    -27     1312

 COOLING
  YESTERDAY        0                         1     -1        0
  MONTH TO DATE   13                        22     -9       62
  SINCE DEC 1     20                        43    -23       83
  SINCE JAN 1     13                        29    -16       65
..................................................................


WIND (MPH)
  HIGHEST WIND SPEED    23   HIGHEST WIND DIRECTION     N (20)
  HIGHEST GUST SPEED    29   HIGHEST GUST DIRECTION    NE (50)
  AVERAGE WIND SPEED    10.3


SKY COVER
  AVERAGE SKY COVER 0.3


WEATHER CONDITIONS
 THE FOLLOWING WEATHER WAS RECORDED YESTERDAY.
  NO SIGNIFICANT WEATHER WAS OBSERVED.


RELATIVE HUMIDITY (PERCENT)
 HIGHEST    82           600 AM
 LOWEST     42           200 PM
 AVERAGE    62

..........................................................


THE SAN ANTONIO CLIMATE NORMALS FOR TODAY
                         NORMAL    RECORD    YEAR
 MAXIMUM TEMPERATURE (F)   69        90      2009
                                             1918
 MINIMUM TEMPERATURE (F)   47        17      2002


SUNRISE AND SUNSET
FEBRUARY 27 2015......SUNRISE   702 AM CST   SUNSET   632 PM CST
FEBRUARY 28 2015......SUNRISE   701 AM CST   SUNSET   632 PM CST


-  INDICATES NEGATIVE NUMBERS.
R  INDICATES RECORD WAS SET OR TIED.
MM INDICATES DATA IS MISSING.
T  INDICATES TRACE AMOUNT.




$$
