000
CDUS42 KCHS 030530
CLISAV


CLIMATE REPORT
NATIONAL WEATHER SERVICE CHARLESTON SC
130 AM EDT WED SEP 3 2014


...................................

...THE SAVANNAH GA CLIMATE SUMMARY FOR SEPTEMBER 2 2014...

CLIMATE NORMAL PERIOD 1981 TO 2010
CLIMATE RECORD PERIOD 1871 TO 2014


WEATHER ITEM   OBSERVED TIME   RECORD YEAR NORMAL DEPARTURE LAST
                VALUE   (LST)  VALUE       VALUE  FROM      YEAR
                                                  NORMAL
..................................................................
TEMPERATURE (F)
 YESTERDAY
  MAXIMUM         96   1211 PM 100    1912  89      7       92
  MINIMUM         74    341 PM  58    1999  71      3       73
  AVERAGE         85                        80      5       83

PRECIPITATION (IN)
  YESTERDAY        0.46          4.29 1890   0.18   0.28     0.29
  MONTH TO DATE    0.46                      0.36   0.10     0.29
  SINCE SEP 1      0.46                      0.36   0.10     0.29
  SINCE JAN 1     35.52                     34.73   0.79    47.46

DEGREE DAYS
 HEATING
  YESTERDAY        0                         0      0        0
  MONTH TO DATE    0                         0      0        0
  SINCE SEP 1      0                         0      0        0
  SINCE JUL 1      0                         0      0        0

 COOLING
  YESTERDAY       20                        15      5       18
  MONTH TO DATE   39                        30      9       36
  SINCE SEP 1     39                        30      9       36
  SINCE JAN 1   2152                      1937    215     1885
..................................................................


WIND (MPH)
  HIGHEST WIND SPEED    21   HIGHEST WIND DIRECTION    SE (130)
  HIGHEST GUST SPEED    24   HIGHEST GUST DIRECTION     N (340)
  AVERAGE WIND SPEED     3.9


SKY COVER
  POSSIBLE SUNSHINE  MM
  AVERAGE SKY COVER 0.5


WEATHER CONDITIONS
 THE FOLLOWING WEATHER WAS RECORDED YESTERDAY.
  THUNDERSTORM
  HEAVY RAIN
  RAIN
  LIGHT RAIN
  FOG


RELATIVE HUMIDITY (PERCENT)
 HIGHEST    94           600 PM
 LOWEST     52          1200 PM
 AVERAGE    73

..........................................................


THE SAVANNAH GA CLIMATE NORMALS FOR TODAY
                         NORMAL    RECORD    YEAR
 MAXIMUM TEMPERATURE (F)   89       100      1944
 MINIMUM TEMPERATURE (F)   71        59      1954


SUNRISE AND SUNSET
SEPTEMBER  3 2014.....SUNRISE   701 AM EDT   SUNSET   746 PM EDT
SEPTEMBER  4 2014.....SUNRISE   702 AM EDT   SUNSET   745 PM EDT


-  INDICATES NEGATIVE NUMBERS.
R  INDICATES RECORD WAS SET OR TIED.
MM INDICATES DATA IS MISSING.
T  INDICATES TRACE AMOUNT.




$$
