000
CDUS42 KCHS 302106
CLISAV


CLIMATE REPORT
NATIONAL WEATHER SERVICE CHARLESTON SC
506 PM EDT FRI SEP 30 2016


...................................

...THE SAVANNAH GA CLIMATE SUMMARY FOR SEPTEMBER 30 2016...
VALID TODAY AS OF 0500 PM LOCAL TIME.

CLIMATE NORMAL PERIOD 1981 TO 2010
CLIMATE RECORD PERIOD 1871 TO 2016


WEATHER ITEM   OBSERVED TIME   RECORD YEAR NORMAL DEPARTURE LAST
                VALUE   (LST)  VALUE       VALUE  FROM      YEAR
                                                  NORMAL
..................................................................
TEMPERATURE (F)
 TODAY
  MAXIMUM         86    359 PM  95    1904  83      3       87
  MINIMUM         62    642 AM  43    1967  63     -1       73
  AVERAGE         74                        73      1       80

PRECIPITATION (IN)
  TODAY            0.00          1.63 1920   0.15  -0.15     0.68
  MONTH TO DATE    4.99                      4.58   0.41     2.89
  SINCE SEP 1      4.99                      4.58   0.41     2.89
  SINCE JAN 1     39.36                     38.95   0.41    39.05

DEGREE DAYS
 HEATING
  TODAY            0                         0      0        0
  MONTH TO DATE    0                         0      0        0
  SINCE SEP 1      0                         2     -2        0
  SINCE JUL 1      0                         2     -2        0

 COOLING
  TODAY            9                         8      1       15
  MONTH TO DATE  443                       359     84      376
  SINCE SEP 1    443                       359     84      376
  SINCE JAN 1   2753                      2266    487     2530
..................................................................


WIND (MPH)
  HIGHEST WIND SPEED    15   HIGHEST WIND DIRECTION    SW (240)
  HIGHEST GUST SPEED    19   HIGHEST GUST DIRECTION    SW (230)
  AVERAGE WIND SPEED     5.1


SKY COVER
  POSSIBLE SUNSHINE  MM
  AVERAGE SKY COVER 0.3


WEATHER CONDITIONS
 THE FOLLOWING WEATHER WAS RECORDED TODAY.
  FOG


RELATIVE HUMIDITY (PERCENT)
 HIGHEST    93           100 AM
 LOWEST     34           100 PM
 AVERAGE    64

..........................................................


THE SAVANNAH GA CLIMATE NORMALS FOR TOMORROW
                         NORMAL    RECORD    YEAR
 MAXIMUM TEMPERATURE (F)   82        94      1986
 MINIMUM TEMPERATURE (F)   63        44      1967


SUNRISE AND SUNSET
SEPTEMBER 30 2016.....SUNRISE   718 AM EDT   SUNSET   710 PM EDT
OCTOBER  1 2016.......SUNRISE   719 AM EDT   SUNSET   709 PM EDT


-  INDICATES NEGATIVE NUMBERS.
R  INDICATES RECORD WAS SET OR TIED.
MM INDICATES DATA IS MISSING.
T  INDICATES TRACE AMOUNT.




$$
