000
CDUS42 KCHS 290602
CLISAV


CLIMATE REPORT
NATIONAL WEATHER SERVICE CHARLESTON SC
201 AM EDT WED JUL 29 2015


...................................

...THE SAVANNAH GA CLIMATE SUMMARY FOR JULY 28 2015...

CLIMATE NORMAL PERIOD 1981 TO 2010
CLIMATE RECORD PERIOD 1871 TO 2015


WEATHER ITEM   OBSERVED TIME   RECORD YEAR NORMAL DEPARTURE LAST
                VALUE   (LST)  VALUE       VALUE  FROM      YEAR
                                                  NORMAL
..................................................................
TEMPERATURE (F)
 YESTERDAY
  MAXIMUM         92    318 PM 102    1949  92      0       98
  MINIMUM         76    653 AM  64    1920  73      3       78
  AVERAGE         84                        83      1       88

PRECIPITATION (IN)
  YESTERDAY        0.00          5.32 1926   0.20  -0.20     0.00
  MONTH TO DATE    5.29                      4.97   0.32     1.90
  SINCE JUN 1     10.92                     10.92   0.00    13.54
  SINCE JAN 1     28.25                     27.18   1.07    29.33

DEGREE DAYS
 HEATING
  YESTERDAY        0                         0      0        0
  MONTH TO DATE    0                         0      0        0
  SINCE JUN 1      0                         0      0        0
  SINCE JUL 1      0                         0      0        0

 COOLING
  YESTERDAY       19                        18      1       23
  MONTH TO DATE  528                       496     32      512
  SINCE JUN 1   1034                       942     92     1003
  SINCE JAN 1   1569                      1345    224     1492
..................................................................


WIND (MPH)
  HIGHEST WIND SPEED    15   HIGHEST WIND DIRECTION     E (110)
  HIGHEST GUST SPEED    18   HIGHEST GUST DIRECTION     E (110)
  AVERAGE WIND SPEED     5.4


SKY COVER
  POSSIBLE SUNSHINE  MM
  AVERAGE SKY COVER 0.6


WEATHER CONDITIONS
 THE FOLLOWING WEATHER WAS RECORDED YESTERDAY.
  FOG
  FOG W/VISIBILITY <= 1/4 MILE


RELATIVE HUMIDITY (PERCENT)
 HIGHEST   100           500 AM
 LOWEST     52           100 PM
 AVERAGE    76

..........................................................


THE SAVANNAH GA CLIMATE NORMALS FOR TODAY
                         NORMAL    RECORD    YEAR
 MAXIMUM TEMPERATURE (F)   92       103      1993
 MINIMUM TEMPERATURE (F)   73        64      1920


SUNRISE AND SUNSET
JULY 29 2015..........SUNRISE   638 AM EDT   SUNSET   824 PM EDT
JULY 30 2015..........SUNRISE   638 AM EDT   SUNSET   824 PM EDT


-  INDICATES NEGATIVE NUMBERS.
R  INDICATES RECORD WAS SET OR TIED.
MM INDICATES DATA IS MISSING.
T  INDICATES TRACE AMOUNT.

$$
