000
CDUS42 KCHS 310528
CLISAV


CLIMATE REPORT
NATIONAL WEATHER SERVICE CHARLESTON SC
128 AM EDT THU JUL 31 2014


...................................

...THE SAVANNAH GA CLIMATE SUMMARY FOR JULY 30 2014...

CLIMATE NORMAL PERIOD 1981 TO 2010
CLIMATE RECORD PERIOD 1871 TO 2014


WEATHER ITEM   OBSERVED TIME   RECORD YEAR NORMAL DEPARTURE LAST
                VALUE   (LST)  VALUE       VALUE  FROM      YEAR
                                                  NORMAL
..................................................................
TEMPERATURE (F)
 YESTERDAY
  MAXIMUM         89   1129 AM 101    1896  92     -3       94
  MINIMUM         71    612 AM  66    1954  73     -2       74
  AVERAGE         80                        83     -3       84

PRECIPITATION (IN)
  YESTERDAY        1.12          3.14 1991   0.21   0.91     0.04
  MONTH TO DATE    3.02                      5.39  -2.37     9.36
  SINCE JUN 1     14.66                     11.34   3.32    17.64
  SINCE JAN 1     30.45                     27.60   2.85    37.18

DEGREE DAYS
 HEATING
  YESTERDAY        0                         0      0        0
  MONTH TO DATE    0                         0      0        0
  SINCE JUN 1      0                         0      0        0
  SINCE JUL 1      0                         0      0        0

 COOLING
  YESTERDAY       15                        18     -3       19
  MONTH TO DATE  545                       532     13      490
  SINCE JUN 1   1036                       978     58      958
  SINCE JAN 1   1525                      1381    144     1316
..................................................................


WIND (MPH)
  HIGHEST WIND SPEED    20   HIGHEST WIND DIRECTION    NE (40)
  HIGHEST GUST SPEED    23   HIGHEST GUST DIRECTION    NE (30)
  AVERAGE WIND SPEED     5.8


SKY COVER
  POSSIBLE SUNSHINE  MM
  AVERAGE SKY COVER 0.7


WEATHER CONDITIONS
 THE FOLLOWING WEATHER WAS RECORDED YESTERDAY.
  HEAVY RAIN
  RAIN
  LIGHT RAIN
  FOG


RELATIVE HUMIDITY (PERCENT)
 HIGHEST    85           900 PM
 LOWEST     51          1100 AM
 AVERAGE    68

..........................................................


THE SAVANNAH GA CLIMATE NORMALS FOR TODAY
                         NORMAL    RECORD    YEAR
 MAXIMUM TEMPERATURE (F)   92       101      1999
                                             1990
                                             1942
 MINIMUM TEMPERATURE (F)   73        64      1997
                                             1936


SUNRISE AND SUNSET
JULY 31 2014..........SUNRISE   639 AM EDT   SUNSET   823 PM EDT
AUGUST  1 2014........SUNRISE   640 AM EDT   SUNSET   822 PM EDT


-  INDICATES NEGATIVE NUMBERS.
R  INDICATES RECORD WAS SET OR TIED.
MM INDICATES DATA IS MISSING.
T  INDICATES TRACE AMOUNT.




$$
