000
CDUS42 KCHS 122111
CLISAV


CLIMATE REPORT
NATIONAL WEATHER SERVICE CHARLESTON SC
511 PM EDT SAT JUL 12 2014


...................................

...THE SAVANNAH GA CLIMATE SUMMARY FOR JULY 12 2014...
VALID TODAY AS OF 0500 PM LOCAL TIME.

CLIMATE NORMAL PERIOD 1981 TO 2010
CLIMATE RECORD PERIOD 1871 TO 2014


WEATHER ITEM   OBSERVED TIME   RECORD YEAR NORMAL DEPARTURE LAST
                VALUE   (LST)  VALUE       VALUE  FROM      YEAR
                                                  NORMAL
..................................................................
TEMPERATURE (F)
 TODAY
  MAXIMUM         86    318 PM 105    1879  93     -7       84
  MINIMUM         73    718 AM  63    1963  73      0       72
                                      1898
  AVERAGE         80                        83     -3       78

PRECIPITATION (IN)
  TODAY            0.27          2.72 1902   0.17   0.10     0.02
  MONTH TO DATE    0.40                      2.04  -1.64     3.13
  SINCE JUN 1     12.04                      7.99   4.05    11.41
  SINCE JAN 1     27.83                     24.25   3.58    30.95

DEGREE DAYS
 HEATING
  TODAY            0                         0      0        0
  MONTH TO DATE    0                         0      0        0
  SINCE JUN 1      0                         0      0        0
  SINCE JUL 1      0                         0      0        0

 COOLING
  TODAY           15                        18     -3       13
  MONTH TO DATE  215                       208      7      195
  SINCE JUN 1    706                       654     52      663
  SINCE JAN 1   1195                      1057    138     1021
..................................................................


WIND (MPH)
  HIGHEST WIND SPEED    16   HIGHEST WIND DIRECTION     S (180)
  HIGHEST GUST SPEED    22   HIGHEST GUST DIRECTION     S (180)
  AVERAGE WIND SPEED     5.6


SKY COVER
  POSSIBLE SUNSHINE  MM
  AVERAGE SKY COVER 0.5


WEATHER CONDITIONS
 THE FOLLOWING WEATHER WAS RECORDED TODAY.
  THUNDERSTORM
  HEAVY RAIN
  RAIN
  LIGHT RAIN
  FOG


RELATIVE HUMIDITY (PERCENT)
 HIGHEST    94          1200 AM
 LOWEST     61           300 PM
 AVERAGE    78

..........................................................


THE SAVANNAH GA CLIMATE NORMALS FOR TOMORROW
                         NORMAL    RECORD    YEAR
 MAXIMUM TEMPERATURE (F)   93       104      1980
 MINIMUM TEMPERATURE (F)   73        63      1918


SUNRISE AND SUNSET
JULY 12 2014..........SUNRISE   627 AM EDT   SUNSET   833 PM EDT
JULY 13 2014..........SUNRISE   628 AM EDT   SUNSET   833 PM EDT


-  INDICATES NEGATIVE NUMBERS.
R  INDICATES RECORD WAS SET OR TIED.
MM INDICATES DATA IS MISSING.
T  INDICATES TRACE AMOUNT.




$$
