000
CDUS42 KCHS 102207
CLISAV


CLIMATE REPORT
NATIONAL WEATHER SERVICE CHARLESTON SC
503 PM EST WED FEB 10 2016


...................................

...THE SAVANNAH GA CLIMATE SUMMARY FOR FEBRUARY 10 2016...
VALID TODAY AS OF 0500 PM LOCAL TIME.

CLIMATE NORMAL PERIOD 1981 TO 2010
CLIMATE RECORD PERIOD 1871 TO 2016


WEATHER ITEM   OBSERVED TIME   RECORD YEAR NORMAL DEPARTURE LAST
                VALUE   (LST)  VALUE       VALUE  FROM      YEAR
                                                  NORMAL
..................................................................
TEMPERATURE (F)
 TODAY
  MAXIMUM         45    317 PM  82    1959  63    -18       60
  MINIMUM         28    732 AM  19    1971  41    -13       44
  AVERAGE         37                        52    -15       52

PRECIPITATION (IN)
  TODAY            0.00          1.61 1986   0.09  -0.09     0.00
  MONTH TO DATE    3.07                      1.03   2.04     1.04
  SINCE DEC 1      9.55                      7.67   1.88     9.18
  SINCE JAN 1      6.20                      4.72   1.48     5.16

SNOWFALL (IN)
  TODAY            0.0                       0.0    0.0
  SINCE DEC 1      T                         0.2   -0.2
  SINCE JUL 1      T                         0.2   -0.2

DEGREE DAYS
 HEATING
  TODAY           28                        13     15       13
  MONTH TO DATE  128                       137     -9      152
  SINCE DEC 1    698                      1044   -346      909
  SINCE JUL 1    823                      1311   -488     1201

 COOLING
  TODAY            0                         0      0        0
  MONTH TO DATE    9                         0      9        0
  SINCE DEC 1    115                        12    103       11
  SINCE JAN 1      9                         3      6        5
..................................................................


WIND (MPH)
  HIGHEST WIND SPEED    26   HIGHEST WIND DIRECTION     W (270)
  HIGHEST GUST SPEED    35   HIGHEST GUST DIRECTION     W (270)
  AVERAGE WIND SPEED    13.8


SKY COVER
  POSSIBLE SUNSHINE  MM
  AVERAGE SKY COVER 0.1


WEATHER CONDITIONS
 THE FOLLOWING WEATHER WAS RECORDED TODAY.
  NO SIGNIFICANT WEATHER WAS OBSERVED.


RELATIVE HUMIDITY (PERCENT)
 HIGHEST    75           400 AM
 LOWEST     25           400 PM
 AVERAGE    50

..........................................................


THE SAVANNAH GA CLIMATE NORMALS FOR TOMORROW
                         NORMAL    RECORD    YEAR
 MAXIMUM TEMPERATURE (F)   64        83      1932
 MINIMUM TEMPERATURE (F)   41        20      1971


SUNRISE AND SUNSET
FEBRUARY 10 2016......SUNRISE   712 AM EST   SUNSET   606 PM EST
FEBRUARY 11 2016......SUNRISE   711 AM EST   SUNSET   607 PM EST


-  INDICATES NEGATIVE NUMBERS.
R  INDICATES RECORD WAS SET OR TIED.
MM INDICATES DATA IS MISSING.
T  INDICATES TRACE AMOUNT.




$$
