000
CDUS42 KCHS 270553
CLISAV


CLIMATE REPORT
NATIONAL WEATHER SERVICE CHARLESTON SC
1253 AM EST FRI FEB 27 2015


...................................

...THE SAVANNAH GA CLIMATE SUMMARY FOR FEBRUARY 26 2015...

CLIMATE NORMAL PERIOD 1981 TO 2010
CLIMATE RECORD PERIOD 1871 TO 2015


WEATHER ITEM   OBSERVED TIME   RECORD YEAR NORMAL DEPARTURE LAST
                VALUE   (LST)  VALUE       VALUE  FROM      YEAR
                                                  NORMAL
..................................................................
TEMPERATURE (F)
 YESTERDAY
  MAXIMUM         50    436 PM  84    1996  67    -17       58
                                      1944
  MINIMUM         39    952 AM  16    1967  44     -5       47
  AVERAGE         45                        55    -10       53

PRECIPITATION (IN)
  YESTERDAY        0.39          1.74 2013   0.09   0.30     0.41
  MONTH TO DATE    3.41                      2.59   0.82     1.70
  SINCE DEC 1     11.55                      9.23   2.32     6.49
  SINCE JAN 1      7.53                      6.28   1.25     4.11

SNOWFALL (IN)
  YESTERDAY        0.0                       0.0    0.0
  SINCE DEC 1      0.0                       0.3   -0.3
  SINCE JUL 1      0.0                       0.3   -0.3

DEGREE DAYS
 HEATING
  YESTERDAY       20                        10     10       12
  MONTH TO DATE  447                       323    124      249
  SINCE DEC 1   1204                      1230    -26     1092
  SINCE JUL 1   1496                      1497     -1     1348

 COOLING
  YESTERDAY        0                         0      0        0
  MONTH TO DATE    0                         0      0       15
  SINCE DEC 1     11                        12     -1       56
  SINCE JAN 1      5                         3      2       18
..................................................................


WIND (MPH)
  HIGHEST WIND SPEED    17   HIGHEST WIND DIRECTION    NW (310)
  HIGHEST GUST SPEED    23   HIGHEST GUST DIRECTION    NW (320)
  AVERAGE WIND SPEED     8.8


SKY COVER
  POSSIBLE SUNSHINE  MM
  AVERAGE SKY COVER 1.0


WEATHER CONDITIONS
 THE FOLLOWING WEATHER WAS RECORDED YESTERDAY.
  RAIN
  LIGHT RAIN
  FOG


RELATIVE HUMIDITY (PERCENT)
 HIGHEST    96          1200 AM
 LOWEST     61           400 PM
 AVERAGE    79

..........................................................


THE SAVANNAH GA CLIMATE NORMALS FOR TODAY
                         NORMAL    RECORD    YEAR
 MAXIMUM TEMPERATURE (F)   67        85      2011
                                             1997
 MINIMUM TEMPERATURE (F)   44        21      1974


SUNRISE AND SUNSET
FEBRUARY 27 2015......SUNRISE   655 AM EST   SUNSET   621 PM EST
FEBRUARY 28 2015......SUNRISE   654 AM EST   SUNSET   622 PM EST


-  INDICATES NEGATIVE NUMBERS.
R  INDICATES RECORD WAS SET OR TIED.
MM INDICATES DATA IS MISSING.
T  INDICATES TRACE AMOUNT.




$$
