000
CDUS42 KCHS 300601
CLISAV


CLIMATE REPORT
NATIONAL WEATHER SERVICE CHARLESTON SC
201 AM EDT TUE JUN 30 2015


...................................

...THE SAVANNAH GA CLIMATE SUMMARY FOR JUNE 29 2015...

CLIMATE NORMAL PERIOD 1981 TO 2010
CLIMATE RECORD PERIOD 1871 TO 2015


WEATHER ITEM   OBSERVED TIME   RECORD YEAR NORMAL DEPARTURE LAST
                VALUE   (LST)  VALUE       VALUE  FROM      YEAR
                                                  NORMAL
..................................................................
TEMPERATURE (F)
 YESTERDAY
  MAXIMUM         88    416 PM 101    1959  92     -4       92
  MINIMUM         72    538 AM  62    1988  72      0       74
  AVERAGE         80                        82     -2       83

PRECIPITATION (IN)
  YESTERDAY        0.00          6.60 1999   0.20  -0.20     0.00
  MONTH TO DATE    5.63                      5.76  -0.13    11.64
  SINCE JUN 1      5.63                      5.76  -0.13    11.64
  SINCE JAN 1     22.96                     22.02   0.94    27.43

DEGREE DAYS
 HEATING
  YESTERDAY        0                         0      0        0
  MONTH TO DATE    0                         0      0        0
  SINCE JUN 1      0                         0      0        0
  SINCE JUL 1   1693                      1812   -119     1682

 COOLING
  YESTERDAY       15                        17     -2       18
  MONTH TO DATE  489                       430     59      473
  SINCE JUN 1    489                       430     59      473
  SINCE JAN 1   1024                       833    191      962
..................................................................


WIND (MPH)
  HIGHEST WIND SPEED    14   HIGHEST WIND DIRECTION    NW (310)
  HIGHEST GUST SPEED    24   HIGHEST GUST DIRECTION     W (270)
  AVERAGE WIND SPEED     7.2


SKY COVER
  POSSIBLE SUNSHINE  MM
  AVERAGE SKY COVER 0.8


WEATHER CONDITIONS
 THE FOLLOWING WEATHER WAS RECORDED YESTERDAY.
  NO SIGNIFICANT WEATHER WAS OBSERVED.


RELATIVE HUMIDITY (PERCENT)
 HIGHEST    93          1200 AM
 LOWEST     37           100 PM
 AVERAGE    65

..........................................................


THE SAVANNAH GA CLIMATE NORMALS FOR TODAY
                         NORMAL    RECORD    YEAR
 MAXIMUM TEMPERATURE (F)   92       102      1998
 MINIMUM TEMPERATURE (F)   72        59      1958


SUNRISE AND SUNSET
JUNE 30 2015..........SUNRISE   622 AM EDT   SUNSET   835 PM EDT
JULY  1 2015..........SUNRISE   622 AM EDT   SUNSET   835 PM EDT


-  INDICATES NEGATIVE NUMBERS.
R  INDICATES RECORD WAS SET OR TIED.
MM INDICATES DATA IS MISSING.
T  INDICATES TRACE AMOUNT.




$$
