000
CDUS42 KCHS 280606
CLISAV


CLIMATE REPORT
NATIONAL WEATHER SERVICE CHARLESTON SC
106 AM EST TUE FEB 28 2017


...................................

...THE SAVANNAH GA CLIMATE SUMMARY FOR FEBRUARY 27 2017...

CLIMATE NORMAL PERIOD 1981 TO 2010
CLIMATE RECORD PERIOD 1871 TO 2017


WEATHER ITEM   OBSERVED TIME   RECORD YEAR NORMAL DEPARTURE LAST
                VALUE   (LST)  VALUE       VALUE  FROM      YEAR
                                                  NORMAL
..................................................................
TEMPERATURE (F)
 YESTERDAY
  MAXIMUM         76    146 PM  85    2011  67      9       63
                                      1997
  MINIMUM         43    330 AM  21    1974  44     -1       32
  AVERAGE         60                        56      4       48

PRECIPITATION (IN)
  YESTERDAY        0.00          2.15 1893   0.10  -0.10     0.00
  MONTH TO DATE    2.22                      2.69  -0.47     3.28
  SINCE DEC 1     13.12                      9.33   3.79     9.76
  SINCE JAN 1      8.83                      6.38   2.45     6.41

SNOWFALL (IN)
  YESTERDAY        0.0                       0.0    0.0
  SINCE DEC 1      0.0                       0.3   -0.3
  SINCE JUL 1      0.0                       0.3   -0.3

DEGREE DAYS
 HEATING
  YESTERDAY        5                        10     -5       17
  MONTH TO DATE  128                       333   -205      313
  SINCE DEC 1    629                      1240   -611      928
  SINCE JUL 1    810                      1507   -697     1053

 COOLING
  YESTERDAY        0                         0      0        0
  MONTH TO DATE   27                         0     27       21
  SINCE DEC 1     60                        12     48      127
  SINCE JAN 1     50                         3     47       21
..................................................................


WIND (MPH)
  HIGHEST WIND SPEED    23   HIGHEST WIND DIRECTION    SE (150)
  HIGHEST GUST SPEED    28   HIGHEST GUST DIRECTION     S (170)
  AVERAGE WIND SPEED     8.0


SKY COVER
  POSSIBLE SUNSHINE  MM
  AVERAGE SKY COVER 0.5


WEATHER CONDITIONS
 THE FOLLOWING WEATHER WAS RECORDED YESTERDAY.
  FOG


RELATIVE HUMIDITY (PERCENT)
 HIGHEST    89           400 AM
 LOWEST     43           200 PM
 AVERAGE    66

..........................................................


THE SAVANNAH GA CLIMATE NORMALS FOR TODAY
                         NORMAL    RECORD    YEAR
 MAXIMUM TEMPERATURE (F)   67        86      1962
 MINIMUM TEMPERATURE (F)   44        20      2002


SUNRISE AND SUNSET
FEBRUARY 28 2017......SUNRISE   653 AM EST   SUNSET   622 PM EST
MARCH  1 2017.........SUNRISE   652 AM EST   SUNSET   623 PM EST


-  INDICATES NEGATIVE NUMBERS.
R  INDICATES RECORD WAS SET OR TIED.
MM INDICATES DATA IS MISSING.
T  INDICATES TRACE AMOUNT.




$$
