000
CDUS42 KCHS 220617
CLISAV


CLIMATE REPORT
NATIONAL WEATHER SERVICE CHARLESTON SC
117 AM EST WED NOV 22 2017


...................................

...THE SAVANNAH GA CLIMATE SUMMARY FOR NOVEMBER 21 2017...

CLIMATE NORMAL PERIOD 1981 TO 2010
CLIMATE RECORD PERIOD 1871 TO 2017


WEATHER ITEM   OBSERVED TIME   RECORD YEAR NORMAL DEPARTURE LAST
                VALUE   (LST)  VALUE       VALUE  FROM      YEAR
                                                  NORMAL
..................................................................
TEMPERATURE (F)
 YESTERDAY
  MAXIMUM         73    205 PM  82    2011  69      4       64
                                      1942
                                      1900
  MINIMUM         49   1248 AM  24    1951  46      3       34
                                      1937
  AVERAGE         61                        58      3       49

PRECIPITATION (IN)
  YESTERDAY        0.19          1.93 2005   0.08   0.11     0.00
  MONTH TO DATE    0.56                      1.66  -1.10      T
  SINCE SEP 1      7.80                      9.93  -2.13    16.59
  SINCE JAN 1     50.16                     44.30   5.86    50.96

SNOWFALL (IN)
  YESTERDAY        0.0                       0.0    0.0
  SINCE SEP 1      0.0                       0.0    0.0
  SINCE JUL 1      0.0                       0.0    0.0

DEGREE DAYS
 HEATING
  YESTERDAY        4                         8     -4       16
  MONTH TO DATE  110                       125    -15      122
  SINCE SEP 1    158                       182    -24      134
  SINCE JUL 1    158                       182    -24      134

 COOLING
  YESTERDAY        0                         1     -1        0
  MONTH TO DATE   36                        31      5       32
  SINCE SEP 1    704                       536    168      674
  SINCE JAN 1   2964                      2443    521     2984
..................................................................


WIND (MPH)
  HIGHEST WIND SPEED    14   HIGHEST WIND DIRECTION     W (250)
  HIGHEST GUST SPEED    17   HIGHEST GUST DIRECTION    SW (240)
  AVERAGE WIND SPEED     5.1


SKY COVER
  POSSIBLE SUNSHINE  MM
  AVERAGE SKY COVER 0.8


WEATHER CONDITIONS
 THE FOLLOWING WEATHER WAS RECORDED YESTERDAY.
  HEAVY RAIN
  LIGHT RAIN
  FOG


RELATIVE HUMIDITY (PERCENT)
 HIGHEST   100           500 PM
 LOWEST     57           100 PM
 AVERAGE    79

..........................................................


THE SAVANNAH GA CLIMATE NORMALS FOR TODAY
                         NORMAL    RECORD    YEAR
 MAXIMUM TEMPERATURE (F)   69        82      1997
                                             1900
 MINIMUM TEMPERATURE (F)   46        23      2000


SUNRISE AND SUNSET
NOVEMBER 22 2017......SUNRISE   700 AM EST   SUNSET   522 PM EST
NOVEMBER 23 2017......SUNRISE   701 AM EST   SUNSET   521 PM EST


-  INDICATES NEGATIVE NUMBERS.
R  INDICATES RECORD WAS SET OR TIED.
MM INDICATES DATA IS MISSING.
T  INDICATES TRACE AMOUNT.




$$
