000
CDUS42 KCHS 210526
CLISAV


CLIMATE REPORT
NATIONAL WEATHER SERVICE CHARLESTON SC
126 AM EDT TUE OCT 21 2014


...................................

...THE SAVANNAH GA CLIMATE SUMMARY FOR OCTOBER 20 2014...

CLIMATE NORMAL PERIOD 1981 TO 2010
CLIMATE RECORD PERIOD 1871 TO 2014


WEATHER ITEM   OBSERVED TIME   RECORD YEAR NORMAL DEPARTURE LAST
                VALUE   (LST)  VALUE       VALUE  FROM      YEAR
                                                  NORMAL
..................................................................
TEMPERATURE (F)
 YESTERDAY
  MAXIMUM         80    230 PM  88    1969  77      3       76
                                      1946
  MINIMUM         52    251 AM  37    1996  56     -4       63
  AVERAGE         66                        67     -1       70

PRECIPITATION (IN)
  YESTERDAY        0.00          1.10 1876   0.10  -0.10     0.00
  MONTH TO DATE    1.32                      2.71  -1.39     0.20
  SINCE SEP 1      6.44                      7.29  -0.85     1.98
  SINCE JAN 1     41.50                     41.66  -0.16    49.15

SNOWFALL (IN)
  YESTERDAY        0.0                       0.0    0.0
  SINCE SEP 1      0.0                       0.0    0.0
  SINCE JUL 1      0.0                       0.0    0.0

DEGREE DAYS
 HEATING
  YESTERDAY        0                         2     -2        0
  MONTH TO DATE    6                        24    -18        0
  SINCE SEP 1      7                        26    -19        0
  SINCE JUL 1      7                        26    -19        0

 COOLING
  YESTERDAY        1                         4     -3        5
  MONTH TO DATE  142                       116     26      161
  SINCE SEP 1    551                       475     76      546
  SINCE JAN 1   2664                      2382    282     2395
..................................................................


WIND (MPH)
  HIGHEST WIND SPEED    13   HIGHEST WIND DIRECTION     S (160)
  HIGHEST GUST SPEED    16   HIGHEST GUST DIRECTION    SE (150)
  AVERAGE WIND SPEED     3.1


SKY COVER
  POSSIBLE SUNSHINE  MM
  AVERAGE SKY COVER 0.5


WEATHER CONDITIONS
 THE FOLLOWING WEATHER WAS RECORDED YESTERDAY.
  NO SIGNIFICANT WEATHER WAS OBSERVED.


RELATIVE HUMIDITY (PERCENT)
 HIGHEST    89          1200 AM
 LOWEST     50          1200 PM
 AVERAGE    70

..........................................................


THE SAVANNAH GA CLIMATE NORMALS FOR TODAY
                         NORMAL    RECORD    YEAR
 MAXIMUM TEMPERATURE (F)   77        90      1943
 MINIMUM TEMPERATURE (F)   56        36      1913


SUNRISE AND SUNSET
OCTOBER 21 2014.......SUNRISE   733 AM EDT   SUNSET   646 PM EDT
OCTOBER 22 2014.......SUNRISE   734 AM EDT   SUNSET   644 PM EDT


-  INDICATES NEGATIVE NUMBERS.
R  INDICATES RECORD WAS SET OR TIED.
MM INDICATES DATA IS MISSING.
T  INDICATES TRACE AMOUNT.




$$
