000
CDUS46 KLOX 270901
CLISBA


CLIMATE REPORT
NATIONAL WEATHER SERVICE LOS ANGELES/OXNARD CA
201 AM PDT TUE SEP 27 2016


...................................

...THE SANTA BARBARA AIRPORT CA CLIMATE SUMMARY FOR SEPTEMBER 26 2016...

CLIMATE NORMAL PERIOD 1981 TO 2010
CLIMATE RECORD PERIOD 1940 TO 2016


WEATHER ITEM   OBSERVED TIME   RECORD YEAR NORMAL DEPARTURE LAST
                VALUE   (LST)  VALUE       VALUE  FROM      YEAR
                                                  NORMAL
..................................................................
TEMPERATURE (F)
 YESTERDAY
  MAXIMUM        101    222 PM 103    1963  74     27       84
  MINIMUM         57    546 AM  43    1948  55      2       63
  AVERAGE         79                        64     15       74

PRECIPITATION (IN)
  YESTERDAY        0.00          0.21 1982   0.01  -0.01     0.00
  MONTH TO DATE    0.01                      0.20  -0.19     0.17
  SINCE OCT 1     10.22                     17.70  -7.48     9.80
  SINCE JAN 1      9.34                     12.40  -3.06     3.51

SNOWFALL (IN)
  YESTERDAY        0.0
  MONTH TO DATE    0.0
  SINCE SEP 1      0.0
  SINCE JUL 1      0.0

DEGREE DAYS
 HEATING
  YESTERDAY        0                         2     -2        0
  MONTH TO DATE   36                        33      3        0
  SINCE SEP 1     36                        33      3        0
  SINCE JUL 1     58                        84    -26        0

 COOLING
  YESTERDAY       14                         1     13        9
  MONTH TO DATE   54                        41     13      189
  SINCE SEP 1     54                        41     13      189
  SINCE JAN 1    202                       168     34      567
..................................................................


WIND (MPH)
  HIGHEST WIND SPEED    16   HIGHEST WIND DIRECTION     W (250)
  HIGHEST GUST SPEED    20   HIGHEST GUST DIRECTION     W (280)
  AVERAGE WIND SPEED     4.9


SKY COVER
  POSSIBLE SUNSHINE  MM
  AVERAGE SKY COVER 0.0


WEATHER CONDITIONS
 THE FOLLOWING WEATHER WAS RECORDED YESTERDAY.
  NO SIGNIFICANT WEATHER WAS OBSERVED.


RELATIVE HUMIDITY (PERCENT)
 HIGHEST    84           200 AM
 LOWEST      8           300 PM
 AVERAGE    46

..........................................................


THE SANTA BARBARA AIRPORT CA CLIMATE NORMALS FOR TODAY
                         NORMAL    RECORD    YEAR
 MAXIMUM TEMPERATURE (F)   74       100      2010
 MINIMUM TEMPERATURE (F)   55        43      2005


SUNRISE AND SUNSET
SEPTEMBER 27 2016.....SUNRISE   651 AM PDT   SUNSET   648 PM PDT
SEPTEMBER 28 2016.....SUNRISE   652 AM PDT   SUNSET   647 PM PDT


-  INDICATES NEGATIVE NUMBERS.
R  INDICATES RECORD WAS SET OR TIED.
MM INDICATES DATA IS MISSING.
T  INDICATES TRACE AMOUNT.




$$
