000
CDUS46 KLOX 200921
CLISBA


CLIMATE REPORT
NATIONAL WEATHER SERVICE LOS ANGELES/OXNARD CA
220 AM PDT SUN APR 20 2014


...................................

...THE SANTA BARBARA AIRPORT CA CLIMATE SUMMARY FOR APRIL 19 2014...

CLIMATE NORMAL PERIOD 1981 TO 2010
CLIMATE RECORD PERIOD 1940 TO 2014


WEATHER ITEM   OBSERVED TIME   RECORD YEAR NORMAL DEPARTURE LAST
                VALUE   (LST)  VALUE       VALUE  FROM      YEAR
                                                  NORMAL
..................................................................
TEMPERATURE (F)
 YESTERDAY
  MAXIMUM         69    340 PM  87    2009  68      1       72
  MINIMUM         50    549 AM  39    1972  48      2       43
  AVERAGE         60                        58      2       58

PRECIPITATION (IN)
  YESTERDAY        0.00          1.54 1988   0.03  -0.03     0.00
  MONTH TO DATE    0.26                      0.73  -0.47     0.01
  SINCE JUL 1      6.55                     17.08 -10.53     9.36
  SINCE JAN 1      5.19                     11.37  -6.18     3.29

SNOWFALL (IN)
  YESTERDAY        0.0
  MONTH TO DATE    0.0
  SINCE MAR 1      0.0
  SINCE JUL 1      0.0

DEGREE DAYS
 HEATING
  YESTERDAY        5                         7     -2        7
  MONTH TO DATE  128                       155    -27      101
  SINCE MAR 1    294                       451   -157      338
  SINCE JUL 1   1529                      2052   -523     1832

 COOLING
  YESTERDAY        0                         0      0        0
  MONTH TO DATE    0                         0      0        9
  SINCE MAR 1      5                         2      3       13
  SINCE JAN 1      5                         2      3       13
..................................................................


WIND (MPH)
  HIGHEST WIND SPEED     9   HIGHEST WIND DIRECTION     S (160)
  HIGHEST GUST SPEED    12   HIGHEST GUST DIRECTION    SW (240)
  AVERAGE WIND SPEED     3.5


SKY COVER
  POSSIBLE SUNSHINE  MM
  AVERAGE SKY COVER 0.0


WEATHER CONDITIONS
 THE FOLLOWING WEATHER WAS RECORDED YESTERDAY.
  NO SIGNIFICANT WEATHER WAS OBSERVED.


RELATIVE HUMIDITY (PERCENT)
 HIGHEST    93           200 AM
 LOWEST     58           100 PM
 AVERAGE    76

..........................................................


THE SANTA BARBARA AIRPORT CA CLIMATE NORMALS FOR TODAY
                         NORMAL    RECORD    YEAR
 MAXIMUM TEMPERATURE (F)   68        94      1958
 MINIMUM TEMPERATURE (F)   48        37      1961


SUNRISE AND SUNSET
APRIL 20 2014.........SUNRISE   622 AM PDT   SUNSET   735 PM PDT
APRIL 21 2014.........SUNRISE   621 AM PDT   SUNSET   736 PM PDT


-  INDICATES NEGATIVE NUMBERS.
R  INDICATES RECORD WAS SET OR TIED.
MM INDICATES DATA IS MISSING.
T  INDICATES TRACE AMOUNT.




$$
