000
CDUS46 KLOX 200901
CLISBA


CLIMATE REPORT
NATIONAL WEATHER SERVICE LOS ANGELES/OXNARD CA
201 AM PDT WED AUG 20 2014


...................................

...THE SANTA BARBARA AIRPORT CA CLIMATE SUMMARY FOR AUGUST 19 2014...

CLIMATE NORMAL PERIOD 1981 TO 2010
CLIMATE RECORD PERIOD 1940 TO 2014


WEATHER ITEM   OBSERVED TIME   RECORD YEAR NORMAL DEPARTURE LAST
                VALUE   (LST)  VALUE       VALUE  FROM      YEAR
                                                  NORMAL
..................................................................
TEMPERATURE (F)
 YESTERDAY
  MAXIMUM         76    253 PM  89    1986  75      1       70
  MINIMUM         61   1015 PM  50    1943  58      3       56
  AVERAGE         69                        66      3       63

PRECIPITATION (IN)
  YESTERDAY        0.00          0.83 1983   0.01  -0.01     0.00
  MONTH TO DATE    T                         0.07  -0.07     0.00
  SINCE JUL 1      0.01                      0.10  -0.09     0.07
  SINCE JAN 1      5.21                     12.15  -6.94     3.42

SNOWFALL (IN)
  YESTERDAY        0.0
  MONTH TO DATE    0.0
  SINCE JUN 1      0.0
  SINCE JUL 1      0.0

DEGREE DAYS
 HEATING
  YESTERDAY        0                         1     -1        2
  MONTH TO DATE    0                        19    -19       19
  SINCE JUN 1     52                       136    -84       71
  SINCE JUL 1      0                        46    -46       28

 COOLING
  YESTERDAY        4                         2      2        0
  MONTH TO DATE   55                        38     17        6
  SINCE JUN 1    226                        96    130       98
  SINCE JAN 1    294                       110    184      155
..................................................................


WIND (MPH)
  HIGHEST WIND SPEED    MM   HIGHEST WIND DIRECTION    MM
  HIGHEST GUST SPEED    MM   HIGHEST GUST DIRECTION    MM
  AVERAGE WIND SPEED     4.6


SKY COVER
  POSSIBLE SUNSHINE  MM
  AVERAGE SKY COVER 0.5


WEATHER CONDITIONS
 THE FOLLOWING WEATHER WAS RECORDED YESTERDAY.
  NO SIGNIFICANT WEATHER WAS OBSERVED.


RELATIVE HUMIDITY (PERCENT)
 HIGHEST    90          1200 AM
 LOWEST     60           300 PM
 AVERAGE    75

..........................................................


THE SANTA BARBARA AIRPORT CA CLIMATE NORMALS FOR TODAY
                         NORMAL    RECORD    YEAR
 MAXIMUM TEMPERATURE (F)   75        84      1941
 MINIMUM TEMPERATURE (F)   58        50      1947


SUNRISE AND SUNSET
AUGUST 20 2014........SUNRISE   624 AM PDT   SUNSET   741 PM PDT
AUGUST 21 2014........SUNRISE   625 AM PDT   SUNSET   740 PM PDT


-  INDICATES NEGATIVE NUMBERS.
R  INDICATES RECORD WAS SET OR TIED.
MM INDICATES DATA IS MISSING.
T  INDICATES TRACE AMOUNT.




$$
