000
CDUS46 KLOX 120111
CLISBA


CLIMATE REPORT
NATIONAL WEATHER SERVICE LOS ANGELES/OXNARD CA
511 PM PST MON DEC 11 2017


...................................

...THE SANTA BARBARA AIRPORT CA CLIMATE SUMMARY FOR DECEMBER 11 2017...
VALID TODAY AS OF 0500 PM LOCAL TIME.

CLIMATE NORMAL PERIOD 1981 TO 2010
CLIMATE RECORD PERIOD 1940 TO 2017


WEATHER ITEM   OBSERVED TIME   RECORD YEAR NORMAL DEPARTURE LAST
                VALUE   (LST)  VALUE       VALUE  FROM      YEAR
                                                  NORMAL
..................................................................
TEMPERATURE (F)
 TODAY
  MAXIMUM         78R   214 PM  78    1958  64     14       63
  MINIMUM         38    720 AM  32    2013  40     -2       55
                                      1998
  AVERAGE         58                        52      6       59

PRECIPITATION (IN)
  TODAY            0.00          1.09 1993   0.08  -0.08     0.00
  MONTH TO DATE    0.00                      0.78  -0.78     0.04
  SINCE OCT 1      0.07                      3.14  -3.07     1.66
  SINCE JAN 1     19.76                     15.60   4.16    11.00

SNOWFALL (IN)
  TODAY            0.0
  MONTH TO DATE    0.0
  SINCE DEC 1      0.0
  SINCE JUL 1      0.0

DEGREE DAYS
 HEATING
  TODAY            7                        13     -6        6
  MONTH TO DATE  122                       137    -15      118
  SINCE DEC 1    122                       137    -15      118
  SINCE JUL 1    373                       615   -242      447

 COOLING
  TODAY            0                         0      0        0
  MONTH TO DATE    0                         0      0        0
  SINCE DEC 1      0                         0      0        0
  SINCE JAN 1    385                       188    197      259
..................................................................


WIND (MPH)
  HIGHEST WIND SPEED    12   HIGHEST WIND DIRECTION     W (270)
  HIGHEST GUST SPEED    14   HIGHEST GUST DIRECTION     W (270)
  AVERAGE WIND SPEED     2.8


SKY COVER
  POSSIBLE SUNSHINE  MM
  AVERAGE SKY COVER 0.7


WEATHER CONDITIONS
 THE FOLLOWING WEATHER WAS RECORDED TODAY.
  HAZE


RELATIVE HUMIDITY (PERCENT)
 HIGHEST    59           700 AM
 LOWEST      9           100 PM
 AVERAGE    34

..........................................................


THE SANTA BARBARA AIRPORT CA CLIMATE NORMALS FOR TOMORROW
                         NORMAL    RECORD    YEAR
 MAXIMUM TEMPERATURE (F)   64        86      1956
 MINIMUM TEMPERATURE (F)   40        31      1985


SUNRISE AND SUNSET
DECEMBER 11 2017......SUNRISE   656 AM PST   SUNSET   450 PM PST
DECEMBER 12 2017......SUNRISE   657 AM PST   SUNSET   450 PM PST


-  INDICATES NEGATIVE NUMBERS.
R  INDICATES RECORD WAS SET OR TIED.
MM INDICATES DATA IS MISSING.
T  INDICATES TRACE AMOUNT.




$$
