801
CDUS46 KLOX 250857
CLISBA


CLIMATE REPORT
NATIONAL WEATHER SERVICE LOS ANGELES/OXNARD CA
157 AM PDT MON SEP 25 2017


...................................

...THE SANTA BARBARA AIRPORT CA CLIMATE SUMMARY FOR SEPTEMBER 24 2017...

CLIMATE NORMAL PERIOD 1981 TO 2010
CLIMATE RECORD PERIOD 1940 TO 2017


WEATHER ITEM   OBSERVED TIME   RECORD YEAR NORMAL DEPARTURE LAST
                VALUE   (LST)  VALUE       VALUE  FROM      YEAR
                                                  NORMAL
..................................................................
TEMPERATURE (F)
 YESTERDAY
  MAXIMUM         77    418 PM 100    1978  74      3       84
  MINIMUM         48    552 AM  46    2005  55     -7       50
  AVERAGE         63                        64     -1       67

PRECIPITATION (IN)
  YESTERDAY        0.00          1.45 1986   0.01  -0.01     0.00
  MONTH TO DATE    0.22                      0.17   0.05     0.01
  SINCE OCT 1     24.50                     17.67   6.83    10.22
  SINCE JAN 1     19.69                     12.37   7.32     9.34

SNOWFALL (IN)
  YESTERDAY        0.0
  MONTH TO DATE    0.0
  SINCE SEP 1      0.0
  SINCE JUL 1      0.0

DEGREE DAYS
 HEATING
  YESTERDAY        2                         2      0        0
  MONTH TO DATE   16                        29    -13       36
  SINCE SEP 1     16                        29    -13       36
  SINCE JUL 1     27                        80    -53       58

 COOLING
  YESTERDAY        0                         1     -1        2
  MONTH TO DATE   91                        39     52       30
  SINCE SEP 1     91                        39     52       30
  SINCE JAN 1    316                       166    150      178
..................................................................


WIND (MPH)
  HIGHEST WIND SPEED    15   HIGHEST WIND DIRECTION     W (260)
  HIGHEST GUST SPEED    18   HIGHEST GUST DIRECTION     W (260)
  AVERAGE WIND SPEED     4.6


SKY COVER
  POSSIBLE SUNSHINE  MM
  AVERAGE SKY COVER 0.0


WEATHER CONDITIONS
 THE FOLLOWING WEATHER WAS RECORDED YESTERDAY.
  HAZE


RELATIVE HUMIDITY (PERCENT)
 HIGHEST    89           100 AM
 LOWEST     25          1100 AM
 AVERAGE    57

..........................................................


THE SANTA BARBARA AIRPORT CA CLIMATE NORMALS FOR TODAY
                         NORMAL    RECORD    YEAR
 MAXIMUM TEMPERATURE (F)   74        98      1978
 MINIMUM TEMPERATURE (F)   55        47      1941


SUNRISE AND SUNSET
SEPTEMBER 25 2017.....SUNRISE   650 AM PDT   SUNSET   651 PM PDT
SEPTEMBER 26 2017.....SUNRISE   650 AM PDT   SUNSET   650 PM PDT


-  INDICATES NEGATIVE NUMBERS.
R  INDICATES RECORD WAS SET OR TIED.
MM INDICATES DATA IS MISSING.
T  INDICATES TRACE AMOUNT.




$$
