000
CDUS43 KIWX 290525
CLISBN


CLIMATE REPORT
NATIONAL WEATHER SERVICE NORTHERN INDIANA
124 AM EDT TUE JUL 29 2014


...................................

...THE SOUTH BEND CLIMATE SUMMARY FOR JULY 28 2014...

CLIMATE NORMAL PERIOD 1981 TO 2010
CLIMATE RECORD PERIOD 1893 TO 2014


WEATHER ITEM   OBSERVED TIME   RECORD YEAR NORMAL DEPARTURE LAST
                VALUE   (LST)  VALUE       VALUE  FROM      YEAR
                                                  NORMAL
..................................................................
TEMPERATURE (F)
 YESTERDAY
  MAXIMUM         64    321 PM 100    1983  82    -18       67
  MINIMUM         54   1117 PM  47    1925  63     -9       52
  AVERAGE         59                        73    -14       60

PRECIPITATION (IN)
  YESTERDAY        0.00          1.78 1971   0.13  -0.13      T
  MONTH TO DATE    1.75                      3.61  -1.86     3.02
  SINCE JUN 1     10.89                      7.40   3.49     6.45
  SINCE JAN 1     25.97                     21.12   4.85    23.75

DEGREE DAYS
 HEATING
  YESTERDAY        6                         0      6        5
  MONTH TO DATE   16                         0     16       12
  SINCE JUN 1     33                        44    -11       49
  SINCE JUL 1     16                         0     16       12

 COOLING
  YESTERDAY        0                         8     -8        0
  MONTH TO DATE  133                       224    -91      228
  SINCE JUN 1    349                       389    -40      393
  SINCE JAN 1    434                       445    -11      489
..................................................................


WIND (MPH)
  HIGHEST WIND SPEED    22   HIGHEST WIND DIRECTION    NW (330)
  HIGHEST GUST SPEED    27   HIGHEST GUST DIRECTION     N (340)
  AVERAGE WIND SPEED    13.3


SKY COVER
  AVERAGE SKY COVER 0.7


WEATHER CONDITIONS
 THE FOLLOWING WEATHER WAS RECORDED YESTERDAY.
  NO SIGNIFICANT WEATHER WAS OBSERVED.


RELATIVE HUMIDITY (PERCENT)
 HIGHEST    84          1200 AM
 LOWEST     56           300 PM
 AVERAGE    70

..........................................................


THE SOUTH BEND CLIMATE NORMALS FOR TODAY
                         NORMAL    RECORD    YEAR
 MAXIMUM TEMPERATURE (F)   82       102      1916
 MINIMUM TEMPERATURE (F)   63        46      1928


SUNRISE AND SUNSET
JULY 29 2014..........SUNRISE   637 AM EDT   SUNSET   906 PM EDT
JULY 30 2014..........SUNRISE   637 AM EDT   SUNSET   905 PM EDT


-  INDICATES NEGATIVE NUMBERS.
R  INDICATES RECORD WAS SET OR TIED.
MM INDICATES DATA IS MISSING.
T  INDICATES TRACE AMOUNT.




$$
