000
CDUS41 KAKQ 200645
CLISBY


CLIMATE REPORT
NATIONAL WEATHER SERVICE WAKEFIELD, VA
145 AM EST MON FEB 20 2017


...................................

...THE SALISBURY MD CLIMATE SUMMARY FOR FEBRUARY 19 2017...

CLIMATE NORMAL PERIOD 1981 TO 2010
CLIMATE RECORD PERIOD 1900 TO 2017


WEATHER ITEM   OBSERVED TIME   RECORD YEAR NORMAL DEPARTURE LAST
                VALUE   (LST)  VALUE       VALUE  FROM      YEAR
                                                  NORMAL
..................................................................
TEMPERATURE (F)
 YESTERDAY
  MAXIMUM         70    312 PM  72    1961  48     22       42
  MINIMUM         50    813 PM   8    1936  29     21       20
  AVERAGE         60                        38     22       31

PRECIPITATION (IN)
  YESTERDAY        T             1.50 1979   0.12  -0.12     0.00
  MONTH TO DATE    0.73                      2.26  -1.53     2.98
  SINCE DEC 1      7.01                      9.58  -2.57    10.68
  SINCE JAN 1      4.08                      5.87  -1.79     6.19

SNOWFALL (IN)
  YESTERDAY        0.0           8.0  1979   0.1   -0.1
  MONTH TO DATE    T                         2.5   -2.5
  SINCE NOV 1      9.6                       7.5    2.1
  SINCE JUL 1      9.6                       7.5    2.1
  SNOW DEPTH       0

DEGREE DAYS
 HEATING
  YESTERDAY        5                        27    -22       34
  MONTH TO DATE  432                       534   -102      539
  SINCE DEC 1   1974                      2257   -283     1850
  SINCE JUL 1   2634                      3075   -441     2497

 COOLING
  YESTERDAY        0                         0      0        0
  MONTH TO DATE    0                         0      0        0
  SINCE DEC 1      0                         0      0        9
  SINCE JAN 1      0                         0      0        0
..................................................................


WIND (MPH)
  HIGHEST WIND SPEED    17   HIGHEST WIND DIRECTION    NW (330)
  HIGHEST GUST SPEED    22   HIGHEST GUST DIRECTION    NW (330)
  AVERAGE WIND SPEED     7.4


SKY COVER
  POSSIBLE SUNSHINE  MM
  AVERAGE SKY COVER 0.4


WEATHER CONDITIONS
 THE FOLLOWING WEATHER WAS RECORDED YESTERDAY.
  NO SIGNIFICANT WEATHER WAS OBSERVED.


RELATIVE HUMIDITY (PERCENT)
 HIGHEST    77           800 PM
 LOWEST     39           400 PM
 AVERAGE    58

..........................................................


THE SALISBURY MD CLIMATE NORMALS FOR TODAY
                         NORMAL    RECORD    YEAR
 MAXIMUM TEMPERATURE (F)   48        75      1930
 MINIMUM TEMPERATURE (F)   29        -3      2015


SUNRISE AND SUNSET
FEBRUARY 20 2017......SUNRISE   646 AM EST   SUNSET   546 PM EST
FEBRUARY 21 2017......SUNRISE   645 AM EST   SUNSET   547 PM EST


-  INDICATES NEGATIVE NUMBERS.
R  INDICATES RECORD WAS SET OR TIED.
MM INDICATES DATA IS MISSING.
T  INDICATES TRACE AMOUNT.




$$
