000
CDUS41 KAKQ 100645
CLISBY


CLIMATE REPORT
NATIONAL WEATHER SERVICE WAKEFIELD, VA
145 AM EST SAT DEC 10 2016


...................................

...THE SALISBURY MD CLIMATE SUMMARY FOR DECEMBER 9 2016...

CLIMATE NORMAL PERIOD 1981 TO 2010
CLIMATE RECORD PERIOD 1900 TO 2016


WEATHER ITEM   OBSERVED TIME   RECORD YEAR NORMAL DEPARTURE LAST
                VALUE   (LST)  VALUE       VALUE  FROM      YEAR
                                                  NORMAL
..................................................................
TEMPERATURE (F)
 YESTERDAY
  MAXIMUM         39        MM  73    1966  50    -11       60
  MINIMUM         29        MM  12    1976  31     -2       29
  AVERAGE         34                        41     -7       45

PRECIPITATION (IN)
  YESTERDAY        0.00          1.94 2009   0.12  -0.12     0.00
  MONTH TO DATE    1.57                      1.14   0.43     0.96
  SINCE DEC 1      1.57                      1.14   0.43     0.96
  SINCE JAN 1     53.07                     43.11   9.96    47.84

SNOWFALL (IN)
  YESTERDAY        0.0           1.0  1928   0.0    0.0
                                      1961
  MONTH TO DATE    0.0                       0.4   -0.4
  SINCE NOV 1      0.0                       0.6   -0.6
  SINCE JUL 1      0.0                       0.6   -0.6
  SNOW DEPTH       0

DEGREE DAYS
 HEATING
  YESTERDAY       31                        24      7       20
  MONTH TO DATE  202                       207     -5      170
  SINCE DEC 1    202                       207     -5      170
  SINCE JUL 1    862                      1025   -163      817

 COOLING
  YESTERDAY        0                         0      0        0
  MONTH TO DATE    0                         0      0        0
  SINCE DEC 1      0                         0      0        0
  SINCE JAN 1   1481                      1153    328     1342
..................................................................


WIND (MPH)
  HIGHEST WIND SPEED    18   HIGHEST WIND DIRECTION    NW (320)
  HIGHEST GUST SPEED    27   HIGHEST GUST DIRECTION    NW (300)
  AVERAGE WIND SPEED    11.3


SKY COVER
  POSSIBLE SUNSHINE  MM
  AVERAGE SKY COVER 0.0


WEATHER CONDITIONS
 THE FOLLOWING WEATHER WAS RECORDED YESTERDAY.
  NO SIGNIFICANT WEATHER WAS OBSERVED.


RELATIVE HUMIDITY (PERCENT)
 HIGHEST    58           300 AM
 LOWEST     44           200 PM
 AVERAGE    51

..........................................................


THE SALISBURY MD CLIMATE NORMALS FOR TODAY
                         NORMAL    RECORD    YEAR
 MAXIMUM TEMPERATURE (F)   50        73      1966
 MINIMUM TEMPERATURE (F)   31        14      1927


SUNRISE AND SUNSET
DECEMBER 10 2016......SUNRISE   708 AM EST   SUNSET   442 PM EST
DECEMBER 11 2016......SUNRISE   709 AM EST   SUNSET   442 PM EST


-  INDICATES NEGATIVE NUMBERS.
R  INDICATES RECORD WAS SET OR TIED.
MM INDICATES DATA IS MISSING.
T  INDICATES TRACE AMOUNT.




$$
