000
CDUS41 KAKQ 040537
CLISBY


CLIMATE REPORT
NATIONAL WEATHER SERVICE WAKEFIELD, VA
136 AM EDT SAT JUL 4 2015


...................................

...THE SALISBURY MD CLIMATE SUMMARY FOR JULY 3 2015...

CLIMATE NORMAL PERIOD 1981 TO 2010
CLIMATE RECORD PERIOD 1900 TO 2015


WEATHER ITEM   OBSERVED TIME   RECORD YEAR NORMAL DEPARTURE LAST
                VALUE   (LST)  VALUE       VALUE  FROM      YEAR
                                                  NORMAL
..................................................................
TEMPERATURE (F)
 YESTERDAY
  MAXIMUM         81    210 PM  98    1954  86     -5       97
  MINIMUM         60    502 AM  43    2007  66     -6       76
  AVERAGE         71                        76     -5       87

PRECIPITATION (IN)
  YESTERDAY        T             2.84 1968   0.12  -0.12      T
  MONTH TO DATE    0.18                      0.35  -0.17      T
  SINCE JUN 1      8.44                      4.06   4.38     1.58
  SINCE JAN 1     25.65                     22.61   3.04    21.29

SNOWFALL (IN)
  YESTERDAY        0.0           0.0  2002   0.0    0.0
                                      2001
  MONTH TO DATE    0.0                       0.0    0.0
  SINCE NOV 1     15.7                       9.3    6.4
  SINCE JUL 1      0.0                       0.0    0.0
  SNOW DEPTH       0

DEGREE DAYS
 HEATING
  YESTERDAY        0                         0      0        0
  MONTH TO DATE    0                         0      0        0
  SINCE JUN 1     15                        19     -4        5
  SINCE JUL 1      0                         0      0        0

 COOLING
  YESTERDAY        6                        11     -5       22
  MONTH TO DATE   23                        33    -10       62
  SINCE JUN 1    308                       260     48      355
  SINCE JAN 1    464                       344    120      490
..................................................................


WIND (MPH)
  HIGHEST WIND SPEED    13   HIGHEST WIND DIRECTION    SE (120)
  HIGHEST GUST SPEED    16   HIGHEST GUST DIRECTION    SE (120)
  AVERAGE WIND SPEED     4.2


SKY COVER
  POSSIBLE SUNSHINE  MM
  AVERAGE SKY COVER 0.2


WEATHER CONDITIONS
 THE FOLLOWING WEATHER WAS RECORDED YESTERDAY.
  LIGHT RAIN
  FOG
  FOG W/VISIBILITY <= 1/4 MILE
  HAZE


RELATIVE HUMIDITY (PERCENT)
 HIGHEST   100          1200 AM
 LOWEST     54           100 PM
 AVERAGE    77

..........................................................


THE SALISBURY MD CLIMATE NORMALS FOR TODAY
                         NORMAL    RECORD    YEAR
 MAXIMUM TEMPERATURE (F)   86       100      1919
 MINIMUM TEMPERATURE (F)   66        52      1971


SUNRISE AND SUNSET
JULY  4 2015..........SUNRISE   543 AM EDT   SUNSET   829 PM EDT
JULY  5 2015..........SUNRISE   544 AM EDT   SUNSET   829 PM EDT


-  INDICATES NEGATIVE NUMBERS.
R  INDICATES RECORD WAS SET OR TIED.
MM INDICATES DATA IS MISSING.
T  INDICATES TRACE AMOUNT.




$$
