000
CDUS41 KAKQ 210634
CLISBY


CLIMATE REPORT
NATIONAL WEATHER SERVICE WAKEFIELD, VA
133 AM EST SAT JAN 21 2017


...................................

...THE SALISBURY MD CLIMATE SUMMARY FOR JANUARY 20 2017...

CLIMATE NORMAL PERIOD 1981 TO 2010
CLIMATE RECORD PERIOD 1900 TO 2017


WEATHER ITEM   OBSERVED TIME   RECORD YEAR NORMAL DEPARTURE LAST
                VALUE   (LST)  VALUE       VALUE  FROM      YEAR
                                                  NORMAL
..................................................................
TEMPERATURE (F)
 YESTERDAY
  MAXIMUM         48    329 PM  69    1951  44      4       32
  MINIMUM         30    128 AM  -1    1940  27      3       19
  AVERAGE         39                        35      4       26

PRECIPITATION (IN)
  YESTERDAY        0.06          1.52 1988   0.12  -0.06     0.03
  MONTH TO DATE    2.12                      2.28  -0.16     1.84
  SINCE DEC 1      5.05                      5.99  -0.94     6.33
  SINCE JAN 1      2.12                      2.28  -0.16     1.84

SNOWFALL (IN)
  YESTERDAY        0.0           4.0  1970   0.2   -0.2
  MONTH TO DATE    9.1                       1.8    7.3
  SINCE NOV 1      9.1                       3.6    5.5
  SINCE JUL 1      9.1                       3.6    5.5
  SNOW DEPTH       0

DEGREE DAYS
 HEATING
  YESTERDAY       26                        30     -4       39
  MONTH TO DATE  514                       595    -81      583
  SINCE DEC 1   1294                      1401   -107      994
  SINCE JUL 1   1954                      2219   -265     1641

 COOLING
  YESTERDAY        0                         0      0        0
  MONTH TO DATE    0                         0      0        0
  SINCE DEC 1      0                         0      0        9
  SINCE JAN 1      0                         0      0        0
..................................................................


WIND (MPH)
  HIGHEST WIND SPEED     9   HIGHEST WIND DIRECTION    SE (120)
  HIGHEST GUST SPEED    10   HIGHEST GUST DIRECTION    SE (130)
  AVERAGE WIND SPEED     2.2


SKY COVER
  POSSIBLE SUNSHINE  MM
  AVERAGE SKY COVER 0.6


WEATHER CONDITIONS
 THE FOLLOWING WEATHER WAS RECORDED YESTERDAY.
  LIGHT RAIN
  FOG
  FOG W/VISIBILITY <= 1/4 MILE


RELATIVE HUMIDITY (PERCENT)
 HIGHEST   100           100 AM
 LOWEST     82           100 PM
 AVERAGE    91

..........................................................


THE SALISBURY MD CLIMATE NORMALS FOR TODAY
                         NORMAL    RECORD    YEAR
 MAXIMUM TEMPERATURE (F)   44        68      1959
 MINIMUM TEMPERATURE (F)   27        -9      1918


SUNRISE AND SUNSET
JANUARY 21 2017.......SUNRISE   715 AM EST   SUNSET   512 PM EST
JANUARY 22 2017.......SUNRISE   714 AM EST   SUNSET   514 PM EST


-  INDICATES NEGATIVE NUMBERS.
R  INDICATES RECORD WAS SET OR TIED.
MM INDICATES DATA IS MISSING.
T  INDICATES TRACE AMOUNT.




$$
