000
CDUS41 KAKQ 280535
CLISBY


CLIMATE REPORT
NATIONAL WEATHER SERVICE WAKEFIELD, VA
134 AM EDT TUE JUL 28 2015


...................................

...THE SALISBURY MD CLIMATE SUMMARY FOR JULY 27 2015...

CLIMATE NORMAL PERIOD 1981 TO 2010
CLIMATE RECORD PERIOD 1900 TO 2015


WEATHER ITEM   OBSERVED TIME   RECORD YEAR NORMAL DEPARTURE LAST
                VALUE   (LST)  VALUE       VALUE  FROM      YEAR
                                                  NORMAL
..................................................................
TEMPERATURE (F)
 YESTERDAY
  MAXIMUM         83    217 PM 102    1940  86     -3       86
  MINIMUM         67    714 AM  52    1920  67      0       72
  AVERAGE         75                        77     -2       79

PRECIPITATION (IN)
  YESTERDAY        1.53          2.24 1988   0.16   1.37     0.03
  MONTH TO DATE    4.95                      3.69   1.26     4.78
  SINCE JUN 1     13.21                      7.40   5.81     6.36
  SINCE JAN 1     30.42                     25.95   4.47    26.07

SNOWFALL (IN)
  YESTERDAY        0.0           0.0  2002   0.0    0.0
                                      2001
  MONTH TO DATE    0.0                       0.0    0.0
  SINCE NOV 1     15.7                       9.3    6.4
  SINCE JUL 1      0.0                       0.0    0.0
  SNOW DEPTH       0

DEGREE DAYS
 HEATING
  YESTERDAY        0                         0      0        0
  MONTH TO DATE    0                         0      0        0
  SINCE JUN 1     15                        19     -4        5
  SINCE JUL 1      0                         0      0        0

 COOLING
  YESTERDAY       10                        12     -2       14
  MONTH TO DATE  302                       319    -17      357
  SINCE JUN 1    587                       546     41      650
  SINCE JAN 1    743                       630    113      785
..................................................................


WIND (MPH)
  HIGHEST WIND SPEED    14   HIGHEST WIND DIRECTION     W (290)
  HIGHEST GUST SPEED    18   HIGHEST GUST DIRECTION     W (280)
  AVERAGE WIND SPEED     5.4


SKY COVER
  POSSIBLE SUNSHINE  MM
  AVERAGE SKY COVER 0.4


WEATHER CONDITIONS
 THE FOLLOWING WEATHER WAS RECORDED YESTERDAY.
  THUNDERSTORM
  HEAVY RAIN
  LIGHT RAIN
  FOG


RELATIVE HUMIDITY (PERCENT)
 HIGHEST   100           800 AM
 LOWEST     69           200 PM
 AVERAGE    85

..........................................................


THE SALISBURY MD CLIMATE NORMALS FOR TODAY
                         NORMAL    RECORD    YEAR
 MAXIMUM TEMPERATURE (F)   86       100      1949
                                             1940
 MINIMUM TEMPERATURE (F)   67        48      1920


SUNRISE AND SUNSET
JULY 28 2015..........SUNRISE   601 AM EDT   SUNSET   816 PM EDT
JULY 29 2015..........SUNRISE   601 AM EDT   SUNSET   815 PM EDT


-  INDICATES NEGATIVE NUMBERS.
R  INDICATES RECORD WAS SET OR TIED.
MM INDICATES DATA IS MISSING.
T  INDICATES TRACE AMOUNT.




$$
