000
CDUS41 KAKQ 210626
CLISBY


CLIMATE REPORT
NATIONAL WEATHER SERVICE WAKEFIELD, VA
125 AM EST SUN JAN 21 2018


...................................

...THE SALISBURY MD CLIMATE SUMMARY FOR JANUARY 20 2018...

CLIMATE NORMAL PERIOD 1981 TO 2010
CLIMATE RECORD PERIOD 1900 TO 2018


WEATHER ITEM   OBSERVED TIME   RECORD YEAR NORMAL DEPARTURE LAST
                VALUE   (LST)  VALUE       VALUE  FROM      YEAR
                                                  NORMAL
..................................................................
TEMPERATURE (F)
 YESTERDAY
  MAXIMUM         54    343 PM  69    1951  44     10       48
  MINIMUM         27    739 AM  -1    1940  27      0       30
  AVERAGE         41                        35      6       39

PRECIPITATION (IN)
  YESTERDAY        0.00          1.53 1988   0.12  -0.12     0.06
  MONTH TO DATE    1.15                      2.28  -1.13     2.12
  SINCE DEC 1      2.29                      5.99  -3.70     5.05
  SINCE JAN 1      1.15                      2.28  -1.13     2.12

SNOWFALL (IN)
  YESTERDAY        0.0           4.0  1970   0.2   -0.2
  MONTH TO DATE    9.4                       1.8    7.6
  SINCE NOV 1     16.4                       3.6   12.8
  SINCE JUL 1     16.4                       3.6   12.8
  SNOW DEPTH       0

DEGREE DAYS
 HEATING
  YESTERDAY       24                        30     -6       26
  MONTH TO DATE  709                       595    114      514
  SINCE DEC 1   1585                      1401    184     1294
  SINCE JUL 1   2256                      2219     37     1954

 COOLING
  YESTERDAY        0                         0      0        0
  MONTH TO DATE    0                         0      0        0
  SINCE DEC 1      0                         0      0        0
  SINCE JAN 1      0                         0      0        0
..................................................................


WIND (MPH)
  HIGHEST WIND SPEED    14   HIGHEST WIND DIRECTION     W (250)
  HIGHEST GUST SPEED    17   HIGHEST GUST DIRECTION     W (250)
  AVERAGE WIND SPEED     5.3


SKY COVER
  POSSIBLE SUNSHINE  MM
  AVERAGE SKY COVER 0.0


WEATHER CONDITIONS
 THE FOLLOWING WEATHER WAS RECORDED YESTERDAY.
  NO SIGNIFICANT WEATHER WAS OBSERVED.


RELATIVE HUMIDITY (PERCENT)
 HIGHEST    78           900 PM
 LOWEST     24          1100 AM
 AVERAGE    51

..........................................................


THE SALISBURY MD CLIMATE NORMALS FOR TODAY
                         NORMAL    RECORD    YEAR
 MAXIMUM TEMPERATURE (F)   44        68      1959
 MINIMUM TEMPERATURE (F)   27        -9      1918


SUNRISE AND SUNSET
JANUARY 21 2018.......SUNRISE   715 AM EST   SUNSET   512 PM EST
JANUARY 22 2018.......SUNRISE   714 AM EST   SUNSET   513 PM EST


-  INDICATES NEGATIVE NUMBERS.
R  INDICATES RECORD WAS SET OR TIED.
MM INDICATES DATA IS MISSING.
T  INDICATES TRACE AMOUNT.




$$
