000
CDUS41 KAKQ 290545
CLISBY


CLIMATE REPORT
NATIONAL WEATHER SERVICE WAKEFIELD, VA
145 AM EDT WED MAR 29 2017


...................................

...THE SALISBURY MD CLIMATE SUMMARY FOR MARCH 28 2017...

CLIMATE NORMAL PERIOD 1981 TO 2010
CLIMATE RECORD PERIOD 1900 TO 2017


WEATHER ITEM   OBSERVED TIME   RECORD YEAR NORMAL DEPARTURE LAST
                VALUE   (LST)  VALUE       VALUE  FROM      YEAR
                                                  NORMAL
..................................................................
TEMPERATURE (F)
 YESTERDAY
  MAXIMUM         73    327 PM  89    1907  59     14       70
  MINIMUM         56   1159 PM  20    1915  38     18       50
  AVERAGE         65                        48     17       60

PRECIPITATION (IN)
  YESTERDAY        T             1.32 1934   0.15  -0.15     0.08
  MONTH TO DATE    3.61                      3.98  -0.37     1.74
  SINCE MAR 1      3.61                      3.98  -0.37     1.74
  SINCE JAN 1      8.41                     10.94  -2.53     8.59

SNOWFALL (IN)
  YESTERDAY        0.0           3.0  1947   0.0    0.0
  MONTH TO DATE    T                         0.8   -0.8
  SINCE NOV 1      9.6                       9.1    0.5
  SINCE JUL 1      9.6                       9.1    0.5
  SNOW DEPTH       0

DEGREE DAYS
 HEATING
  YESTERDAY        0                        17    -17        5
  MONTH TO DATE  584                       582      2      403
  SINCE MAR 1    584                       582      2      403
  SINCE JUL 1   3335                      3887   -552     3074

 COOLING
  YESTERDAY        0                         0      0        0
  MONTH TO DATE    2                         0      2        3
  SINCE MAR 1      2                         0      2        3
  SINCE JAN 1      2                         0      2        3
..................................................................


WIND (MPH)
  HIGHEST WIND SPEED    17   HIGHEST WIND DIRECTION    SW (210)
  HIGHEST GUST SPEED    22   HIGHEST GUST DIRECTION     S (200)
  AVERAGE WIND SPEED     8.9


SKY COVER
  POSSIBLE SUNSHINE  MM
  AVERAGE SKY COVER 0.6


WEATHER CONDITIONS
 THE FOLLOWING WEATHER WAS RECORDED YESTERDAY.
  LIGHT RAIN


RELATIVE HUMIDITY (PERCENT)
 HIGHEST   100          1000 PM
 LOWEST     61           400 PM
 AVERAGE    81

..........................................................


THE SALISBURY MD CLIMATE NORMALS FOR TODAY
                         NORMAL    RECORD    YEAR
 MAXIMUM TEMPERATURE (F)   59        93      1907
 MINIMUM TEMPERATURE (F)   38        18      1923


SUNRISE AND SUNSET
MARCH 29 2017.........SUNRISE   651 AM EDT   SUNSET   723 PM EDT
MARCH 30 2017.........SUNRISE   650 AM EDT   SUNSET   724 PM EDT


-  INDICATES NEGATIVE NUMBERS.
R  INDICATES RECORD WAS SET OR TIED.
MM INDICATES DATA IS MISSING.
T  INDICATES TRACE AMOUNT.




$$
