000
CDUS41 KAKQ 270556
CLISBY


CLIMATE REPORT
NATIONAL WEATHER SERVICE WAKEFIELD, VA
155 AM EDT SAT MAY 27 2017


...................................

...THE SALISBURY MD CLIMATE SUMMARY FOR MAY 26 2017...

CLIMATE NORMAL PERIOD 1981 TO 2010
CLIMATE RECORD PERIOD 1900 TO 2017


WEATHER ITEM   OBSERVED TIME   RECORD YEAR NORMAL DEPARTURE LAST
                VALUE   (LST)  VALUE       VALUE  FROM      YEAR
                                                  NORMAL
..................................................................
TEMPERATURE (F)
 YESTERDAY
  MAXIMUM         77    405 PM  92    2011  76      1       89
                                      1991
                                      1914
  MINIMUM         57    412 AM  39    1917  55      2       57
  AVERAGE         67                        65      2       73

PRECIPITATION (IN)
  YESTERDAY        0.00          2.02 1990   0.12  -0.12     0.00
  MONTH TO DATE    4.75                      2.98   1.77     4.50
  SINCE MAR 1     11.40                     10.95   0.45     9.95
  SINCE JAN 1     16.20                     17.91  -1.71    16.80

SNOWFALL (IN)
  YESTERDAY        0.0           0.0  2002   0.0    0.0
                                      2001
  MONTH TO DATE    0.0                       0.0    0.0
  SINCE NOV 1      9.6                       9.3    0.3
  SINCE JUL 1      9.6                       9.3    0.3
  SNOW DEPTH       0

DEGREE DAYS
 HEATING
  YESTERDAY        0                         3     -3        0
  MONTH TO DATE  131                       130      1      159
  SINCE MAR 1    935                      1105   -170      965
  SINCE JUL 1   3686                      4410   -724     3636

 COOLING
  YESTERDAY        2                         3     -1        8
  MONTH TO DATE   53                        47      6       20
  SINCE MAR 1    123                        64     59       44
  SINCE JAN 1    123                        64     59       44
..................................................................


WIND (MPH)
  HIGHEST WIND SPEED    25   HIGHEST WIND DIRECTION     W (270)
  HIGHEST GUST SPEED    34   HIGHEST GUST DIRECTION     W (270)
  AVERAGE WIND SPEED    11.7


SKY COVER
  POSSIBLE SUNSHINE  MM
  AVERAGE SKY COVER 0.5


WEATHER CONDITIONS
 THE FOLLOWING WEATHER WAS RECORDED YESTERDAY.
  NO SIGNIFICANT WEATHER WAS OBSERVED.


RELATIVE HUMIDITY (PERCENT)
 HIGHEST   100          1200 AM
 LOWEST     50           400 PM
 AVERAGE    75

..........................................................


THE SALISBURY MD CLIMATE NORMALS FOR TODAY
                         NORMAL    RECORD    YEAR
 MAXIMUM TEMPERATURE (F)   77        97      1914
 MINIMUM TEMPERATURE (F)   55        40      1967


SUNRISE AND SUNSET
MAY 27 2017...........SUNRISE   542 AM EDT   SUNSET   816 PM EDT
MAY 28 2017...........SUNRISE   542 AM EDT   SUNSET   817 PM EDT


-  INDICATES NEGATIVE NUMBERS.
R  INDICATES RECORD WAS SET OR TIED.
MM INDICATES DATA IS MISSING.
T  INDICATES TRACE AMOUNT.




$$
