000
CDUS46 KSTO 140848
CLISCK

CLIMATE REPORT
NATIONAL WEATHER SERVICE SACRAMENTO, CA
1246 AM PST THU DEC 14 2017


...................................

...THE STOCKTON AIRPORT CA CLIMATE SUMMARY FOR DECEMBER 13 2017...

CLIMATE NORMAL PERIOD 1981 TO 2010
CLIMATE RECORD PERIOD 1948 TO 2017


WEATHER ITEM   OBSERVED TIME   RECORD YEAR NORMAL DEPARTURE LAST
                VALUE   (LST)  VALUE       VALUE  FROM      YEAR
                                                  NORMAL
..................................................................
TEMPERATURE (F)
 YESTERDAY
  MAXIMUM         61    242 PM  67    1969  54      7       58
  MINIMUM         28    734 AM  24    1949  37     -9       45
  AVERAGE         45

PRECIPITATION (IN)
  YESTERDAY        0.00          0.59 1968   0.06  -0.06     0.02
  MONTH TO DATE    T                         0.83  -0.83     0.61
  SINCE OCT 1      0.91                      3.34  -2.43     4.66
  SINCE JAN 1     16.54                     12.67   3.87    16.78

SNOWFALL (IN)
  YESTERDAY        0.0           0.0  2001
  MONTH TO DATE    0.0
  SINCE DEC 1      0.0
  SINCE JUL 1      0.0
  SNOW DEPTH       0

DEGREE DAYS
 HEATING
  YESTERDAY       20                        19      1       13
  MONTH TO DATE  218                       238    -20      205
  SINCE DEC 1    218                       238    -20      205
  SINCE JUL 1    522                       695   -173      474

 COOLING
  YESTERDAY        0                         0      0        0
  MONTH TO DATE    0                         0      0        0
  SINCE DEC 1      0                         0      0        0
  SINCE JAN 1   1797                      1320    477     1445
..................................................................


WIND (MPH)
  RESULTANT WIND SPEED   0   RESULTANT WIND DIRECTION   N (360)
  HIGHEST WIND SPEED     7   HIGHEST WIND DIRECTION     W (250)
  HIGHEST GUST SPEED    10   HIGHEST GUST DIRECTION     N (360)


SKY COVER
  POSSIBLE SUNSHINE  MM
  AVERAGE SKY COVER 0.0


WEATHER CONDITIONS
 THE FOLLOWING WEATHER WAS RECORDED YESTERDAY.
  FOG
  HAZE


RELATIVE HUMIDITY (PERCENT)
 HIGHEST   100           400 AM
 LOWEST     49           200 PM
 AVERAGE    75

..........................................................


THE STOCKTON AIRPORT CA CLIMATE NORMALS FOR TODAY
                         NORMAL    RECORD    YEAR
 MAXIMUM TEMPERATURE (F)   54        68      1958
 MINIMUM TEMPERATURE (F)   37        26      1980


SUNRISE AND SUNSET
DECEMBER 14 2017......SUNRISE   713 AM PST   SUNSET   447 PM PST
DECEMBER 15 2017......SUNRISE   714 AM PST   SUNSET   447 PM PST


-  INDICATES NEGATIVE NUMBERS.
R  INDICATES RECORD WAS SET OR TIED.
MM INDICATES DATA IS MISSING.
T  INDICATES TRACE AMOUNT.




$$
