000
CDUS46 KSTO 171439
CLISCK


CLIMATE REPORT
NATIONAL WEATHER SERVICE SACRAMENTO, CA
738 AM PDT WED SEP 17 2014


...................................

...THE STOCKTON AIRPORT CA CLIMATE SUMMARY FOR SEPTEMBER 16 2014...

CLIMATE NORMAL PERIOD 1981 TO 2010
CLIMATE RECORD PERIOD 1948 TO 2014


WEATHER ITEM   OBSERVED TIME   RECORD YEAR NORMAL DEPARTURE LAST
                VALUE   (LST)  VALUE       VALUE  FROM      YEAR
                                                  NORMAL
..................................................................
TEMPERATURE (F)
 YESTERDAY
  MAXIMUM         91    450 PM 105    1979  88      3       88
  MINIMUM         58    609 AM  48    1980  57      1       57
  AVERAGE         75

PRECIPITATION (IN)
  YESTERDAY        0.00          1.31 1989   0.01  -0.01     0.00
  MONTH TO DATE    0.00                      0.10  -0.10     0.01
  SINCE JUL 1      0.01                      0.11  -0.10     0.01
  SINCE JAN 1      5.81                      9.14  -3.33     2.89

SNOWFALL (IN)
  YESTERDAY        0.0          MM      MM
  MONTH TO DATE    0.0
  SINCE SEP 1      0.0
  SINCE JUL 1      0.0
  SNOW DEPTH       0

DEGREE DAYS
 HEATING
  YESTERDAY        0                         0      0        0
  MONTH TO DATE    0                         0      0        0
  SINCE SEP 1      0                         0      0        0
  SINCE JUL 1      0                         0      0        0

 COOLING
  YESTERDAY       10                         8      2        8
  MONTH TO DATE  195                       138     57      171
  SINCE SEP 1    195                       138     57      171
  SINCE JAN 1   1441                      1182    259     1340
..................................................................


WIND (MPH)
  RESULTANT WIND SPEED   5   RESULTANT WIND DIRECTION  NW (300)
  HIGHEST WIND SPEED    14   HIGHEST WIND DIRECTION     W (290)
  HIGHEST GUST SPEED    16   HIGHEST GUST DIRECTION     W (290)


SKY COVER
  POSSIBLE SUNSHINE  MM
  AVERAGE SKY COVER 0.0


WEATHER CONDITIONS
 THE FOLLOWING WEATHER WAS RECORDED YESTERDAY.
  NO SIGNIFICANT WEATHER WAS OBSERVED.


RELATIVE HUMIDITY (PERCENT)
 HIGHEST    75           500 AM
 LOWEST     21           400 PM
 AVERAGE    48

..........................................................


THE STOCKTON AIRPORT CA CLIMATE NORMALS FOR TODAY
                         NORMAL    RECORD    YEAR
 MAXIMUM TEMPERATURE (F)   88       100      1984
 MINIMUM TEMPERATURE (F)   57        49      2006


SUNRISE AND SUNSET
SEPTEMBER 17 2014.....SUNRISE   649 AM PDT   SUNSET   710 PM PDT
SEPTEMBER 18 2014.....SUNRISE   649 AM PDT   SUNSET   708 PM PDT


-  INDICATES NEGATIVE NUMBERS.
R  INDICATES RECORD WAS SET OR TIED.
MM INDICATES DATA IS MISSING.
T  INDICATES TRACE AMOUNT.




$$
