000
CDUS46 KLOX 110915
CLISDB


CLIMATE REPORT
NATIONAL WEATHER SERVICE LOS ANGELES/OXNARD CA
115 AM PST SUN DEC 11 2016


...................................

...THE SANDBERG CA CLIMATE SUMMARY FOR DECEMBER 10 2016...

CLIMATE NORMAL PERIOD 1981 TO 2010
CLIMATE RECORD PERIOD 1934 TO 2016


WEATHER ITEM   OBSERVED TIME   RECORD YEAR NORMAL DEPARTURE LAST
                VALUE   (LST)  VALUE       VALUE  FROM      YEAR
                                                  NORMAL
..................................................................
TEMPERATURE (F)
 YESTERDAY
  MAXIMUM         65    100 PM  68    1995  48     17       61
  MINIMUM         49    127 AM  13    1972  37     12       42
  AVERAGE         57                        42     15       52

PRECIPITATION (IN)
  YESTERDAY        0.00          2.66 1943   0.06  -0.06     0.00
  MONTH TO DATE    T                         0.52  -0.52     0.00
  SINCE OCT 1      1.41                      1.90  -0.49     1.08
  SINCE JAN 1      6.64                     10.60  -3.96     5.65

DEGREE DAYS
 HEATING
  YESTERDAY        8                        23    -15       13
  MONTH TO DATE  171                       218    -47      124
  SINCE DEC 1    171                       218    -47      124
  SINCE JUL 1    620                       997   -377      740

 COOLING
  YESTERDAY        0                         0      0        0
  MONTH TO DATE    0                         0      0        0
  SINCE DEC 1      0                         0      0        0
  SINCE JAN 1   1673                       998    675     1499
..................................................................


WIND (MPH)
  HIGHEST WIND SPEED    25   HIGHEST WIND DIRECTION    NW (330)
  HIGHEST GUST SPEED    32   HIGHEST GUST DIRECTION    NW (330)
  AVERAGE WIND SPEED    10.9


SKY COVER
  POSSIBLE SUNSHINE  MM
  AVERAGE SKY COVER 0.4


WEATHER CONDITIONS
 THE FOLLOWING WEATHER WAS RECORDED YESTERDAY.
  FOG


RELATIVE HUMIDITY (PERCENT)
 HIGHEST    93           200 AM
 LOWEST     52           300 PM
 AVERAGE    73

..........................................................


THE SANDBERG CA CLIMATE NORMALS FOR TODAY
                         NORMAL    RECORD    YEAR
 MAXIMUM TEMPERATURE (F)   48        68      1967
 MINIMUM TEMPERATURE (F)   37        13      1972


SUNRISE AND SUNSET
DECEMBER 11 2016......SUNRISE   652 AM PST   SUNSET   444 PM PST
DECEMBER 12 2016......SUNRISE   653 AM PST   SUNSET   445 PM PST


-  INDICATES NEGATIVE NUMBERS.
R  INDICATES RECORD WAS SET OR TIED.
MM INDICATES DATA IS MISSING.
T  INDICATES TRACE AMOUNT.




$$
