000
CDUS46 KLOX 120908
CLISDB


CLIMATE REPORT
NATIONAL WEATHER SERVICE LOS ANGELES/OXNARD CA
107 AM PST FRI FEB 12 2016


...................................

...THE SANDBERG CA CLIMATE SUMMARY FOR FEBRUARY 11 2016...

CLIMATE NORMAL PERIOD 1981 TO 2010
CLIMATE RECORD PERIOD 1934 TO 2016


WEATHER ITEM   OBSERVED TIME   RECORD YEAR NORMAL DEPARTURE LAST
                VALUE   (LST)  VALUE       VALUE  FROM      YEAR
                                                  NORMAL
..................................................................
TEMPERATURE (F)
 YESTERDAY
  MAXIMUM         71R   200 PM  68    1971  49     22       63
  MINIMUM         59        MM  20    1948  38     21       51
  AVERAGE         65                        43     22       57

PRECIPITATION (IN)
  YESTERDAY        0.00          1.82 2005   0.11  -0.11     0.00
  MONTH TO DATE    0.01                      0.94  -0.93     0.01
  SINCE OCT 1      4.72                      6.98  -2.26     6.41
  SINCE JAN 1      3.02                      3.35  -0.33     1.51

DEGREE DAYS
 HEATING
  YESTERDAY        0                        22    -22        8
  MONTH TO DATE  180                       242    -62       77
  SINCE DEC 1   1496                      1628   -132     1067
  SINCE JUL 1   2112                      2407   -295     1457

 COOLING
  YESTERDAY        0                         0      0        0
  MONTH TO DATE    0                         0      0        1
  SINCE DEC 1      0                         0      0        1
  SINCE JAN 1      0                         0      0        1
..................................................................


WIND (MPH)
  HIGHEST WIND SPEED    17   HIGHEST WIND DIRECTION     E (70)
  HIGHEST GUST SPEED    21   HIGHEST GUST DIRECTION     E (70)
  AVERAGE WIND SPEED    11.2


SKY COVER
  POSSIBLE SUNSHINE  MM
  AVERAGE SKY COVER 0.0


WEATHER CONDITIONS
 THE FOLLOWING WEATHER WAS RECORDED YESTERDAY.
  NO SIGNIFICANT WEATHER WAS OBSERVED.


RELATIVE HUMIDITY (PERCENT)
 HIGHEST    23          1100 PM
 LOWEST     17           600 PM
 AVERAGE    20

..........................................................


THE SANDBERG CA CLIMATE NORMALS FOR TODAY
                         NORMAL    RECORD    YEAR
 MAXIMUM TEMPERATURE (F)   49        75      2014
 MINIMUM TEMPERATURE (F)   38        20      1949


SUNRISE AND SUNSET
FEBRUARY 12 2016......SUNRISE   644 AM PST   SUNSET   535 PM PST
FEBRUARY 13 2016......SUNRISE   643 AM PST   SUNSET   536 PM PST


-  INDICATES NEGATIVE NUMBERS.
R  INDICATES RECORD WAS SET OR TIED.
MM INDICATES DATA IS MISSING.
T  INDICATES TRACE AMOUNT.




$$
