000
CDUS46 KLOX 210940
CLISDB


CLIMATE REPORT
NATIONAL WEATHER SERVICE LOS ANGELES/OXNARD CA
140 AM PST FRI NOV 21 2014


...................................

...THE SANDBERG CA CLIMATE SUMMARY FOR NOVEMBER 20 2014...

CLIMATE NORMAL PERIOD 1981 TO 2010
CLIMATE RECORD PERIOD 1934 TO 2014


WEATHER ITEM   OBSERVED TIME   RECORD YEAR NORMAL DEPARTURE LAST
                VALUE   (LST)  VALUE       VALUE  FROM      YEAR
                                                  NORMAL
..................................................................
TEMPERATURE (F)
 YESTERDAY
  MAXIMUM         59   1230 PM  73    1995  54      5       57
  MINIMUM         45   1159 PM  24    1977  41      4       43
  AVERAGE         52                        48      4       50

PRECIPITATION (IN)
  YESTERDAY        0.01          2.31 1967   0.02  -0.01     0.03
  MONTH TO DATE    0.02                      0.46  -0.44     0.03
  SINCE JUL 1      0.68                      1.28  -0.60     0.34
  SINCE JAN 1      4.26                      9.76  -5.50     3.25

DEGREE DAYS
 HEATING
  YESTERDAY       13                        18     -5       15
  MONTH TO DATE  205                       284    -79      161
  SINCE SEP 1    297                       568   -271      378
  SINCE JUL 1    297                       585   -288      378

 COOLING
  YESTERDAY        0                         0      0        0
  MONTH TO DATE   18                         0     18        4
  SINCE SEP 1    507                       239    268      333
  SINCE JAN 1   1687                       996    691     1565
..................................................................


WIND (MPH)
  HIGHEST WIND SPEED    24   HIGHEST WIND DIRECTION     W (270)
  HIGHEST GUST SPEED    31   HIGHEST GUST DIRECTION     W (290)
  AVERAGE WIND SPEED    11.3


SKY COVER
  POSSIBLE SUNSHINE  MM
  AVERAGE SKY COVER 0.3


WEATHER CONDITIONS
 THE FOLLOWING WEATHER WAS RECORDED YESTERDAY.
  LIGHT RAIN
  FOG
  HAZE


RELATIVE HUMIDITY (PERCENT)
 HIGHEST    86           800 PM
 LOWEST     43          1100 AM
 AVERAGE    65

..........................................................


THE SANDBERG CA CLIMATE NORMALS FOR TODAY
                         NORMAL    RECORD    YEAR
 MAXIMUM TEMPERATURE (F)   54        70      1995
 MINIMUM TEMPERATURE (F)   41        26      2004
                                             1963


SUNRISE AND SUNSET
NOVEMBER 21 2014......SUNRISE   635 AM PST   SUNSET   447 PM PST
NOVEMBER 22 2014......SUNRISE   636 AM PST   SUNSET   446 PM PST


-  INDICATES NEGATIVE NUMBERS.
R  INDICATES RECORD WAS SET OR TIED.
MM INDICATES DATA IS MISSING.
T  INDICATES TRACE AMOUNT.




$$
