000
CDUS46 KLOX 220902
CLISDB


CLIMATE REPORT
NATIONAL WEATHER SERVICE LOS ANGELES/OXNARD CA
202 AM PDT WED OCT 22 2014


...................................

...THE SANDBERG CA CLIMATE SUMMARY FOR OCTOBER 21 2014...

CLIMATE NORMAL PERIOD 1981 TO 2010
CLIMATE RECORD PERIOD 1934 TO 2014


WEATHER ITEM   OBSERVED TIME   RECORD YEAR NORMAL DEPARTURE LAST
                VALUE   (LST)  VALUE       VALUE  FROM      YEAR
                                                  NORMAL
..................................................................
TEMPERATURE (F)
 YESTERDAY
  MAXIMUM         61    313 PM  85    2003  66     -5       79
  MINIMUM         47    758 AM  33    1957  50     -3       61
  AVERAGE         54                        58     -4       70

PRECIPITATION (IN)
  YESTERDAY        0.00          0.48 1941   0.02  -0.02     0.00
  MONTH TO DATE    0.00                      0.35  -0.35     0.20
  SINCE JUL 1      0.17                      0.57  -0.40     0.28
  SINCE JAN 1      3.75                      9.05  -5.30     3.19

DEGREE DAYS
 HEATING
  YESTERDAY       11                         8      3        0
  MONTH TO DATE   31                       127    -96      103
  SINCE SEP 1     52                       188   -136      150
  SINCE JUL 1     52                       205   -153      150

 COOLING
  YESTERDAY        0                         1     -1        5
  MONTH TO DATE  139                        43     96       25
  SINCE SEP 1    470                       232    238      303
  SINCE JAN 1   1650                       989    661     1535
..................................................................


WIND (MPH)
  HIGHEST WIND SPEED    38   HIGHEST WIND DIRECTION     N (340)
  HIGHEST GUST SPEED    46   HIGHEST GUST DIRECTION     N (340)
  AVERAGE WIND SPEED    23.8


SKY COVER
  POSSIBLE SUNSHINE  MM
  AVERAGE SKY COVER 0.4


WEATHER CONDITIONS
 THE FOLLOWING WEATHER WAS RECORDED YESTERDAY.
  FOG
  FOG W/VISIBILITY <= 1/4 MILE
  HAZE


RELATIVE HUMIDITY (PERCENT)
 HIGHEST    93           600 AM
 LOWEST     51          1200 PM
 AVERAGE    72

..........................................................


THE SANDBERG CA CLIMATE NORMALS FOR TODAY
                         NORMAL    RECORD    YEAR
 MAXIMUM TEMPERATURE (F)   65        84      2003
 MINIMUM TEMPERATURE (F)   50        35      1985


SUNRISE AND SUNSET
OCTOBER 22 2014.......SUNRISE   707 AM PDT   SUNSET   612 PM PDT
OCTOBER 23 2014.......SUNRISE   707 AM PDT   SUNSET   610 PM PDT


-  INDICATES NEGATIVE NUMBERS.
R  INDICATES RECORD WAS SET OR TIED.
MM INDICATES DATA IS MISSING.
T  INDICATES TRACE AMOUNT.




$$
