000
CDUS46 KLOX 010112
CLISDB


CLIMATE REPORT
NATIONAL WEATHER SERVICE LOS ANGELES/OXNARD CA
511 PM PST SAT FEB 28 2015


...................................

...THE SANDBERG CA CLIMATE SUMMARY FOR FEBRUARY 28 2015...
VALID TODAY AS OF 0500 PM LOCAL TIME.

CLIMATE NORMAL PERIOD 1981 TO 2010
CLIMATE RECORD PERIOD 1934 TO 2015


WEATHER ITEM   OBSERVED TIME   RECORD YEAR NORMAL DEPARTURE LAST
                VALUE   (LST)  VALUE       VALUE  FROM      YEAR
                                                  NORMAL
..................................................................
TEMPERATURE (F)
 TODAY
  MAXIMUM         49   1125 AM  69    1986  51     -2       49
  MINIMUM         35    700 AM  20    1971  39     -4       38
  AVERAGE         42                        45     -3       44

PRECIPITATION (IN)
  TODAY            0.01          2.58 1970   0.12  -0.11     2.46
  MONTH TO DATE    0.14                      3.24  -3.10     2.91
  SINCE OCT 1      6.54                      9.28  -2.74     3.61
  SINCE JAN 1      1.64                      5.65  -4.01     2.91

DEGREE DAYS
 HEATING
  TODAY           23                        20      3       21
  MONTH TO DATE  251                       595   -344      376
  SINCE DEC 1   1241                      1980   -739     1231
  SINCE JUL 1   1631                      2759  -1128     1785

 COOLING
  TODAY            0                         0      0        0
  MONTH TO DATE    3                         0      3        7
  SINCE DEC 1      3                         0      3        7
  SINCE JAN 1      3                         0      3        7
..................................................................


WIND (MPH)
  HIGHEST WIND SPEED    24   HIGHEST WIND DIRECTION     S (180)
  HIGHEST GUST SPEED    31   HIGHEST GUST DIRECTION     S (180)
  AVERAGE WIND SPEED    14.4


SKY COVER
  POSSIBLE SUNSHINE  MM
  AVERAGE SKY COVER 0.6


WEATHER CONDITIONS
 THE FOLLOWING WEATHER WAS RECORDED TODAY.
  LIGHT RAIN
  FOG
  FOG W/VISIBILITY <= 1/4 MILE
  HAZE


RELATIVE HUMIDITY (PERCENT)
 HIGHEST    92           200 AM
 LOWEST     49          1000 AM
 AVERAGE    71

..........................................................


THE SANDBERG CA CLIMATE NORMALS FOR TOMORROW
                         NORMAL    RECORD    YEAR
 MAXIMUM TEMPERATURE (F)   52        73      1993
 MINIMUM TEMPERATURE (F)   39        20      1971


SUNRISE AND SUNSET
FEBRUARY 28 2015......SUNRISE   626 AM PST   SUNSET   550 PM PST
MARCH  1 2015.........SUNRISE   624 AM PST   SUNSET   551 PM PST


-  INDICATES NEGATIVE NUMBERS.
R  INDICATES RECORD WAS SET OR TIED.
MM INDICATES DATA IS MISSING.
T  INDICATES TRACE AMOUNT.




$$
