000
CDUS46 KLOX 240915
CLISDB


CLIMATE REPORT
NATIONAL WEATHER SERVICE LOS ANGELES/OXNARD CA
215 AM PDT FRI OCT 24 2014


...................................

...THE SANDBERG CA CLIMATE SUMMARY FOR OCTOBER 23 2014...

CLIMATE NORMAL PERIOD 1981 TO 2010
CLIMATE RECORD PERIOD 1934 TO 2014


WEATHER ITEM   OBSERVED TIME   RECORD YEAR NORMAL DEPARTURE LAST
                VALUE   (LST)  VALUE       VALUE  FROM      YEAR
                                                  NORMAL
..................................................................
TEMPERATURE (F)
 YESTERDAY
  MAXIMUM         83   1247 PM  84    1959  65     18       78
  MINIMUM         64    947 PM  31    1975  49     15       61
  AVERAGE         74                        57     17       70

PRECIPITATION (IN)
  YESTERDAY        0.00          0.35 1941   0.02  -0.02     0.00
  MONTH TO DATE    0.00                      0.40  -0.40     0.20
  SINCE JUL 1      0.17                      0.62  -0.45     0.28
  SINCE JAN 1      3.75                      9.10  -5.35     3.19

DEGREE DAYS
 HEATING
  YESTERDAY        0                         9     -9        0
  MONTH TO DATE   33                       144   -111      103
  SINCE SEP 1     54                       205   -151      150
  SINCE JUL 1     54                       222   -168      150

 COOLING
  YESTERDAY        9                         1      8        5
  MONTH TO DATE  148                        45    103       36
  SINCE SEP 1    479                       234    245      314
  SINCE JAN 1   1659                       991    668     1546
..................................................................


WIND (MPH)
  HIGHEST WIND SPEED    20   HIGHEST WIND DIRECTION     S (180)
  HIGHEST GUST SPEED    25   HIGHEST GUST DIRECTION     S (180)
  AVERAGE WIND SPEED    10.6


SKY COVER
  POSSIBLE SUNSHINE  MM
  AVERAGE SKY COVER 0.0


WEATHER CONDITIONS
 THE FOLLOWING WEATHER WAS RECORDED YESTERDAY.
  NO SIGNIFICANT WEATHER WAS OBSERVED.


RELATIVE HUMIDITY (PERCENT)
 HIGHEST    34           800 PM
 LOWEST      8          1000 AM
 AVERAGE    21

..........................................................


THE SANDBERG CA CLIMATE NORMALS FOR TODAY
                         NORMAL    RECORD    YEAR
 MAXIMUM TEMPERATURE (F)   64        87      1959
 MINIMUM TEMPERATURE (F)   49        28      1956


SUNRISE AND SUNSET
OCTOBER 24 2014.......SUNRISE   708 AM PDT   SUNSET   609 PM PDT
OCTOBER 25 2014.......SUNRISE   709 AM PDT   SUNSET   608 PM PDT


-  INDICATES NEGATIVE NUMBERS.
R  INDICATES RECORD WAS SET OR TIED.
MM INDICATES DATA IS MISSING.
T  INDICATES TRACE AMOUNT.




$$
