000
CDUS46 KLOX 180903
CLISDB


CLIMATE REPORT
NATIONAL WEATHER SERVICE LOS ANGELES/OXNARD CA
203 AM PDT FRI AUG 18 2017


...................................

...THE SANDBERG CA CLIMATE SUMMARY FOR AUGUST 17 2017...

CLIMATE NORMAL PERIOD 1981 TO 2010
CLIMATE RECORD PERIOD 1934 TO 2017


WEATHER ITEM   OBSERVED TIME   RECORD YEAR NORMAL DEPARTURE LAST
                VALUE   (LST)  VALUE       VALUE  FROM      YEAR
                                                  NORMAL
..................................................................
TEMPERATURE (F)
 YESTERDAY
  MAXIMUM         88    125 PM  97    1950  85      3       95
  MINIMUM         61    523 AM  44    1968  64     -3       69
  AVERAGE         75                        74      1       82

PRECIPITATION (IN)
  YESTERDAY        0.00          1.67 1977   0.00   0.00     0.00
  MONTH TO DATE    0.29                      0.01   0.28     0.00
  SINCE OCT 1     13.08                     12.14   0.94     6.93
  SINCE JAN 1      9.24                      8.51   0.73     5.23

DEGREE DAYS
 HEATING
  YESTERDAY        0                         0      0        0
  MONTH TO DATE    1                         0      1        0
  SINCE JUN 1     41                        92    -51       21
  SINCE JUL 1      1                         8     -7        0

 COOLING
  YESTERDAY       10                         9      1       17
  MONTH TO DATE  215                       169     46      263
  SINCE JUN 1   1080                       587    493     1065
  SINCE JAN 1   1225                       632    593     1146
..................................................................


WIND (MPH)
  HIGHEST WIND SPEED    18   HIGHEST WIND DIRECTION    SW (210)
  HIGHEST GUST SPEED    24   HIGHEST GUST DIRECTION    SW (220)
  AVERAGE WIND SPEED     8.7


SKY COVER
  POSSIBLE SUNSHINE  MM
  AVERAGE SKY COVER 0.0


WEATHER CONDITIONS
 THE FOLLOWING WEATHER WAS RECORDED YESTERDAY.
  NO SIGNIFICANT WEATHER WAS OBSERVED.


RELATIVE HUMIDITY (PERCENT)
 HIGHEST    67           100 AM
 LOWEST     27           100 PM
 AVERAGE    47

..........................................................


THE SANDBERG CA CLIMATE NORMALS FOR TODAY
                         NORMAL    RECORD    YEAR
 MAXIMUM TEMPERATURE (F)   85        98      1950
 MINIMUM TEMPERATURE (F)   64        45      1976


SUNRISE AND SUNSET
AUGUST 18 2017........SUNRISE   618 AM PDT   SUNSET   739 PM PDT
AUGUST 19 2017........SUNRISE   619 AM PDT   SUNSET   738 PM PDT


-  INDICATES NEGATIVE NUMBERS.
R  INDICATES RECORD WAS SET OR TIED.
MM INDICATES DATA IS MISSING.
T  INDICATES TRACE AMOUNT.




$$
