000
CDUS46 KLOX 180122
CLISDB


CLIMATE REPORT
NATIONAL WEATHER SERVICE LOS ANGELES/OXNARD CA
622 PM PDT TUE OCT 17 2017


...................................

...THE SANDBERG CA CLIMATE SUMMARY FOR OCTOBER 17 2017...
VALID TODAY AS OF 0600 PM LOCAL TIME.

CLIMATE NORMAL PERIOD 1981 TO 2010
CLIMATE RECORD PERIOD 1934 TO 2017


WEATHER ITEM   OBSERVED TIME   RECORD YEAR NORMAL DEPARTURE LAST
                VALUE   (LST)  VALUE       VALUE  FROM      YEAR
                                                  NORMAL
..................................................................
TEMPERATURE (F)
 TODAY
  MAXIMUM         88R  1225 PM  85    1958  67     21       59
  MINIMUM         67    201 AM  29    1971  51     16       48
  AVERAGE         78                        59     19       54

PRECIPITATION (IN)
  TODAY            0.00          2.50 2005   0.02  -0.02     0.01
  MONTH TO DATE    0.00                      0.26  -0.26     0.01
  SINCE OCT 1      0.00                      0.26  -0.26     0.01
  SINCE JAN 1     10.05                      8.96   1.09     5.24

DEGREE DAYS
 HEATING
  TODAY            0                         7     -7       11
  MONTH TO DATE   37                        96    -59       59
  SINCE SEP 1     88                       157    -69       92
  SINCE JUL 1     89                       174    -85       92

 COOLING
  TODAY           13                         1     12        0
  MONTH TO DATE   42                        39      3       37
  SINCE SEP 1    245                       228     17      277
  SINCE JAN 1   1717                       985    732     1621
..................................................................


WIND (MPH)
  HIGHEST WIND SPEED    21   HIGHEST WIND DIRECTION     N (350)
  HIGHEST GUST SPEED    27   HIGHEST GUST DIRECTION     N (340)
  AVERAGE WIND SPEED     9.0


SKY COVER
  POSSIBLE SUNSHINE  MM
  AVERAGE SKY COVER 0.1


WEATHER CONDITIONS
 THE FOLLOWING WEATHER WAS RECORDED TODAY.
  NO SIGNIFICANT WEATHER WAS OBSERVED.


RELATIVE HUMIDITY (PERCENT)
 HIGHEST    10           400 PM
 LOWEST      4          1000 AM
 AVERAGE     7

..........................................................


THE SANDBERG CA CLIMATE NORMALS FOR TOMORROW
                         NORMAL    RECORD    YEAR
 MAXIMUM TEMPERATURE (F)   67        84      1995
 MINIMUM TEMPERATURE (F)   51        27      1949


SUNRISE AND SUNSET
OCTOBER 17 2017.......SUNRISE   703 AM PDT   SUNSET   617 PM PDT
OCTOBER 18 2017.......SUNRISE   703 AM PDT   SUNSET   616 PM PDT


-  INDICATES NEGATIVE NUMBERS.
R  INDICATES RECORD WAS SET OR TIED.
MM INDICATES DATA IS MISSING.
T  INDICATES TRACE AMOUNT.




$$
