000
CDUS46 KLOX 230907
CLISDB


CLIMATE REPORT
NATIONAL WEATHER SERVICE LOS ANGELES/OXNARD CA
207 AM PDT SAT JUL 23 2016


...................................

...THE SANDBERG CA CLIMATE SUMMARY FOR JULY 22 2016...

CLIMATE NORMAL PERIOD 1981 TO 2010
CLIMATE RECORD PERIOD 1934 TO 2016


WEATHER ITEM   OBSERVED TIME   RECORD YEAR NORMAL DEPARTURE LAST
                VALUE   (LST)  VALUE       VALUE  FROM      YEAR
                                                  NORMAL
..................................................................
TEMPERATURE (F)
 YESTERDAY
  MAXIMUM         89    109 PM  99    2006  86      3       72
  MINIMUM         68    457 AM  47    1987  65      3       59
  AVERAGE         79                        75      4       66

PRECIPITATION (IN)
  YESTERDAY        0.00          0.12 2006   0.00   0.00     0.00
  MONTH TO DATE    0.00                      0.01  -0.01     1.02
  SINCE OCT 1      6.93                     12.12  -5.19     8.41
  SINCE JAN 1      5.23                      8.49  -3.26     3.51

DEGREE DAYS
 HEATING
  YESTERDAY        0                         0      0        0
  MONTH TO DATE    0                         4     -4       10
  SINCE JUN 1     21                        88    -67       29
  SINCE JUL 1      0                         4     -4       10

 COOLING
  YESTERDAY       14                        10      4        1
  MONTH TO DATE  251                       195     56      156
  SINCE JUN 1    622                       326    296      496
  SINCE JAN 1    703                       371    332      609
..................................................................


WIND (MPH)
  HIGHEST WIND SPEED    36   HIGHEST WIND DIRECTION     N (340)
  HIGHEST GUST SPEED    45   HIGHEST GUST DIRECTION     N (340)
  AVERAGE WIND SPEED    17.7


SKY COVER
  POSSIBLE SUNSHINE  MM
  AVERAGE SKY COVER 0.0


WEATHER CONDITIONS
 THE FOLLOWING WEATHER WAS RECORDED YESTERDAY.
  NO SIGNIFICANT WEATHER WAS OBSERVED.


RELATIVE HUMIDITY (PERCENT)
 HIGHEST    41           100 AM
 LOWEST     11           500 PM
 AVERAGE    26

..........................................................


THE SANDBERG CA CLIMATE NORMALS FOR TODAY
                         NORMAL    RECORD    YEAR
 MAXIMUM TEMPERATURE (F)   86        98      1942
 MINIMUM TEMPERATURE (F)   65        53      1987


SUNRISE AND SUNSET
JULY 23 2016..........SUNRISE   559 AM PDT   SUNSET   804 PM PDT
JULY 24 2016..........SUNRISE   559 AM PDT   SUNSET   803 PM PDT


-  INDICATES NEGATIVE NUMBERS.
R  INDICATES RECORD WAS SET OR TIED.
MM INDICATES DATA IS MISSING.
T  INDICATES TRACE AMOUNT.




$$
