000
CDUS46 KLOX 050906
CLISDB


CLIMATE REPORT
NATIONAL WEATHER SERVICE LOS ANGELES/OXNARD CA
206 AM PDT THU MAY 5 2016


...................................

...THE SANDBERG CA CLIMATE SUMMARY FOR MAY 4 2016...

CLIMATE NORMAL PERIOD 1981 TO 2010
CLIMATE RECORD PERIOD 1934 TO 2016


WEATHER ITEM   OBSERVED TIME   RECORD YEAR NORMAL DEPARTURE LAST
                VALUE   (LST)  VALUE       VALUE  FROM      YEAR
                                                  NORMAL
..................................................................
TEMPERATURE (F)
 YESTERDAY
  MAXIMUM         73   1243 PM  86    1947  64      9       69
                                      1989
  MINIMUM         46   1159 PM  26    1975  46      0       47
  AVERAGE         60                        55      5       58

PRECIPITATION (IN)
  YESTERDAY        0.00          0.33 1967   0.03  -0.03     0.00
  MONTH TO DATE    0.05                      0.10  -0.05     0.00
  SINCE OCT 1      6.69                     11.74  -5.05     7.02
  SINCE JAN 1      4.99                      8.11  -3.12     2.12

DEGREE DAYS
 HEATING
  YESTERDAY        5                        11     -6        7
  MONTH TO DATE    9                        44    -35        7
  SINCE MAR 1    618                      1060   -442      513
  SINCE JUL 1   2878                      3819   -941     2144

 COOLING
  YESTERDAY        0                         1     -1        0
  MONTH TO DATE    3                         2      1        8
  SINCE MAR 1     22                        10     12       63
  SINCE JAN 1     22                        10     12       66
..................................................................


WIND (MPH)
  HIGHEST WIND SPEED    28   HIGHEST WIND DIRECTION    SE (150)
  HIGHEST GUST SPEED    38   HIGHEST GUST DIRECTION    SE (150)
  AVERAGE WIND SPEED    14.4


SKY COVER
  POSSIBLE SUNSHINE  MM
  AVERAGE SKY COVER 0.1


WEATHER CONDITIONS
 THE FOLLOWING WEATHER WAS RECORDED YESTERDAY.
  FOG
  FOG W/VISIBILITY <= 1/4 MILE


RELATIVE HUMIDITY (PERCENT)
 HIGHEST    93          1100 PM
 LOWEST     27          1200 PM
 AVERAGE    60

..........................................................


THE SANDBERG CA CLIMATE NORMALS FOR TODAY
                         NORMAL    RECORD    YEAR
 MAXIMUM TEMPERATURE (F)   64        86      1989
 MINIMUM TEMPERATURE (F)   46        27      1964


SUNRISE AND SUNSET
MAY  5 2016...........SUNRISE   600 AM PDT   SUNSET   744 PM PDT
MAY  6 2016...........SUNRISE   559 AM PDT   SUNSET   744 PM PDT


-  INDICATES NEGATIVE NUMBERS.
R  INDICATES RECORD WAS SET OR TIED.
MM INDICATES DATA IS MISSING.
T  INDICATES TRACE AMOUNT.




$$
