000
CDUS46 KLOX 230114
CLISDB


CLIMATE REPORT
NATIONAL WEATHER SERVICE LOS ANGELES/OXNARD CA
614 PM PDT MON MAY 22 2017


...................................

...THE SANDBERG CA CLIMATE SUMMARY FOR MAY 22 2017...
VALID TODAY AS OF 0600 PM LOCAL TIME.

CLIMATE NORMAL PERIOD 1981 TO 2010
CLIMATE RECORD PERIOD 1934 TO 2017


WEATHER ITEM   OBSERVED TIME   RECORD YEAR NORMAL DEPARTURE LAST
                VALUE   (LST)  VALUE       VALUE  FROM      YEAR
                                                  NORMAL
..................................................................
TEMPERATURE (F)
 TODAY
  MAXIMUM         91R   149 PM  89    2001  69     22       64
  MINIMUM         66    455 AM  31    1965  50     16       41
  AVERAGE         79                        60     19       53

PRECIPITATION (IN)
  TODAY            0.00          0.07 2006   0.01  -0.01     0.00
                                      2006
                                      2015
  MONTH TO DATE    0.02                      0.34  -0.32     0.29
  SINCE OCT 1     12.78                     11.98   0.80     6.93
  SINCE JAN 1      8.94                      8.35   0.59     5.23

DEGREE DAYS
 HEATING
  TODAY            0                         7     -7       12
  MONTH TO DATE  158                       199    -41      134
  SINCE MAR 1    762                      1215   -453      743
  SINCE JUL 1   3019                      3974   -955     3003

 COOLING
  TODAY           14                         1     13        0
  MONTH TO DATE   76                        20     56       30
  SINCE MAR 1     97                        28     69       49
  SINCE JAN 1     97                        28     69       49
..................................................................


WIND (MPH)
  HIGHEST WIND SPEED    20   HIGHEST WIND DIRECTION     S (180)
  HIGHEST GUST SPEED    26   HIGHEST GUST DIRECTION    SE (120)
  AVERAGE WIND SPEED    11.5


SKY COVER
  POSSIBLE SUNSHINE  MM
  AVERAGE SKY COVER 0.0


WEATHER CONDITIONS
 THE FOLLOWING WEATHER WAS RECORDED TODAY.
  NO SIGNIFICANT WEATHER WAS OBSERVED.


RELATIVE HUMIDITY (PERCENT)
 HIGHEST    37           100 AM
 LOWEST      8           200 PM
 AVERAGE    23

..........................................................


THE SANDBERG CA CLIMATE NORMALS FOR TOMORROW
                         NORMAL    RECORD    YEAR
 MAXIMUM TEMPERATURE (F)   70        90      2001
 MINIMUM TEMPERATURE (F)   50        28      2010


SUNRISE AND SUNSET
MAY 22 2017...........SUNRISE   547 AM PDT   SUNSET   757 PM PDT
MAY 23 2017...........SUNRISE   547 AM PDT   SUNSET   757 PM PDT


-  INDICATES NEGATIVE NUMBERS.
R  INDICATES RECORD WAS SET OR TIED.
MM INDICATES DATA IS MISSING.
T  INDICATES TRACE AMOUNT.




$$
