000
CDUS43 KLMK 090631
CLISDF


CLIMATE REPORT
NATIONAL WEATHER SERVICE LOUISVILLE KY
130 AM EST FRI DEC 9 2016


...................................

...THE LOUISVILLE KY CLIMATE SUMMARY FOR DECEMBER 8 2016...

CLIMATE NORMAL PERIOD 1981 TO 2010
CLIMATE RECORD PERIOD 1871 TO 2016


WEATHER ITEM   OBSERVED TIME   RECORD YEAR NORMAL DEPARTURE LAST
                VALUE   (LST)  VALUE       VALUE  FROM      YEAR
                                                  NORMAL
..................................................................
TEMPERATURE (F)
 YESTERDAY
  MAXIMUM         37    250 PM  68    1980  48    -11       61
                                      1922
                                      1894
  MINIMUM         25   1135 PM  -1    1917  32     -7       33
  AVERAGE         31                        40     -9       47

PRECIPITATION (IN)
  YESTERDAY        T             1.73 1972   0.13  -0.13     0.00
  MONTH TO DATE    1.01                      1.00   0.01     0.57
  SINCE DEC 1      1.01                      1.00   0.01     0.57
  SINCE JAN 1     39.26                     42.08  -2.82    56.40

SNOWFALL (IN)
  YESTERDAY        T            15.0  1917   0.1   -0.1      0.0
  MONTH TO DATE    T                         0.4   -0.4      0.0
  SINCE DEC 1      T                         0.4   -0.4      0.0
  SINCE JUL 1      T                         0.6   -0.6      0.0
  SNOW DEPTH       0

DEGREE DAYS
 HEATING
  YESTERDAY       34                        25      9       18
  MONTH TO DATE  193                       193      0      170
  SINCE DEC 1    193                       193      0      170
  SINCE JUL 1    660                       928   -268      694

 COOLING
  YESTERDAY        0                         0      0        0
  MONTH TO DATE    0                         0      0        0
  SINCE DEC 1      0                         0      0        0
  SINCE JAN 1   2082                      1613    469     1787
..................................................................


WIND (MPH)
  HIGHEST WIND SPEED    20   HIGHEST WIND DIRECTION     W (290)
  HIGHEST GUST SPEED    25   HIGHEST GUST DIRECTION     W (280)
  AVERAGE WIND SPEED    12.9


SKY COVER
  POSSIBLE SUNSHINE  MM
  AVERAGE SKY COVER 0.6


WEATHER CONDITIONS
 THE FOLLOWING WEATHER WAS RECORDED YESTERDAY.
  LIGHT SNOW


RELATIVE HUMIDITY (PERCENT)
 HIGHEST    59           400 AM
 LOWEST     38           100 PM
 AVERAGE    49

..........................................................


THE LOUISVILLE KY CLIMATE NORMALS FOR TODAY
                         NORMAL    RECORD    YEAR
 MAXIMUM TEMPERATURE (F)   47        70      1897
 MINIMUM TEMPERATURE (F)   31        -6      1917


SUNRISE AND SUNSET
DECEMBER  9 2016......SUNRISE   748 AM EST   SUNSET   523 PM EST
DECEMBER 10 2016......SUNRISE   749 AM EST   SUNSET   523 PM EST


-  INDICATES NEGATIVE NUMBERS.
R  INDICATES RECORD WAS SET OR TIED.
MM INDICATES DATA IS MISSING.
T  INDICATES TRACE AMOUNT.




$$
