000
CDUS46 KSEW 030832
CLISEA


CLIMATE REPORT
NATIONAL WEATHER SERVICE SEATTLE WA
1231 AM PST SAT DEC 3 2016


...................................

...THE SEATTLE-TACOMA WA AIRPORT CLIMATE SUMMARY FOR DECEMBER 2 2016...

CLIMATE NORMAL PERIOD 1981 TO 2010
CLIMATE RECORD PERIOD 1945 TO 2016


WEATHER ITEM   OBSERVED TIME   RECORD YEAR NORMAL DEPARTURE LAST
                VALUE   (LST)  VALUE       VALUE  FROM      YEAR
                                                  NORMAL
..................................................................
TEMPERATURE (F)
 YESTERDAY
  MAXIMUM         49    134 PM  57    1958  47      2       51
  MINIMUM         44   1007 AM  25    1985  37      7       40
  AVERAGE         47                        42      5       46

PRECIPITATION (IN)
  YESTERDAY        0.27          1.75 1975   0.20   0.07     0.10
  MONTH TO DATE    0.28                      0.40  -0.12     0.58
  SINCE OCT 1     16.81                     10.45   6.36    13.76
  SINCE JAN 1     41.59                     32.54   9.05    34.20

SNOWFALL (IN)
  YESTERDAY        0.0           1.7  1985                   0.0
  MONTH TO DATE    0.0                                       0.0
  SINCE OCT 1      0.0                                       0.0
  SINCE JUL 1      0.0                                       0.0
  SNOW DEPTH       0

DEGREE DAYS
 HEATING
  YESTERDAY       18                        23     -5       19
  MONTH TO DATE   40                        46     -6       39
  SINCE DEC 1     40                        46     -6       39
  SINCE JUL 1    891                      1229   -338     1050

 COOLING
  YESTERDAY        0                         0      0        0
  MONTH TO DATE    0                         0      0        0
  SINCE DEC 1      0                         0      0        0
  SINCE JAN 1    291                       189    102      474
..................................................................


WIND (MPH)
  RESULTANT WIND SPEED  10   RESULTANT WIND DIRECTION   S (180)
  HIGHEST WIND SPEED    22   HIGHEST WIND DIRECTION     S (200)
  HIGHEST GUST SPEED    27   HIGHEST GUST DIRECTION     S (200)
  AVERAGE WIND SPEED    11.4


SKY COVER
  AVERAGE SKY COVER 1.0


WEATHER CONDITIONS
 THE FOLLOWING WEATHER WAS RECORDED YESTERDAY.
  LIGHT RAIN
  FOG
  HAZE


RELATIVE HUMIDITY (PERCENT)
 HIGHEST   100           600 PM
 LOWEST     80           100 PM
 AVERAGE    90

..........................................................


THE SEATTLE-TACOMA WA AIRPORT CLIMATE NORMALS FOR TODAY
                         NORMAL    RECORD    YEAR
 MAXIMUM TEMPERATURE (F)   47        60      2015
                                             1965
 MINIMUM TEMPERATURE (F)   36        27      1994


SUNRISE AND SUNSET
DECEMBER  3 2016......SUNRISE   739 AM PST   SUNSET   419 PM PST
DECEMBER  4 2016......SUNRISE   740 AM PST   SUNSET   419 PM PST


-  INDICATES NEGATIVE NUMBERS.
R  INDICATES RECORD WAS SET OR TIED.
MM INDICATES DATA IS MISSING.
T  INDICATES TRACE AMOUNT.




$$
