000
CDUS46 KSEW 260122
CLISEW


CLIMATE REPORT
NATIONAL WEATHER SERVICE SEATTLE WA
622 PM PDT SAT OCT 25 2014


...................................

...THE SEATTLE WA WFO CLIMATE SUMMARY FOR OCTOBER 25 2014...
VALID TODAY AS OF 0600 PM LOCAL TIME.

CLIMATE NORMAL PERIOD 1981 TO 2010
CLIMATE RECORD PERIOD 1986 TO 2014


WEATHER ITEM   OBSERVED TIME   RECORD YEAR     LAST
                VALUE   (LST)  VALUE           YEAR
....................................................
TEMPERATURE (F)
 TODAY
  MAXIMUM         61        MM  64    2005    52
  MINIMUM         49        MM  38    2007    46
  AVERAGE         55                          49

PRECIPITATION (IN)
  TODAY            0.21          1.04 1986      T
  MONTH TO DATE    3.88                        0.98
  SINCE OCT 1      3.88                        0.98
  SINCE JAN 1     34.09                       24.89

SNOWFALL (IN)
  TODAY            0.0                         0.0
  MONTH TO DATE    0.0                         0.0
  SINCE OCT 1      0.0                         0.0
  SINCE JUL 1      0.0                         0.0
  SNOW DEPTH       0

DEGREE DAYS
 HEATING
  TODAY           10                          16
  MONTH TO DATE  126                         325
  SINCE SEP 1    167                         421
  SINCE JUL 1    186                         442

 COOLING
  TODAY            0                           0
  MONTH TO DATE    2                           0
  SINCE SEP 1     42                          47
  SINCE JAN 1    366                         314
....................................................


WIND (MPH)
  HIGHEST WIND SPEED    MM   HIGHEST WIND DIRECTION    MM
  HIGHEST GUST SPEED    MM   HIGHEST GUST DIRECTION    MM
  AVERAGE WIND SPEED    MM



WEATHER CONDITIONS
 THE FOLLOWING WEATHER WAS RECORDED TODAY.
  LIGHT RAIN
  FOG






-  INDICATES NEGATIVE NUMBERS.
R  INDICATES RECORD WAS SET OR TIED.
MM INDICATES DATA IS MISSING.
T  INDICATES TRACE AMOUNT.




$$
