000
CDUS46 KSEW 310826
CLISEW


CLIMATE REPORT
NATIONAL WEATHER SERVICE SEATTLE WA
1226 AM PST SAT JAN 31 2015


...................................

...THE SEATTLE WA WFO CLIMATE SUMMARY FOR JANUARY 30 2015...

CLIMATE NORMAL PERIOD 1981 TO 2010
CLIMATE RECORD PERIOD 1986 TO 2015


WEATHER ITEM   OBSERVED TIME   RECORD YEAR     LAST
                VALUE   (LST)  VALUE           YEAR
....................................................
TEMPERATURE (F)
 YESTERDAY
  MAXIMUM         53        MM  58    1998    47
  MINIMUM         35        MM  18    1996    42
  AVERAGE         44                          45

PRECIPITATION (IN)
  YESTERDAY        0.00          0.82 2006     0.02
  MONTH TO DATE    2.66                        3.92
  SINCE OCT 1     19.22                        9.77
  SINCE JAN 1      2.66                        3.92

SNOWFALL (IN)
  YESTERDAY        0.0                         0.0
  MONTH TO DATE    0.0                         0.0
  SINCE OCT 1      T                           0.9
  SINCE JUL 1      T                           0.9
  SNOW DEPTH       0

DEGREE DAYS
 HEATING
  YESTERDAY       21                          20
  MONTH TO DATE  576                         653
  SINCE DEC 1   1184                        1470
  SINCE JUL 1   1996                        2566

 COOLING
  YESTERDAY        0                           0
  MONTH TO DATE    0                           0
  SINCE DEC 1      0                           0
  SINCE JAN 1      0                           0
....................................................


WIND (MPH)
  HIGHEST WIND SPEED    MM   HIGHEST WIND DIRECTION    MM
  HIGHEST GUST SPEED    MM   HIGHEST GUST DIRECTION    MM
  AVERAGE WIND SPEED    MM



WEATHER CONDITIONS
 THE FOLLOWING WEATHER WAS RECORDED YESTERDAY.
  FOG W/VISIBILITY <= 1/4 MILE






-  INDICATES NEGATIVE NUMBERS.
R  INDICATES RECORD WAS SET OR TIED.
MM INDICATES DATA IS MISSING.
T  INDICATES TRACE AMOUNT.




$$
