000
CDUS46 KMTR 250845
CLISFD


CLIMATE REPORT
NATIONAL WEATHER SERVICE SAN FRANCISCO BAY AREA
1245 AM PST SUN JAN 25 2015


...................................

...THE SAN FRANCISCO DWTN CA CLIMATE SUMMARY FOR JANUARY 24 2015...

CLIMATE NORMAL PERIOD 1981 TO 2010
CLIMATE RECORD PERIOD 1850 TO 2015


WEATHER ITEM   OBSERVED TIME   RECORD YEAR NORMAL DEPARTURE LAST
                VALUE   (LST)  VALUE       VALUE  FROM      YEAR
                                                  NORMAL
..................................................................
TEMPERATURE (F)
 YESTERDAY
  MAXIMUM         63   1243 PM  74    1948  58      5       65
  MINIMUM         49    843 AM  36    1893  46      3       49
  AVERAGE         56                        52      4       57

PRECIPITATION (IN)
  YESTERDAY        0.00          2.20 2000   0.14  -0.14     0.00
  MONTH TO DATE    0.00                      3.46  -3.46     0.03
  SINCE JUL 1     15.09                     12.57   2.52     2.11
  SINCE JAN 1      0.00                      3.46  -3.46     0.03

DEGREE DAYS
 HEATING
  YESTERDAY        9                        MM     MM        8
  MONTH TO DATE  247                        MM     MM      199
  SINCE DEC 1    511                        MM     MM      601
  SINCE JUL 1    880                        MM     MM     1314

 COOLING
  YESTERDAY        0                        MM     MM        0
  MONTH TO DATE    0                         0      0        0
  SINCE DEC 1      0                         0      0        0
  SINCE JAN 1      0                         0      0        0
..................................................................







THE SAN FRANCISCO DWTN CA CLIMATE NORMALS FOR TODAY
                         NORMAL    RECORD    YEAR
 MAXIMUM TEMPERATURE (F)   58        74      1899
 MINIMUM TEMPERATURE (F)   46        36      1898


SUNRISE AND SUNSET
JANUARY 25 2015.......SUNRISE   719 AM PST   SUNSET   525 PM PST
JANUARY 26 2015.......SUNRISE   718 AM PST   SUNSET   527 PM PST


-  INDICATES NEGATIVE NUMBERS.
R  INDICATES RECORD WAS SET OR TIED.
MM INDICATES DATA IS MISSING.
T  INDICATES TRACE AMOUNT.




$$
