000
CDUS46 KMTR 260848
CLISFD


CLIMATE REPORT
NATIONAL WEATHER SERVICE SAN FRANCISCO BAY AREA
148 AM PDT WED APR 26 2017


...................................

...THE SAN FRANCISCO DWTN CA CLIMATE SUMMARY FOR APRIL 25 2017...

CLIMATE NORMAL PERIOD 1981 TO 2010
CLIMATE RECORD PERIOD 1850 TO 2017


WEATHER ITEM   OBSERVED TIME   RECORD YEAR NORMAL DEPARTURE LAST
                VALUE   (LST)  VALUE       VALUE  FROM      YEAR
                                                  NORMAL
..................................................................
TEMPERATURE (F)
 YESTERDAY
  MAXIMUM         61    243 PM  89    1926  64     -3       60
  MINIMUM         53    343 AM  44    1892  50      3       48
  AVERAGE         57                        57      0       54

PRECIPITATION (IN)
  YESTERDAY        0.00          0.48 1978   0.04  -0.04     0.00
  MONTH TO DATE    2.22                      1.29   0.93     1.33
  SINCE OCT 1     32.20                     22.35   9.85    22.78
  SINCE JAN 1     23.17                     13.51   9.66    16.17

DEGREE DAYS
 HEATING
  YESTERDAY        8                        MM     MM       11
  MONTH TO DATE  188                        MM     MM      139
  SINCE MAR 1    427                        MM     MM      386
  SINCE JUL 1   2274                        MM     MM     1711

 COOLING
  YESTERDAY        0                        MM     MM        0
  MONTH TO DATE    0                         0      0       19
  SINCE MAR 1      1                         0      1       19
  SINCE JAN 1      1                         0      1       22
..................................................................







THE SAN FRANCISCO DWTN CA CLIMATE NORMALS FOR TODAY
                         NORMAL    RECORD    YEAR
 MAXIMUM TEMPERATURE (F)   64        91      2004
 MINIMUM TEMPERATURE (F)   50        44      1892


SUNRISE AND SUNSET
APRIL 26 2017.........SUNRISE   620 AM PDT   SUNSET   756 PM PDT
APRIL 27 2017.........SUNRISE   618 AM PDT   SUNSET   757 PM PDT


-  INDICATES NEGATIVE NUMBERS.
R  INDICATES RECORD WAS SET OR TIED.
MM INDICATES DATA IS MISSING.
T  INDICATES TRACE AMOUNT.




$$
