000
CDUS46 KMTR 230832
CLISFD


CLIMATE REPORT
NATIONAL WEATHER SERVICE SAN FRANCISCO BAY AREA
132 AM PDT SAT JUL 23 2016


...................................

...THE SAN FRANCISCO DWTN CA CLIMATE SUMMARY FOR JULY 22 2016...

CLIMATE NORMAL PERIOD 1981 TO 2010
CLIMATE RECORD PERIOD 1850 TO 2016


WEATHER ITEM   OBSERVED TIME   RECORD YEAR NORMAL DEPARTURE LAST
                VALUE   (LST)  VALUE       VALUE  FROM      YEAR
                                                  NORMAL
..................................................................
TEMPERATURE (F)
 YESTERDAY
  MAXIMUM         67   1043 AM  87    2006  66      1       64
  MINIMUM         53    543 AM  48    1894  54     -1       59
  AVERAGE         60                        60      0       62

PRECIPITATION (IN)
  YESTERDAY        0.00          0.06 1913   0.00   0.00     0.00
  MONTH TO DATE    0.02                      0.00   0.02     0.09
  SINCE OCT 1     23.08                     23.38  -0.30    17.64
  SINCE JAN 1     16.47                     14.54   1.93     3.19

DEGREE DAYS
 HEATING
  YESTERDAY        5                        MM     MM        3
  MONTH TO DATE  127                        MM     MM       30
  SINCE JUN 1    267                        MM     MM      166
  SINCE JUL 1    127                        MM     MM       30

 COOLING
  YESTERDAY        0                        MM     MM        0
  MONTH TO DATE    0                         0      0       14
  SINCE JUN 1      5                         0      5       16
  SINCE JAN 1     31                         0     31       30
..................................................................







THE SAN FRANCISCO DWTN CA CLIMATE NORMALS FOR TODAY
                         NORMAL    RECORD    YEAR
 MAXIMUM TEMPERATURE (F)   66        83      2006
 MINIMUM TEMPERATURE (F)   54        49      1881


SUNRISE AND SUNSET
JULY 23 2016..........SUNRISE   606 AM PDT   SUNSET   826 PM PDT
JULY 24 2016..........SUNRISE   607 AM PDT   SUNSET   825 PM PDT


-  INDICATES NEGATIVE NUMBERS.
R  INDICATES RECORD WAS SET OR TIED.
MM INDICATES DATA IS MISSING.
T  INDICATES TRACE AMOUNT.




$$
