000
CDUS46 KMTR 270027
CLISFD


CLIMATE REPORT
NATIONAL WEATHER SERVICE SAN FRANCISCO BAY AREA
526 PM PDT FRI AUG 26 2016


...................................

...THE SAN FRANCISCO DWTN CA CLIMATE SUMMARY FOR AUGUST 26 2016...
VALID TODAY AS OF 0500 PM LOCAL TIME.

CLIMATE NORMAL PERIOD 1981 TO 2010
CLIMATE RECORD PERIOD 1850 TO 2016


WEATHER ITEM   OBSERVED TIME   RECORD YEAR NORMAL DEPARTURE LAST
                VALUE   (LST)  VALUE       VALUE  FROM      YEAR
                                                  NORMAL
..................................................................
TEMPERATURE (F)
 TODAY
  MAXIMUM         69    143 PM  91    1894  69      0       70
  MINIMUM         59    143 AM  50    1887  55      4       58
  AVERAGE         64                        62      2       64

PRECIPITATION (IN)
  TODAY            0.00          0.25 1935   0.01  -0.01     0.00
  MONTH TO DATE    0.02                      0.05  -0.03     0.02
  SINCE OCT 1     23.10                     23.43  -0.33    17.66
  SINCE JAN 1     16.49                     14.59   1.90     3.21

DEGREE DAYS
 HEATING
  TODAY            1                        MM     MM        1
  MONTH TO DATE  127                        MM     MM       16
  SINCE JUN 1    435                        MM     MM      195
  SINCE JUL 1    295                        MM     MM       59

 COOLING
  TODAY            0                        MM     MM        0
  MONTH TO DATE    0                         0      0       32
  SINCE JUN 1      5                         0      5       53
  SINCE JAN 1     31                         0     31       67
..................................................................







THE SAN FRANCISCO DWTN CA CLIMATE NORMALS FOR TOMORROW
                         NORMAL    RECORD    YEAR
 MAXIMUM TEMPERATURE (F)   69        95      1993
 MINIMUM TEMPERATURE (F)   55        49      1955


SUNRISE AND SUNSET
AUGUST 26 2016........SUNRISE   635 AM PDT   SUNSET   747 PM PDT
AUGUST 27 2016........SUNRISE   636 AM PDT   SUNSET   745 PM PDT


-  INDICATES NEGATIVE NUMBERS.
R  INDICATES RECORD WAS SET OR TIED.
MM INDICATES DATA IS MISSING.
T  INDICATES TRACE AMOUNT.




$$
