000
CDUS46 KMTR 250827
CLISFD


CLIMATE REPORT
NATIONAL WEATHER SERVICE SAN FRANCISCO BAY AREA
127 AM PDT FRI JUL 25 2014


...................................

...THE SAN FRANCISCO DWTN CA CLIMATE SUMMARY FOR JULY 24 2014...

CLIMATE NORMAL PERIOD 1981 TO 2010
CLIMATE RECORD PERIOD 1850 TO 2014


WEATHER ITEM   OBSERVED TIME   RECORD YEAR NORMAL DEPARTURE LAST
                VALUE   (LST)  VALUE       VALUE  FROM      YEAR
                                                  NORMAL
..................................................................
TEMPERATURE (F)
 YESTERDAY
  MAXIMUM         75    343 PM  78    1974  66      9       66
  MINIMUM         59    543 AM  49    1898  54      5       54
  AVERAGE         67                        60      7       60

PRECIPITATION (IN)
  YESTERDAY        0.00          0.02 1965   0.00   0.00     0.00
  MONTH TO DATE    0.08                      0.00   0.08     0.00
  SINCE JUL 1      0.08                      0.00   0.08     0.00
  SINCE JAN 1     10.54                     14.54  -4.00     3.51

DEGREE DAYS
 HEATING
  YESTERDAY        0                        MM     MM        5
  MONTH TO DATE   61                        MM     MM      115
  SINCE JUN 1    212                        MM     MM      254
  SINCE JUL 1     61                        MM     MM      115

 COOLING
  YESTERDAY        2                        MM     MM        0
  MONTH TO DATE    7                         0      7        5
  SINCE JUN 1      8                         0      8       12
  SINCE JAN 1     57                         0     57       25
..................................................................







THE SAN FRANCISCO DWTN CA CLIMATE NORMALS FOR TODAY
                         NORMAL    RECORD    YEAR
 MAXIMUM TEMPERATURE (F)   66        82      1973
 MINIMUM TEMPERATURE (F)   54        49      1933


SUNRISE AND SUNSET
JULY 25 2014..........SUNRISE   608 AM PDT   SUNSET   824 PM PDT
JULY 26 2014..........SUNRISE   608 AM PDT   SUNSET   824 PM PDT


-  INDICATES NEGATIVE NUMBERS.
R  INDICATES RECORD WAS SET OR TIED.
MM INDICATES DATA IS MISSING.
T  INDICATES TRACE AMOUNT.




$$
