000
CDUS46 KOTX 240830
CLISFF


CLIMATE REPORT
NATIONAL WEATHER SERVICE SPOKANE, WA
129 AM PDT FRI MAR 24 2017


...................................

...THE SPOKANE WA FELTS AIRPORT CLIMATE SUMMARY FOR MARCH 23 2017...

CLIMATE NORMAL PERIOD 1981 TO 2010
CLIMATE RECORD PERIOD 9999 TO 9999


WEATHER ITEM   OBSERVED TIME   RECORD YEAR NORMAL DEPARTURE LAST
                VALUE   (LST)  VALUE       VALUE  FROM      YEAR
                                                  NORMAL
..................................................................
TEMPERATURE (F)
 YESTERDAY
  MAXIMUM         51    238 PM  MM      MM  52     -1       53
  MINIMUM         34   1158 PM  MM      MM  33      1       37
  AVERAGE         43                        43      0       45

PRECIPITATION (IN)
  YESTERDAY        0.00         MM      MM   0.06  -0.06     0.06
  MONTH TO DATE    2.17                      1.10   1.07     2.53
  SINCE OCT 1     16.76                     10.63   6.13    11.19
  SINCE JAN 1      7.67                      4.43   3.24     5.65

SNOWFALL (IN)
  YESTERDAY       MM

DEGREE DAYS
 HEATING
  YESTERDAY       22                        22      0       20
  MONTH TO DATE  517                       580    -63      492
  SINCE MAR 1    517                       580    -63      492
  SINCE JUL 1   5113                      5151    -38     4397

 COOLING
  YESTERDAY        0                         0      0        0
  MONTH TO DATE    0                         0      0        0
  SINCE MAR 1      0                         0      0        0
  SINCE JAN 1      0                         0      0        0
..................................................................


WIND (MPH)
  HIGHEST WIND SPEED    15   HIGHEST WIND DIRECTION    SW (230)
  HIGHEST GUST SPEED    17   HIGHEST GUST DIRECTION    SW (230)
  AVERAGE WIND SPEED     5.7


SKY COVER
  POSSIBLE SUNSHINE  MM
  AVERAGE SKY COVER 0.5


WEATHER CONDITIONS
 THE FOLLOWING WEATHER WAS RECORDED YESTERDAY.
  NO SIGNIFICANT WEATHER WAS OBSERVED.


RELATIVE HUMIDITY (PERCENT)
 HIGHEST    89          1200 AM
 LOWEST     46           200 PM
 AVERAGE    68

..........................................................


THE SPOKANE WA FELTS AIRPORT CLIMATE NORMALS FOR TODAY
                         NORMAL    RECORD    YEAR
 MAXIMUM TEMPERATURE (F)   53        MM        MM
 MINIMUM TEMPERATURE (F)   33        MM        MM


SUNRISE AND SUNSET
MARCH 24 2017.........SUNRISE   643 AM PDT   SUNSET   708 PM PDT
MARCH 25 2017.........SUNRISE   641 AM PDT   SUNSET   710 PM PDT


-  INDICATES NEGATIVE NUMBERS.
R  INDICATES RECORD WAS SET OR TIED.
MM INDICATES DATA IS MISSING.
T  INDICATES TRACE AMOUNT.




$$
