111
CDUS46 KMTR 250826
CLISFO


CLIMATE REPORT
NATIONAL WEATHER SERVICE SAN FRANCISCO BAY AREA
126 AM PDT SAT MAR 25 2017


...................................

...THE SAN FRANCISCO AIRPORT CLIMATE SUMMARY FOR MARCH 24 2017...

CLIMATE NORMAL PERIOD 1981 TO 2010
CLIMATE RECORD PERIOD 1927 TO 2017


WEATHER ITEM   OBSERVED TIME   RECORD YEAR NORMAL DEPARTURE LAST
                VALUE   (LST)  VALUE       VALUE  FROM      YEAR
                                                  NORMAL
..................................................................
TEMPERATURE (F)
 YESTERDAY
  MAXIMUM         58    534 PM  78    1970  63     -5       65
  MINIMUM         53   1159 PM  38    1948  48      5       50
  AVERAGE         56                        55      1       58

PRECIPITATION (IN)
  YESTERDAY        0.75          1.48 2011   0.08   0.67     0.00
  MONTH TO DATE    2.93                      2.46   0.47     5.14
  SINCE OCT 1     28.64                     18.07  10.57    16.36
  SINCE JAN 1     19.69                     10.71   8.98    11.57

SNOWFALL (IN)
  YESTERDAY        0.0           0.0
  MONTH TO DATE    0.0
  SINCE MAR 1      0.0
  SINCE JUL 1      0.0

DEGREE DAYS
 HEATING
  YESTERDAY        9                        10     -1        7
  MONTH TO DATE  192                       247    -55      160
  SINCE MAR 1    192                       247    -55      160
  SINCE JUL 1   1769                      2053   -284     1558

 COOLING
  YESTERDAY        0                         0      0        0
  MONTH TO DATE    0                         0      0        0
  SINCE MAR 1      0                         0      0        0
  SINCE JAN 1      0                         0      0        0
..................................................................


WIND (MPH)
  RESULTANT WIND SPEED   5   RESULTANT WIND DIRECTION  SE (130)
  HIGHEST WIND SPEED    21   HIGHEST WIND DIRECTION    SE (140)
  HIGHEST GUST SPEED    29   HIGHEST GUST DIRECTION    SE (140)
  AVERAGE WIND SPEED     7.6


SKY COVER
  POSSIBLE SUNSHINE  MM
  AVERAGE SKY COVER 1.0


WEATHER CONDITIONS
 THE FOLLOWING WEATHER WAS RECORDED YESTERDAY.
  RAIN
  LIGHT RAIN
  FOG


RELATIVE HUMIDITY (PERCENT)
 HIGHEST    93          1200 PM
 LOWEST     59           100 AM
 AVERAGE    76

..........................................................


THE SAN FRANCISCO AIRPORT CLIMATE NORMALS FOR TODAY
                         NORMAL    RECORD    YEAR
 MAXIMUM TEMPERATURE (F)   63        85      1952
 MINIMUM TEMPERATURE (F)   48        37      1964


SUNRISE AND SUNSET
MARCH 25 2017.........SUNRISE   705 AM PDT   SUNSET   726 PM PDT
MARCH 26 2017.........SUNRISE   703 AM PDT   SUNSET   727 PM PDT


-  INDICATES NEGATIVE NUMBERS.
R  INDICATES RECORD WAS SET OR TIED.
MM INDICATES DATA IS MISSING.
T  INDICATES TRACE AMOUNT.




$$
