000
CDUS46 KMTR 270026
CLISFO


CLIMATE REPORT
NATIONAL WEATHER SERVICE SAN FRANCISCO BAY AREA
525 PM PDT WED APR 26 2017


...................................

...THE SAN FRANCISCO AIRPORT CLIMATE SUMMARY FOR APRIL 26 2017...
VALID TODAY AS OF 0500 PM LOCAL TIME.

CLIMATE NORMAL PERIOD 1981 TO 2010
CLIMATE RECORD PERIOD 1927 TO 2017


WEATHER ITEM   OBSERVED TIME   RECORD YEAR NORMAL DEPARTURE LAST
                VALUE   (LST)  VALUE       VALUE  FROM      YEAR
                                                  NORMAL
..................................................................
TEMPERATURE (F)
 TODAY
  MAXIMUM         64   1240 PM  90    2004  66     -2       62
  MINIMUM         57    637 AM  42    1955  50      7       47
                                      1950
  AVERAGE         61                        58      3       55

PRECIPITATION (IN)
  TODAY            0.00          0.94 1978   0.03  -0.03     0.00
  MONTH TO DATE    2.20                      1.18   1.02     0.78
  SINCE OCT 1     30.87                     19.75  11.12    17.14
  SINCE JAN 1     21.92                     12.39   9.53    12.35

SNOWFALL (IN)
  TODAY            0.0           0.0
  MONTH TO DATE    0.0
  SINCE MAR 1      0.0
  SINCE JUL 1      0.0
  SNOW DEPTH       0

DEGREE DAYS
 HEATING
  TODAY            4                         7     -3       10
  MONTH TO DATE  174                       219    -45      118
  SINCE MAR 1    415                       533   -118      335
  SINCE JUL 1   1992                      2339   -347     1733

 COOLING
  TODAY            0                         0      0        0
  MONTH TO DATE    1                         0      1       20
  SINCE MAR 1      1                         1      0       20
  SINCE JAN 1      1                         1      0       20
..................................................................


WIND (MPH)
  RESULTANT WIND SPEED  10   RESULTANT WIND DIRECTION   W (250)
  HIGHEST WIND SPEED    20   HIGHEST WIND DIRECTION     W (270)
  HIGHEST GUST SPEED    23   HIGHEST GUST DIRECTION     W (290)
  AVERAGE WIND SPEED    10.9


SKY COVER
  POSSIBLE SUNSHINE  MM
  AVERAGE SKY COVER 0.9


WEATHER CONDITIONS
 THE FOLLOWING WEATHER WAS RECORDED TODAY.
  FOG
  HAZE


RELATIVE HUMIDITY (PERCENT)
 HIGHEST    93           600 AM
 LOWEST     78          1100 AM
 AVERAGE    86

..........................................................


THE SAN FRANCISCO AIRPORT CLIMATE NORMALS FOR TOMORROW
                         NORMAL    RECORD    YEAR
 MAXIMUM TEMPERATURE (F)   66        87      2004
 MINIMUM TEMPERATURE (F)   50        36      1955


SUNRISE AND SUNSET
APRIL 26 2017.........SUNRISE   620 AM PDT   SUNSET   755 PM PDT
APRIL 27 2017.........SUNRISE   618 AM PDT   SUNSET   756 PM PDT


-  INDICATES NEGATIVE NUMBERS.
R  INDICATES RECORD WAS SET OR TIED.
MM INDICATES DATA IS MISSING.
T  INDICATES TRACE AMOUNT.




$$
