000
CDUS43 KSGF 240629
CLISGF


CLIMATE REPORT
NATIONAL WEATHER SERVICE SPRINGFIELD MO
1229 AM CST TUE JAN 24 2017


...................................

...THE SPRINGFIELD MO CLIMATE SUMMARY FOR JANUARY 23 2017...

CLIMATE NORMAL PERIOD 1981 TO 2010
CLIMATE RECORD PERIOD 1888 TO 2017


WEATHER ITEM   OBSERVED TIME   RECORD YEAR NORMAL DEPARTURE LAST
                VALUE   (LST)  VALUE       VALUE  FROM      YEAR
                                                  NORMAL
..................................................................
TEMPERATURE (F)
 YESTERDAY
  MAXIMUM         50    424 PM  75    1909  43      7       33
  MINIMUM         33   1142 PM -10    1963  22     11       23
  AVERAGE         42                        33      9       28

PRECIPITATION (IN)
  YESTERDAY        0.00          1.12 2010   0.07  -0.07     0.00
  MONTH TO DATE    4.07                      1.88   2.19     0.92
  SINCE DEC 1      4.69                      4.92  -0.23    12.35
  SINCE JAN 1      4.07                      1.88   2.19     0.92

SNOWFALL (IN)
  YESTERDAY        0.0
  MONTH TO DATE    1.5
  SINCE DEC 1      1.7
  SINCE JUL 1      1.7
  SNOW DEPTH       0

DEGREE DAYS
 HEATING
  YESTERDAY       23                        32     -9       37
  MONTH TO DATE  608                       751   -143      777
  SINCE DEC 1   1505                      1682   -177     1426
  SINCE JUL 1   2021                      2561   -540     2071

 COOLING
  YESTERDAY        0                         0      0        0
  MONTH TO DATE    0                         0      0        0
  SINCE DEC 1      0                         0      0        0
  SINCE JAN 1      0                         0      0        0
..................................................................


WIND (MPH)
  HIGHEST WIND SPEED    16   HIGHEST WIND DIRECTION    NW (330)
  HIGHEST GUST SPEED    20   HIGHEST GUST DIRECTION    NW (320)
  AVERAGE WIND SPEED     7.3


SKY COVER
  AVERAGE SKY COVER 0.6


WEATHER CONDITIONS
 THE FOLLOWING WEATHER WAS RECORDED YESTERDAY.
  FOG


RELATIVE HUMIDITY (PERCENT)
 HIGHEST    92          1200 AM
 LOWEST     46           400 PM
 AVERAGE    69

..........................................................


THE SPRINGFIELD MO CLIMATE NORMALS FOR TODAY
                         NORMAL    RECORD    YEAR
 MAXIMUM TEMPERATURE (F)   43        76      1950
 MINIMUM TEMPERATURE (F)   22       -17      1894


SUNRISE AND SUNSET
JANUARY 24 2017.......SUNRISE   722 AM CST   SUNSET   530 PM CST
JANUARY 25 2017.......SUNRISE   721 AM CST   SUNSET   531 PM CST


-  INDICATES NEGATIVE NUMBERS.
R  INDICATES RECORD WAS SET OR TIED.
MM INDICATES DATA IS MISSING.
T  INDICATES TRACE AMOUNT.




$$
