000
CDUS43 KSGF 200626
CLISGF


CLIMATE REPORT
NATIONAL WEATHER SERVICE SPRINGFIELD MO
125 AM CDT WED SEP 20 2017


...................................

...THE SPRINGFIELD MO CLIMATE SUMMARY FOR SEPTEMBER 19 2017...

CLIMATE NORMAL PERIOD 1981 TO 2010
CLIMATE RECORD PERIOD 1888 TO 2017


WEATHER ITEM   OBSERVED TIME   RECORD YEAR NORMAL DEPARTURE LAST
                VALUE   (LST)  VALUE       VALUE  FROM      YEAR
                                                  NORMAL
..................................................................
TEMPERATURE (F)
 YESTERDAY
  MAXIMUM         90    305 PM  96    1954  79     11       89
  MINIMUM         64    305 AM  37    1991  56      8       64
  AVERAGE         77                        68      9       77

PRECIPITATION (IN)
  YESTERDAY        0.00          2.23 1924   0.16  -0.16     0.00
  MONTH TO DATE    0.43                      2.95  -2.52     3.70
  SINCE SEP 1      0.43                      2.95  -2.52     3.70
  SINCE JAN 1     43.01                     33.06   9.95    29.32

SNOWFALL (IN)
  YESTERDAY        0.0
  MONTH TO DATE    0.0
  SINCE SEP 1      0.0
  SINCE JUL 1      0.0
  SNOW DEPTH       0

DEGREE DAYS
 HEATING
  YESTERDAY        0                         2     -2        0
  MONTH TO DATE    6                        15     -9        0
  SINCE SEP 1      6                        15     -9        0
  SINCE JUL 1      6                        17    -11        0

 COOLING
  YESTERDAY       12                         5      7       12
  MONTH TO DATE  109                       136    -27      190
  SINCE SEP 1    109                       136    -27      190
  SINCE JAN 1   1267                      1322    -55     1622
..................................................................


WIND (MPH)
  HIGHEST WIND SPEED    18   HIGHEST WIND DIRECTION     S (160)
  HIGHEST GUST SPEED    26   HIGHEST GUST DIRECTION     S (190)
  AVERAGE WIND SPEED     9.4


SKY COVER
  AVERAGE SKY COVER 0.1


WEATHER CONDITIONS
 THE FOLLOWING WEATHER WAS RECORDED YESTERDAY.
  FOG
  HAZE


RELATIVE HUMIDITY (PERCENT)
 HIGHEST   100           200 AM
 LOWEST     46           500 PM
 AVERAGE    73

..........................................................


THE SPRINGFIELD MO CLIMATE NORMALS FOR TODAY
                         NORMAL    RECORD    YEAR
 MAXIMUM TEMPERATURE (F)   78        97      1954
 MINIMUM TEMPERATURE (F)   56        37      1991


SUNRISE AND SUNSET
SEPTEMBER 20 2017.....SUNRISE   700 AM CDT   SUNSET   713 PM CDT
SEPTEMBER 21 2017.....SUNRISE   701 AM CDT   SUNSET   711 PM CDT


-  INDICATES NEGATIVE NUMBERS.
R  INDICATES RECORD WAS SET OR TIED.
MM INDICATES DATA IS MISSING.
T  INDICATES TRACE AMOUNT.




$$
