048
CDUS43 KSGF 070626
CLISGF


CLIMATE REPORT
NATIONAL WEATHER SERVICE SPRINGFIELD MO
1225 AM CST SUN FEB 7 2016


...................................

...THE SPRINGFIELD MO CLIMATE SUMMARY FOR FEBRUARY 6 2016...

CLIMATE NORMAL PERIOD 1981 TO 2010
CLIMATE RECORD PERIOD 1888 TO 2016


WEATHER ITEM   OBSERVED TIME   RECORD YEAR NORMAL DEPARTURE LAST
                VALUE   (LST)  VALUE       VALUE  FROM      YEAR
                                                  NORMAL
..................................................................
TEMPERATURE (F)
 YESTERDAY
  MAXIMUM         54    341 PM  72    1904  46      8       58
  MINIMUM         26    709 AM -10    1985  24      2       24
  AVERAGE         40                        35      5       41

PRECIPITATION (IN)
  YESTERDAY        0.00          1.18 1999   0.07  -0.07     0.00
  MONTH TO DATE    0.05                      0.45  -0.40     0.40
  SINCE DEC 1     12.40                      5.96   6.44     2.98
  SINCE JAN 1      0.97                      2.92  -1.95     1.21

SNOWFALL (IN)
  YESTERDAY        0.0
  MONTH TO DATE    T
  SINCE DEC 1      3.0
  SINCE JUL 1      3.0
  SNOW DEPTH       0

DEGREE DAYS
 HEATING
  YESTERDAY       25                        30     -5       24
  MONTH TO DATE  155                       184    -29      203
  SINCE DEC 1   1749                      2118   -369     1961
  SINCE JUL 1   2394                      2997   -603     2911

 COOLING
  YESTERDAY        0                         0      0        0
  MONTH TO DATE    0                         0      0        0
  SINCE DEC 1      0                         0      0        0
  SINCE JAN 1      0                         0      0        0
..................................................................


WIND (MPH)
  HIGHEST WIND SPEED    16   HIGHEST WIND DIRECTION    SW (220)
  HIGHEST GUST SPEED    20   HIGHEST GUST DIRECTION    SW (240)
  AVERAGE WIND SPEED     7.8


SKY COVER
  AVERAGE SKY COVER 0.3


WEATHER CONDITIONS
 THE FOLLOWING WEATHER WAS RECORDED YESTERDAY.
  NO SIGNIFICANT WEATHER WAS OBSERVED.


RELATIVE HUMIDITY (PERCENT)
 HIGHEST    70          1000 PM
 LOWEST     35           200 PM
 AVERAGE    53

..........................................................


THE SPRINGFIELD MO CLIMATE NORMALS FOR TODAY
                         NORMAL    RECORD    YEAR
 MAXIMUM TEMPERATURE (F)   46        74      2015
 MINIMUM TEMPERATURE (F)   24       -10      1933
                                             1895


SUNRISE AND SUNSET
FEBRUARY  7 2016......SUNRISE   711 AM CST   SUNSET   544 PM CST
FEBRUARY  8 2016......SUNRISE   710 AM CST   SUNSET   545 PM CST


-  INDICATES NEGATIVE NUMBERS.
R  INDICATES RECORD WAS SET OR TIED.
MM INDICATES DATA IS MISSING.
T  INDICATES TRACE AMOUNT.




$$
