000
CDUS43 KSGF 200626
CLISGF


CLIMATE REPORT
NATIONAL WEATHER SERVICE SPRINGFIELD MO
1226 AM CST SAT JAN 20 2018


...................................

...THE SPRINGFIELD MO CLIMATE SUMMARY FOR JANUARY 19 2018...

CLIMATE NORMAL PERIOD 1981 TO 2010
CLIMATE RECORD PERIOD 1888 TO 2018


WEATHER ITEM   OBSERVED TIME   RECORD YEAR NORMAL DEPARTURE LAST
                VALUE   (LST)  VALUE       VALUE  FROM      YEAR
                                                  NORMAL
..................................................................
TEMPERATURE (F)
 YESTERDAY
  MAXIMUM         54    256 PM  72    1951  43     11       53
  MINIMUM         26    742 AM -13    1984  22      4       43
  AVERAGE         40                        32      8       48

PRECIPITATION (IN)
  YESTERDAY        0.00          2.12 1990   0.08  -0.08     0.02
  MONTH TO DATE    0.79                      1.58  -0.79     3.52
  SINCE DEC 1      2.31                      4.62  -2.31     4.14
  SINCE JAN 1      0.79                      1.58  -0.79     3.52

SNOWFALL (IN)
  YESTERDAY        0.0
  MONTH TO DATE    2.7
  SINCE DEC 1      4.5
  SINCE JUL 1      4.5
  SNOW DEPTH       1

DEGREE DAYS
 HEATING
  YESTERDAY       25                        32     -7       17
  MONTH TO DATE  767                       623    144      543
  SINCE DEC 1   1637                      1554     83     1440
  SINCE JUL 1   2321                      2433   -112     1956

 COOLING
  YESTERDAY        0                         0      0        0
  MONTH TO DATE    0                         0      0        0
  SINCE DEC 1      0                         0      0        0
  SINCE JAN 1      0                         0      0        0
..................................................................


WIND (MPH)
  HIGHEST WIND SPEED    21   HIGHEST WIND DIRECTION    SW (210)
  HIGHEST GUST SPEED    27   HIGHEST GUST DIRECTION    SW (210)
  AVERAGE WIND SPEED    12.2


SKY COVER
  AVERAGE SKY COVER 0.0


WEATHER CONDITIONS
 THE FOLLOWING WEATHER WAS RECORDED YESTERDAY.
  NO SIGNIFICANT WEATHER WAS OBSERVED.


RELATIVE HUMIDITY (PERCENT)
 HIGHEST    65          1100 PM
 LOWEST     38           300 PM
 AVERAGE    52

..........................................................


THE SPRINGFIELD MO CLIMATE NORMALS FOR TODAY
                         NORMAL    RECORD    YEAR
 MAXIMUM TEMPERATURE (F)   43        70      1906
                                             1895
 MINIMUM TEMPERATURE (F)   22       -13      1985


SUNRISE AND SUNSET
JANUARY 20 2018.......SUNRISE   724 AM CST   SUNSET   525 PM CST
JANUARY 21 2018.......SUNRISE   724 AM CST   SUNSET   526 PM CST


-  INDICATES NEGATIVE NUMBERS.
R  INDICATES RECORD WAS SET OR TIED.
MM INDICATES DATA IS MISSING.
T  INDICATES TRACE AMOUNT.




$$
