000
CDUS43 KSGF 222226
CLISGF


CLIMATE REPORT
NATIONAL WEATHER SERVICE SPRINGFIELD MO
526 PM CDT FRI AUG 22 2014


...................................

...THE SPRINGFIELD MO CLIMATE SUMMARY FOR AUGUST 22 2014...
VALID TODAY AS OF 0500 PM LOCAL TIME.

CLIMATE NORMAL PERIOD 1981 TO 2010
CLIMATE RECORD PERIOD 1888 TO 2014


WEATHER ITEM   OBSERVED TIME   RECORD YEAR NORMAL DEPARTURE LAST
                VALUE   (LST)  VALUE       VALUE  FROM      YEAR
                                                  NORMAL
..................................................................
TEMPERATURE (F)
 TODAY
  MAXIMUM        100    313 PM 102    1983  89     11       90
  MINIMUM         73    523 AM  50    1956  66      7       68
                                      1950
  AVERAGE         87                        77     10       79

PRECIPITATION (IN)
  TODAY            0.00          3.26 1985   0.11  -0.11     0.00
  MONTH TO DATE    1.17                      2.38  -1.21     5.84
  SINCE JUN 1      9.70                     10.91  -1.21    14.43
  SINCE JAN 1     21.18                     28.94  -7.76    38.15

SNOWFALL (IN)
  TODAY            0.0
  MONTH TO DATE    0.0
  SINCE JUN 1      0.0
  SINCE JUL 1      0.0
  SNOW DEPTH       0

DEGREE DAYS
 HEATING
  TODAY            0                         0      0        0
  MONTH TO DATE    0                         0      0        0
  SINCE JUN 1      0                         9     -9       14
  SINCE JUL 1      0                         0      0        0

 COOLING
  TODAY           22                        12     10       14
  MONTH TO DATE  299                       298      1      212
  SINCE JUN 1    885                       971    -86      869
  SINCE JAN 1   1078                      1086     -8      996
..................................................................


WIND (MPH)
  HIGHEST WIND SPEED    18   HIGHEST WIND DIRECTION    SW (240)
  HIGHEST GUST SPEED    23   HIGHEST GUST DIRECTION    SW (220)


SKY COVER
  AVERAGE SKY COVER 0.0


WEATHER CONDITIONS
 THE FOLLOWING WEATHER WAS RECORDED TODAY.
  NO SIGNIFICANT WEATHER WAS OBSERVED.


RELATIVE HUMIDITY (PERCENT)
 HIGHEST    87           500 AM
 LOWEST     33           300 PM
 AVERAGE    60

..........................................................


THE SPRINGFIELD MO CLIMATE NORMALS FOR TOMORROW
                         NORMAL    RECORD    YEAR
 MAXIMUM TEMPERATURE (F)   89        99      1991
                                             1938
                                             1936
 MINIMUM TEMPERATURE (F)   66        48      1891


SUNRISE AND SUNSET
AUGUST 22 2014........SUNRISE   636 AM CDT   SUNSET   756 PM CDT
AUGUST 23 2014........SUNRISE   637 AM CDT   SUNSET   755 PM CDT


-  INDICATES NEGATIVE NUMBERS.
R  INDICATES RECORD WAS SET OR TIED.
MM INDICATES DATA IS MISSING.
T  INDICATES TRACE AMOUNT.




$$
