000
CDUS45 KBYZ 300938
CLISHR


CLIMATE REPORT
NATIONAL WEATHER SERVICE BILLINGS MT
337 AM MDT SUN APR 30 2017


...................................

...THE SHERIDAN WY CLIMATE SUMMARY FOR APRIL 29 2017...

CLIMATE NORMAL PERIOD 1981 TO 2010
CLIMATE RECORD PERIOD 1907 TO 2017


WEATHER ITEM   OBSERVED TIME   RECORD YEAR NORMAL DEPARTURE LAST
                VALUE   (LST)  VALUE       VALUE  FROM      YEAR
                                                  NORMAL
..................................................................
TEMPERATURE (F)
 YESTERDAY
  MAXIMUM         44    509 PM  86    1992  62    -18       47
  MINIMUM         25    559 AM  17    1950  33     -8       36
  AVERAGE         35                        47    -12       42

PRECIPITATION (IN)
  YESTERDAY        0.00          1.23 1944   0.08  -0.08     0.00
  MONTH TO DATE    4.60                      1.53   3.07     3.36
  SINCE OCT 1     13.46                      6.29   7.17     8.55
  SINCE JAN 1      9.73                      3.61   6.12     6.40

DEGREE DAYS
 HEATING
  YESTERDAY       30                        18     12       23
  MONTH TO DATE  587                       625    -38      528
  SINCE MAR 1   1322                      1549   -227     1298
  SINCE JUL 1   6844                      7084   -240     6044

 COOLING
  YESTERDAY        0                         0      0        0
  MONTH TO DATE    0                         0      0        0
  SINCE MAR 1      0                         0      0        0
  SINCE JAN 1      0                         0      0        0
..................................................................


WIND (MPH)
  HIGHEST WIND SPEED    15   HIGHEST WIND DIRECTION    SE (130)
  HIGHEST GUST SPEED    19   HIGHEST GUST DIRECTION    SE (130)
  AVERAGE WIND SPEED     5.1


SKY COVER
  POSSIBLE SUNSHINE  MM
  AVERAGE SKY COVER 0.0


WEATHER CONDITIONS
 THE FOLLOWING WEATHER WAS RECORDED YESTERDAY.
  NO SIGNIFICANT WEATHER WAS OBSERVED.


RELATIVE HUMIDITY (PERCENT)
 HIGHEST    85          1200 AM
 LOWEST     55          1000 AM
 AVERAGE    70

..........................................................


THE SHERIDAN WY CLIMATE NORMALS FOR TODAY
                         NORMAL    RECORD    YEAR
 MAXIMUM TEMPERATURE (F)   62        84      1926
 MINIMUM TEMPERATURE (F)   34        10      1950


SUNRISE AND SUNSET
APRIL 30 2017.........SUNRISE   559 AM MDT   SUNSET   812 PM MDT
MAY  1 2017...........SUNRISE   557 AM MDT   SUNSET   813 PM MDT


-  INDICATES NEGATIVE NUMBERS.
R  INDICATES RECORD WAS SET OR TIED.
MM INDICATES DATA IS MISSING.
T  INDICATES TRACE AMOUNT.




$$
