000
CDUS45 KBYZ 161034
CLISHR


CLIMATE REPORT
NATIONAL WEATHER SERVICE BILLINGS MT
333 AM MST MON JAN 16 2017


...................................

...THE SHERIDAN WY CLIMATE SUMMARY FOR JANUARY 15 2017...

CLIMATE NORMAL PERIOD 1981 TO 2010
CLIMATE RECORD PERIOD 1907 TO 2017


WEATHER ITEM   OBSERVED TIME   RECORD YEAR NORMAL DEPARTURE LAST
                VALUE   (LST)  VALUE       VALUE  FROM      YEAR
                                                  NORMAL
..................................................................
TEMPERATURE (F)
 YESTERDAY
  MAXIMUM         27    138 PM  70    1974  36     -9       35
  MINIMUM         -4    705 AM -25    1930  11    -15       20
  AVERAGE         12                        24    -12       28

PRECIPITATION (IN)
  YESTERDAY        0.00          0.37 1995   0.02  -0.02     0.00
  MONTH TO DATE    0.32                      0.25   0.07     0.01
  SINCE OCT 1      4.05                      2.93   1.12     2.16
  SINCE JAN 1      0.32                      0.25   0.07     0.01

DEGREE DAYS
 HEATING
  YESTERDAY       53                        41     12       37
  MONTH TO DATE  876                       624    252      598
  SINCE DEC 1   2404                      1929    475     1811
  SINCE JUL 1   3881                      3807     74     3363

 COOLING
  YESTERDAY        0                         0      0        0
  MONTH TO DATE    0                         0      0        0
  SINCE DEC 1      0                         0      0        0
  SINCE JAN 1      0                         0      0        0
..................................................................


WIND (MPH)
  HIGHEST WIND SPEED    15   HIGHEST WIND DIRECTION    SE (140)
  HIGHEST GUST SPEED    25   HIGHEST GUST DIRECTION     S (170)
  AVERAGE WIND SPEED     7.6


SKY COVER
  POSSIBLE SUNSHINE  MM
  AVERAGE SKY COVER 0.0


WEATHER CONDITIONS
 THE FOLLOWING WEATHER WAS RECORDED YESTERDAY.
  NO SIGNIFICANT WEATHER WAS OBSERVED.


RELATIVE HUMIDITY (PERCENT)
 HIGHEST    75           500 AM
 LOWEST     38          1200 PM
 AVERAGE    57

..........................................................


THE SHERIDAN WY CLIMATE NORMALS FOR TODAY
                         NORMAL    RECORD    YEAR
 MAXIMUM TEMPERATURE (F)   36        64      1974
 MINIMUM TEMPERATURE (F)   12       -35      1930


SUNRISE AND SUNSET
JANUARY 16 2017.......SUNRISE   741 AM MST   SUNSET   455 PM MST
JANUARY 17 2017.......SUNRISE   740 AM MST   SUNSET   456 PM MST


-  INDICATES NEGATIVE NUMBERS.
R  INDICATES RECORD WAS SET OR TIED.
MM INDICATES DATA IS MISSING.
T  INDICATES TRACE AMOUNT.




$$
