000
CDUS45 KBYZ 051036
CLISHR


CLIMATE REPORT
NATIONAL WEATHER SERVICE BILLINGS MT
335 AM MST MON DEC 5 2016


...................................

...THE SHERIDAN WY CLIMATE SUMMARY FOR DECEMBER 4 2016...

CLIMATE NORMAL PERIOD 1981 TO 2010
CLIMATE RECORD PERIOD 1907 TO 2016


WEATHER ITEM   OBSERVED TIME   RECORD YEAR NORMAL DEPARTURE LAST
                VALUE   (LST)  VALUE       VALUE  FROM      YEAR
                                                  NORMAL
..................................................................
TEMPERATURE (F)
 YESTERDAY
  MAXIMUM         41    151 PM  70    1975  37      4       51
                                      1965
  MINIMUM         24    524 AM -28    1972  12     12       17
  AVERAGE         33                        24      9       34

PRECIPITATION (IN)
  YESTERDAY        0.01          0.44 1910   0.02  -0.01     0.00
  MONTH TO DATE    0.01                      0.08  -0.07     0.00
  SINCE OCT 1      2.74                      2.20   0.54     1.91
  SINCE JAN 1     15.96                     13.68   2.28    15.65

DEGREE DAYS
 HEATING
  YESTERDAY       32                        41     -9       31
  MONTH TO DATE  139                       161    -22      139
  SINCE DEC 1    139                       161    -22      139
  SINCE JUL 1   1616                      2039   -423     1691

 COOLING
  YESTERDAY        0                         0      0        0
  MONTH TO DATE    0                         0      0        0
  SINCE DEC 1      0                         0      0        0
  SINCE JAN 1    549                       419    130      479
..................................................................


WIND (MPH)
  HIGHEST WIND SPEED    32   HIGHEST WIND DIRECTION    NW (310)
  HIGHEST GUST SPEED    40   HIGHEST GUST DIRECTION    NW (300)
  AVERAGE WIND SPEED     5.8


SKY COVER
  POSSIBLE SUNSHINE  MM
  AVERAGE SKY COVER 0.7


WEATHER CONDITIONS
 THE FOLLOWING WEATHER WAS RECORDED YESTERDAY.
  LIGHT SNOW
  FOG


RELATIVE HUMIDITY (PERCENT)
 HIGHEST    68           600 AM
 LOWEST     38           100 PM
 AVERAGE    53

..........................................................


THE SHERIDAN WY CLIMATE NORMALS FOR TODAY
                         NORMAL    RECORD    YEAR
 MAXIMUM TEMPERATURE (F)   36        77      1939
 MINIMUM TEMPERATURE (F)   12       -30      1972


SUNRISE AND SUNSET
DECEMBER  5 2016......SUNRISE   730 AM MST   SUNSET   427 PM MST
DECEMBER  6 2016......SUNRISE   731 AM MST   SUNSET   427 PM MST


-  INDICATES NEGATIVE NUMBERS.
R  INDICATES RECORD WAS SET OR TIED.
MM INDICATES DATA IS MISSING.
T  INDICATES TRACE AMOUNT.




$$
