000
CDUS45 KBYZ 170718
CLISHR


CLIMATE REPORT
NATIONAL WEATHER SERVICE BILLINGS MT
1218 AM MST SAT FEB 17 2018


...................................

...THE SHERIDAN WY CLIMATE SUMMARY FOR FEBRUARY 16 2018...

CLIMATE NORMAL PERIOD 1981 TO 2010
CLIMATE RECORD PERIOD 1907 TO 2018


WEATHER ITEM   OBSERVED TIME   RECORD YEAR NORMAL DEPARTURE LAST
                VALUE   (LST)  VALUE       VALUE  FROM      YEAR
                                                  NORMAL
..................................................................
TEMPERATURE (F)
 YESTERDAY
  MAXIMUM         31   1047 PM  62    1996  39     -8       53
  MINIMUM         -8    205 AM -21    1936  14    -22       29
  AVERAGE         12                        26    -14       41

PRECIPITATION (IN)
  YESTERDAY        0.00          0.32 1928   0.01  -0.01     0.00
  MONTH TO DATE    1.00                      0.30   0.70     0.43
  SINCE OCT 1      4.62                      3.54   1.08     5.20
  SINCE JAN 1      1.63                      0.86   0.77     1.47

DEGREE DAYS
 HEATING
  YESTERDAY       53                        38     15       24
  MONTH TO DATE  814                       633    181      629
  SINCE DEC 1   3322                      3215    107     3673
  SINCE JUL 1   5112                      5093     19     5150

 COOLING
  YESTERDAY        0                         0      0        0
  MONTH TO DATE    0                         0      0        0
  SINCE DEC 1      0                         0      0        0
  SINCE JAN 1      0                         0      0        0
..................................................................


WIND (MPH)
  HIGHEST WIND SPEED    13   HIGHEST WIND DIRECTION     S (200)
  HIGHEST GUST SPEED    13   HIGHEST GUST DIRECTION     S (200)
  AVERAGE WIND SPEED     3.5


SKY COVER
  POSSIBLE SUNSHINE  MM
  AVERAGE SKY COVER 0.5


WEATHER CONDITIONS
 THE FOLLOWING WEATHER WAS RECORDED YESTERDAY.
  NO SIGNIFICANT WEATHER WAS OBSERVED.


RELATIVE HUMIDITY (PERCENT)
 HIGHEST    91          1200 AM
 LOWEST     46           100 PM
 AVERAGE    69

..........................................................


THE SHERIDAN WY CLIMATE NORMALS FOR TODAY
                         NORMAL    RECORD    YEAR
 MAXIMUM TEMPERATURE (F)   39        64      1935
 MINIMUM TEMPERATURE (F)   14       -35      1936


SUNRISE AND SUNSET
FEBRUARY 17 2018......SUNRISE   705 AM MST   SUNSET   539 PM MST
FEBRUARY 18 2018......SUNRISE   703 AM MST   SUNSET   541 PM MST


-  INDICATES NEGATIVE NUMBERS.
R  INDICATES RECORD WAS SET OR TIED.
MM INDICATES DATA IS MISSING.
T  INDICATES TRACE AMOUNT.




$$
