000
CDUS45 KBYZ 032223
CLISHR


CLIMATE REPORT
NATIONAL WEATHER SERVICE BILLINGS MT
421 PM MDT MON AUG 3 2015


...................................

...THE SHERIDAN WY CLIMATE SUMMARY FOR AUGUST 3 2015...
VALID TODAY AS OF 0400 PM LOCAL TIME.

CLIMATE NORMAL PERIOD 1981 TO 2010
CLIMATE RECORD PERIOD 1907 TO 2015


WEATHER ITEM   OBSERVED TIME   RECORD YEAR NORMAL DEPARTURE LAST
                VALUE   (LST)  VALUE       VALUE  FROM      YEAR
                                                  NORMAL
..................................................................
TEMPERATURE (F)
 TODAY
  MAXIMUM         91   1243 PM 103    2001  89      2       90
  MINIMUM         50    441 AM  41    1910  54     -4       56
  AVERAGE         71                        71      0       73

PRECIPITATION (IN)
  TODAY            0.00          0.40 1998   0.03  -0.03     0.00
  MONTH TO DATE    0.00                      0.08  -0.08      T
  SINCE OCT 1     15.26                     12.09   3.17    13.78
  SINCE JAN 1     12.87                      9.41   3.46    10.02

DEGREE DAYS
 HEATING
  TODAY            0                         0      0        0
  MONTH TO DATE    0                         0      0        0
  SINCE JUN 1     64                       175   -111      191
  SINCE JUL 1     20                        26     -6        9

 COOLING
  TODAY            6                         7     -1        8
  MONTH TO DATE   25                        21      4       23
  SINCE JUN 1    251                       249      2      206
  SINCE JAN 1    251                       253     -2      214
..................................................................


WIND (MPH)
  HIGHEST WIND SPEED    16   HIGHEST WIND DIRECTION    SE (140)
  HIGHEST GUST SPEED    22   HIGHEST GUST DIRECTION    SE (140)
  AVERAGE WIND SPEED     5.0


SKY COVER
  POSSIBLE SUNSHINE  MM
  AVERAGE SKY COVER 0.0


WEATHER CONDITIONS
 THE FOLLOWING WEATHER WAS RECORDED TODAY.
  NO SIGNIFICANT WEATHER WAS OBSERVED.


RELATIVE HUMIDITY (PERCENT)
 HIGHEST    77           400 AM
 LOWEST     27           100 PM
 AVERAGE    52

..........................................................


THE SHERIDAN WY CLIMATE NORMALS FOR TOMORROW
                         NORMAL    RECORD    YEAR
 MAXIMUM TEMPERATURE (F)   89       100      1964
                                             1961
                                             1941
 MINIMUM TEMPERATURE (F)   54        39      1980


SUNRISE AND SUNSET
AUGUST  3 2015........SUNRISE   556 AM MDT   SUNSET   831 PM MDT
AUGUST  4 2015........SUNRISE   557 AM MDT   SUNSET   830 PM MDT


-  INDICATES NEGATIVE NUMBERS.
R  INDICATES RECORD WAS SET OR TIED.
MM INDICATES DATA IS MISSING.
T  INDICATES TRACE AMOUNT.




$$
