555
CDUS45 KBYZ 102323
CLISHR


CLIMATE REPORT
NATIONAL WEATHER SERVICE BILLINGS MT
422 PM MST WED FEB 10 2016


...................................

...THE SHERIDAN WY CLIMATE SUMMARY FOR FEBRUARY 10 2016...
VALID TODAY AS OF 0400 PM LOCAL TIME.

CLIMATE NORMAL PERIOD 1981 TO 2010
CLIMATE RECORD PERIOD 1907 TO 2016


WEATHER ITEM   OBSERVED TIME   RECORD YEAR NORMAL DEPARTURE LAST
                VALUE   (LST)  VALUE       VALUE  FROM      YEAR
                                                  NORMAL
..................................................................
TEMPERATURE (F)
 TODAY
  MAXIMUM         61   1243 PM  73    1951  38     23       50
  MINIMUM         29   1251 AM -24    1981  13     16       29
  AVERAGE         45                        25     20       40

PRECIPITATION (IN)
  TODAY            0.00          0.36 2000   0.02  -0.02     0.01
  MONTH TO DATE    0.29                      0.19   0.10     0.18
  SINCE OCT 1      3.00                      3.43  -0.43     3.02
  SINCE JAN 1      0.85                      0.75   0.10     0.63

DEGREE DAYS
 HEATING
  TODAY           20                        40    -20       25
  MONTH TO DATE  334                       400    -66      285
  SINCE DEC 1   2717                      2982   -265     2712
  SINCE JUL 1   4269                      4860   -591     4538

 COOLING
  TODAY            0                         0      0        0
  MONTH TO DATE    0                         0      0        0
  SINCE DEC 1      0                         0      0        0
  SINCE JAN 1      0                         0      0        0
..................................................................


WIND (MPH)
  HIGHEST WIND SPEED    25   HIGHEST WIND DIRECTION     N (340)
  HIGHEST GUST SPEED    32   HIGHEST GUST DIRECTION     N (350)
  AVERAGE WIND SPEED     7.7


SKY COVER
  POSSIBLE SUNSHINE  MM
  AVERAGE SKY COVER 0.2


WEATHER CONDITIONS
 THE FOLLOWING WEATHER WAS RECORDED TODAY.
  NO SIGNIFICANT WEATHER WAS OBSERVED.


RELATIVE HUMIDITY (PERCENT)
 HIGHEST    63          1200 AM
 LOWEST     18          1200 PM
 AVERAGE    41

..........................................................


THE SHERIDAN WY CLIMATE NORMALS FOR TOMORROW
                         NORMAL    RECORD    YEAR
 MAXIMUM TEMPERATURE (F)   38        61      2002
                                             1961
 MINIMUM TEMPERATURE (F)   13       -19      1986


SUNRISE AND SUNSET
FEBRUARY 10 2016......SUNRISE   716 AM MST   SUNSET   529 PM MST
FEBRUARY 11 2016......SUNRISE   715 AM MST   SUNSET   530 PM MST


-  INDICATES NEGATIVE NUMBERS.
R  INDICATES RECORD WAS SET OR TIED.
MM INDICATES DATA IS MISSING.
T  INDICATES TRACE AMOUNT.




$$
