000
CDUS44 KSHV 112240
CLISHV


CLIMATE REPORT
NATIONAL WEATHER SERVICE SHREVEPORT, LA
440 PM CST MON DEC 11 2017


...................................

...THE SHREVEPORT CLIMATE SUMMARY FOR DECEMBER 11 2017...
VALID TODAY AS OF 0400 PM LOCAL TIME.

CLIMATE NORMAL PERIOD 1981 TO 2010
CLIMATE RECORD PERIOD 1874 TO 2017


WEATHER ITEM   OBSERVED TIME   RECORD YEAR NORMAL DEPARTURE LAST
                VALUE   (LST)  VALUE       VALUE  FROM      YEAR
                                                  NORMAL
..................................................................
TEMPERATURE (F)
 TODAY
  MAXIMUM         77    239 PM  81    2015  59     18       69
  MINIMUM         33    727 AM  20    1898  38     -5       49
  AVERAGE         55                        49      6       59

PRECIPITATION (IN)
  TODAY            0.00          3.35 1965   0.15  -0.15     0.04
  MONTH TO DATE    0.27                      1.77  -1.50     2.66
  SINCE DEC 1      0.27                      1.77  -1.50     2.66
  SINCE JAN 1     32.93                     48.41 -15.48    58.53

SNOWFALL (IN)
  TODAY            0.0
  MONTH TO DATE    0.0
  SINCE DEC 1      0.0
  SINCE JUL 1      0.0
  SNOW DEPTH       0

DEGREE DAYS
 HEATING
  TODAY           10                        17     -7        6
  MONTH TO DATE  143                       170    -27      185
  SINCE DEC 1    143                       170    -27      185
  SINCE JUL 1    416                       541   -125      339

 COOLING
  TODAY            0                         0      0        0
  MONTH TO DATE    3                         0      3        0
  SINCE DEC 1      3                         0      3        0
  SINCE JAN 1   2755                      2474    281     3009
..................................................................


WIND (MPH)
  HIGHEST WIND SPEED    15   HIGHEST WIND DIRECTION     W (260)
  HIGHEST GUST SPEED    19   HIGHEST GUST DIRECTION     W (250)
  AVERAGE WIND SPEED     5.6


SKY COVER
  POSSIBLE SUNSHINE  MM
  AVERAGE SKY COVER 0.2


WEATHER CONDITIONS
 THE FOLLOWING WEATHER WAS RECORDED TODAY.
  NO SIGNIFICANT WEATHER WAS OBSERVED.


RELATIVE HUMIDITY (PERCENT)
 HIGHEST    85           800 AM
 LOWEST     12           200 PM
 AVERAGE    49

..........................................................


THE SHREVEPORT CLIMATE NORMALS FOR TOMORROW
                         NORMAL    RECORD    YEAR
 MAXIMUM TEMPERATURE (F)   59        80      1973
 MINIMUM TEMPERATURE (F)   38        17      1962


SUNRISE AND SUNSET
DECEMBER 11 2017......SUNRISE   707 AM CST   SUNSET   510 PM CST
DECEMBER 12 2017......SUNRISE   708 AM CST   SUNSET   511 PM CST


-  INDICATES NEGATIVE NUMBERS.
R  INDICATES RECORD WAS SET OR TIED.
MM INDICATES DATA IS MISSING.
T  INDICATES TRACE AMOUNT.




$$
