000
CDUS44 KSHV 260732
CLISHV


CLIMATE REPORT
NATIONAL WEATHER SERVICE SHREVEPORT, LA
231 AM CDT MON JUN 26 2017


...................................

...THE SHREVEPORT CLIMATE SUMMARY FOR JUNE 25 2017...

CLIMATE NORMAL PERIOD 1981 TO 2010
CLIMATE RECORD PERIOD 1874 TO 2017


WEATHER ITEM   OBSERVED TIME   RECORD YEAR NORMAL DEPARTURE LAST
                VALUE   (LST)  VALUE       VALUE  FROM      YEAR
                                                  NORMAL
..................................................................
TEMPERATURE (F)
 YESTERDAY
  MAXIMUM         84    359 PM 104    1875  92     -8       95
  MINIMUM         67   1157 PM  59    1974  71     -4       76
  AVERAGE         76                        81     -5       86

PRECIPITATION (IN)
  YESTERDAY        0.01          2.79 1960   0.17  -0.16     0.00
  MONTH TO DATE    3.05                      4.57  -1.52     3.95
  SINCE DEC 1     23.64                     31.55  -7.91    41.07
  SINCE JAN 1     20.50                     26.78  -6.28    38.18

SNOWFALL (IN)
  YESTERDAY        0.0
  MONTH TO DATE    0.0
  SINCE JUN 1      0.0
  SINCE JUL 1      0.0
  SNOW DEPTH       0

DEGREE DAYS
 HEATING
  YESTERDAY        0                         0      0        0
  MONTH TO DATE    0                         0      0        0
  SINCE JUN 1      0                         0      0        0
  SINCE JUL 1   1201                      2226  -1025     1451

 COOLING
  YESTERDAY       11                        16     -5       21
  MONTH TO DATE  369                       360      9      425
  SINCE JUN 1    369                       360      9      425
  SINCE JAN 1    911                       758    153      885
..................................................................


WIND (MPH)
  HIGHEST WIND SPEED    16   HIGHEST WIND DIRECTION     E (70)
  HIGHEST GUST SPEED    20   HIGHEST GUST DIRECTION     E (70)
  AVERAGE WIND SPEED     6.9


SKY COVER
  POSSIBLE SUNSHINE  MM
  AVERAGE SKY COVER 0.6


WEATHER CONDITIONS
 THE FOLLOWING WEATHER WAS RECORDED YESTERDAY.
  THUNDERSTORM
  LIGHT RAIN


RELATIVE HUMIDITY (PERCENT)
 HIGHEST    90          1000 PM
 LOWEST     47           400 PM
 AVERAGE    69

..........................................................


THE SHREVEPORT CLIMATE NORMALS FOR TODAY
                         NORMAL    RECORD    YEAR
 MAXIMUM TEMPERATURE (F)   92       101      2012
                                             1875
 MINIMUM TEMPERATURE (F)   71        60      1974


SUNRISE AND SUNSET
JUNE 26 2017..........SUNRISE   610 AM CDT   SUNSET   826 PM CDT
JUNE 27 2017..........SUNRISE   610 AM CDT   SUNSET   826 PM CDT


-  INDICATES NEGATIVE NUMBERS.
R  INDICATES RECORD WAS SET OR TIED.
MM INDICATES DATA IS MISSING.
T  INDICATES TRACE AMOUNT.




$$
