000
CDUS44 KSHV 300753
CLISHV


CLIMATE REPORT
NATIONAL WEATHER SERVICE SHREVEPORT, LA
250 AM CDT SAT MAY 30 2015


...................................

...THE SHREVEPORT CLIMATE SUMMARY FOR MAY 29 2015...

CLIMATE NORMAL PERIOD 1981 TO 2010
CLIMATE RECORD PERIOD 1874 TO 2015


WEATHER ITEM   OBSERVED TIME   RECORD YEAR NORMAL DEPARTURE LAST
                VALUE   (LST)  VALUE       VALUE  FROM      YEAR
                                                  NORMAL
..................................................................
TEMPERATURE (F)
 YESTERDAY
  MAXIMUM         87    420 PM 100    1886  87      0       85
  MINIMUM         70    441 AM  53    1976  66      4       66
  AVERAGE         79                        76      3       76

PRECIPITATION (IN)
  YESTERDAY        0.00          2.09 1941   0.16  -0.16      T
  MONTH TO DATE    9.99                      4.63   5.36     5.36
  SINCE DEC 1     38.94                     26.68  12.26    21.89
  SINCE JAN 1     35.19                     21.91  13.28    16.91

SNOWFALL (IN)
  YESTERDAY        0.0
  MONTH TO DATE    0.0
  SINCE MAR 1      0.4
  SINCE JUL 1      4.5
  SNOW DEPTH       0

DEGREE DAYS
 HEATING
  YESTERDAY        0                         0      0        0
  MONTH TO DATE    0                         5     -5       24
  SINCE MAR 1    291                       342    -51      456
  SINCE JUL 1   2291                      2224     67     2567

 COOLING
  YESTERDAY       14                        11      3       11
  MONTH TO DATE  286                       239     47      222
  SINCE MAR 1    453                       364     89      337
  SINCE JAN 1    453                       374     79      343
..................................................................


WIND (MPH)
  HIGHEST WIND SPEED    24   HIGHEST WIND DIRECTION     S (180)
  HIGHEST GUST SPEED    31   HIGHEST GUST DIRECTION     S (180)
  AVERAGE WIND SPEED    10.3


SKY COVER
  POSSIBLE SUNSHINE  MM
  AVERAGE SKY COVER 0.8


WEATHER CONDITIONS
 THE FOLLOWING WEATHER WAS RECORDED YESTERDAY.
  NO SIGNIFICANT WEATHER WAS OBSERVED.


RELATIVE HUMIDITY (PERCENT)
 HIGHEST    93           600 AM
 LOWEST     57           400 PM
 AVERAGE    75

..........................................................


THE SHREVEPORT CLIMATE NORMALS FOR TODAY
                         NORMAL    RECORD    YEAR
 MAXIMUM TEMPERATURE (F)   87       100      1886
 MINIMUM TEMPERATURE (F)   66        49      1984


SUNRISE AND SUNSET
MAY 30 2015...........SUNRISE   610 AM CDT   SUNSET   816 PM CDT
MAY 31 2015...........SUNRISE   609 AM CDT   SUNSET   817 PM CDT


-  INDICATES NEGATIVE NUMBERS.
R  INDICATES RECORD WAS SET OR TIED.
MM INDICATES DATA IS MISSING.
T  INDICATES TRACE AMOUNT.




$$
