000
CDUS44 KSHV 192231
CLISHV


CLIMATE REPORT
NATIONAL WEATHER SERVICE SHREVEPORT, LA
431 PM CST MON FEB 19 2018


...................................

...THE SHREVEPORT CLIMATE SUMMARY FOR FEBRUARY 19 2018...
VALID TODAY AS OF 0400 PM LOCAL TIME.

CLIMATE NORMAL PERIOD 1981 TO 2010
CLIMATE RECORD PERIOD 1874 TO 2018


WEATHER ITEM   OBSERVED TIME   RECORD YEAR NORMAL DEPARTURE LAST
                VALUE   (LST)  VALUE       VALUE  FROM      YEAR
                                                  NORMAL
..................................................................
TEMPERATURE (F)
 TODAY
  MAXIMUM         82    229 PM  84    1986  62     20       82
  MINIMUM         63    513 AM  15    1978  41     22       58
  AVERAGE         73                        52     21       70

PRECIPITATION (IN)
  TODAY            0.00          2.34 1947   0.18  -0.18     0.00
  MONTH TO DATE    3.68                      3.27   0.41     0.93
  SINCE DEC 1      9.21                     12.24  -3.03     6.63
  SINCE JAN 1      5.09                      7.47  -2.38     3.49

SNOWFALL (IN)
  TODAY            0.0
  MONTH TO DATE    0.0
  SINCE DEC 1      1.8
  SINCE JUL 1      1.8
  SNOW DEPTH       0

DEGREE DAYS
 HEATING
  TODAY            0                        14    -14        0
  MONTH TO DATE  275                       297    -22      132
  SINCE DEC 1   1449                      1398     51      850
  SINCE JUL 1   1722                      1769    -47     1004

 COOLING
  TODAY            8                         0      8        5
  MONTH TO DATE   14                         0     14       32
  SINCE DEC 1     20                        11      9       79
  SINCE JAN 1     17                         4     13       54
..................................................................


WIND (MPH)
  HIGHEST WIND SPEED    32   HIGHEST WIND DIRECTION     S (160)
  HIGHEST GUST SPEED    39   HIGHEST GUST DIRECTION     S (160)
  AVERAGE WIND SPEED    15.4


SKY COVER
  POSSIBLE SUNSHINE  MM
  AVERAGE SKY COVER 0.8


WEATHER CONDITIONS
 THE FOLLOWING WEATHER WAS RECORDED TODAY.
  NO SIGNIFICANT WEATHER WAS OBSERVED.


RELATIVE HUMIDITY (PERCENT)
 HIGHEST    93          1200 AM
 LOWEST     39           400 PM
 AVERAGE    66

..........................................................


THE SHREVEPORT CLIMATE NORMALS FOR TOMORROW
                         NORMAL    RECORD    YEAR
 MAXIMUM TEMPERATURE (F)   63        89      1986
 MINIMUM TEMPERATURE (F)   41        22      1978


SUNRISE AND SUNSET
FEBRUARY 19 2018......SUNRISE   654 AM CST   SUNSET   605 PM CST
FEBRUARY 20 2018......SUNRISE   653 AM CST   SUNSET   605 PM CST


-  INDICATES NEGATIVE NUMBERS.
R  INDICATES RECORD WAS SET OR TIED.
MM INDICATES DATA IS MISSING.
T  INDICATES TRACE AMOUNT.




$$
