000
CDUS44 KSHV 210826
CLISHV


CLIMATE REPORT
NATIONAL WEATHER SERVICE SHREVEPORT, LA
321 AM CDT SUN SEP 21 2014


...................................

...THE SHREVEPORT CLIMATE SUMMARY FOR SEPTEMBER 20 2014...

CLIMATE NORMAL PERIOD 1981 TO 2010
CLIMATE RECORD PERIOD 1874 TO 2014


WEATHER ITEM   OBSERVED TIME   RECORD YEAR NORMAL DEPARTURE LAST
                VALUE   (LST)  VALUE       VALUE  FROM      YEAR
                                                  NORMAL
..................................................................
TEMPERATURE (F)
 YESTERDAY
  MAXIMUM         93    246 PM 102    2005  87      6       77
  MINIMUM         69    639 AM  48    1981  64      5       70
  AVERAGE         81                        76      5       74

PRECIPITATION (IN)
  YESTERDAY        0.00          3.18 2013   0.09  -0.09     3.18
  MONTH TO DATE    1.21                      2.01  -0.80     4.65
  SINCE DEC 1     32.18                     40.77  -8.59    37.27
  SINCE JAN 1     27.20                     36.00  -8.80    31.61

SNOWFALL (IN)
  YESTERDAY        0.0
  MONTH TO DATE    0.0
  SINCE SEP 1      0.0
  SINCE JUL 1      0.0
  SNOW DEPTH       0

DEGREE DAYS
 HEATING
  YESTERDAY        0                         0      0        0
  MONTH TO DATE    0                         0      0        0
  SINCE SEP 1      0                         0      0        0
  SINCE JUL 1      0                         0      0        0

 COOLING
  YESTERDAY       16                        11      5        9
  MONTH TO DATE  325                       274     51      398
  SINCE SEP 1    325                       274     51      398
  SINCE JAN 1   2217                      2236    -19     2443
..................................................................


WIND (MPH)
  HIGHEST WIND SPEED    13   HIGHEST WIND DIRECTION    SE (120)
  HIGHEST GUST SPEED    17   HIGHEST GUST DIRECTION    SE (120)
  AVERAGE WIND SPEED     2.3


SKY COVER
  POSSIBLE SUNSHINE  MM
  AVERAGE SKY COVER 0.1


WEATHER CONDITIONS
 THE FOLLOWING WEATHER WAS RECORDED YESTERDAY.
  FOG


RELATIVE HUMIDITY (PERCENT)
 HIGHEST    97           400 AM
 LOWEST     38           200 PM
 AVERAGE    68

..........................................................


THE SHREVEPORT CLIMATE NORMALS FOR TODAY
                         NORMAL    RECORD    YEAR
 MAXIMUM TEMPERATURE (F)   87       103      2005
 MINIMUM TEMPERATURE (F)   64        46      1918


SUNRISE AND SUNSET
SEPTEMBER 21 2014.....SUNRISE   703 AM CDT   SUNSET   713 PM CDT
SEPTEMBER 22 2014.....SUNRISE   703 AM CDT   SUNSET   712 PM CDT


-  INDICATES NEGATIVE NUMBERS.
R  INDICATES RECORD WAS SET OR TIED.
MM INDICATES DATA IS MISSING.
T  INDICATES TRACE AMOUNT.




$$
