000
CDUS46 KMFR 050842
CLISIY


CLIMATE REPORT
NATIONAL WEATHER SERVICE MEDFORD, OR
142 AM PDT SUN JUL 5 2015


...................................

...THE MONTAGUE CA CLIMATE SUMMARY FOR JULY 4 2015...

CLIMATE NORMAL PERIOD 1981 TO 2010
CLIMATE RECORD PERIOD 1948 TO 2015


WEATHER ITEM   OBSERVED TIME   RECORD YEAR NORMAL DEPARTURE LAST
                VALUE   (LST)  VALUE       VALUE  FROM      YEAR
                                                  NORMAL
..................................................................
TEMPERATURE (F)
 YESTERDAY
  MAXIMUM        102    404 PM 103    2007  88     14       97
  MINIMUM         64    625 AM  41    1993  53     11       56
  AVERAGE         83                        70     13       77

PRECIPITATION (IN)
  YESTERDAY        0.04          0.27 1951   0.01   0.03     0.00
  MONTH TO DATE    0.04                      0.04   0.00     0.02
  SINCE OCT 1     12.36                     17.08  -4.72     6.69
  SINCE JAN 1      6.45                     10.25  -3.80     6.05

SNOWFALL (IN)
  YESTERDAY       MM                        MM     MM       MM
  MONTH TO DATE   MM                        MM     MM       MM
  SINCE JUL 1     MM                        MM     MM       MM
  SNOW DEPTH      MM

DEGREE DAYS
 HEATING
  YESTERDAY        0                         0      0        0
  MONTH TO DATE    0                         1     -1        0
  SINCE JUN 1     17                        94    -77       46
  SINCE JUL 1      0                         1     -1        0

 COOLING
  YESTERDAY       18                         6     12       12
  MONTH TO DATE   78                        21     57       57
  SINCE JUN 1    312                        79    233      140
  SINCE JAN 1    327                        92    235      147
..................................................................


WIND (MPH)
  HIGHEST WIND SPEED    MM   HIGHEST WIND DIRECTION    MM
  HIGHEST GUST SPEED     0   HIGHEST GUST DIRECTION     N (0)
  AVERAGE WIND SPEED    MM


SKY COVER
  POSSIBLE SUNSHINE   0 PERCENT
  AVERAGE SKY COVER 0.0


WEATHER CONDITIONS
 THE FOLLOWING WEATHER WAS RECORDED YESTERDAY.
  NO SIGNIFICANT WEATHER WAS OBSERVED.


RELATIVE HUMIDITY (PERCENT)
 HIGHEST     0          1200 AM
 LOWEST      0          1200 AM

..........................................................


THE MONTAGUE CA CLIMATE NORMALS FOR TODAY
                         NORMAL    RECORD    YEAR
 MAXIMUM TEMPERATURE (F)   88       105      2007
 MINIMUM TEMPERATURE (F)   53        38      1986


SUNRISE AND SUNSET
JULY  5 2015..........SUNRISE   541 AM PDT   SUNSET   848 PM PDT
JULY  6 2015..........SUNRISE   542 AM PDT   SUNSET   847 PM PDT


-  INDICATES NEGATIVE NUMBERS.
R  INDICATES RECORD WAS SET OR TIED.
MM INDICATES DATA IS MISSING.
T  INDICATES TRACE AMOUNT.




$$
