000
CDUS46 KMFR 250836
CLISIY


CLIMATE REPORT
NATIONAL WEATHER SERVICE MEDFORD, OR
135 AM PDT SAT MAR 25 2017


...................................

...THE MONTAGUE CA CLIMATE SUMMARY FOR MARCH 24 2017...

CLIMATE NORMAL PERIOD 1981 TO 2010
CLIMATE RECORD PERIOD 1948 TO 2017


WEATHER ITEM   OBSERVED TIME   RECORD YEAR NORMAL DEPARTURE LAST
                VALUE   (LST)  VALUE       VALUE  FROM      YEAR
                                                  NORMAL
..................................................................
TEMPERATURE (F)
 YESTERDAY
  MAXIMUM         53    218 PM  80    1960  57     -4       62
  MINIMUM         32   1158 PM  22    2005  30      2       38
                                      1988
  AVERAGE         43                        43      0       50

PRECIPITATION (IN)
  YESTERDAY        0.13          0.45 1993   0.07   0.06      T
  MONTH TO DATE    1.06                      1.79  -0.73     2.44
  SINCE OCT 1     13.58                     12.83   0.75    12.33
  SINCE JAN 1      5.37                      6.00  -0.63     7.24

SNOWFALL (IN)
  YESTERDAY       MM                        MM     MM       MM
  MONTH TO DATE   MM                        MM     MM       MM
  SINCE JUL 1     MM                        MM     MM       MM
  SNOW DEPTH      MM

DEGREE DAYS
 HEATING
  YESTERDAY       22                        22      0       15
  MONTH TO DATE  462                       533    -71      453
  SINCE MAR 1    462                       533    -71      453
  SINCE JUL 1   4359                      4410    -51     3870

 COOLING
  YESTERDAY        0                         0      0        0
  MONTH TO DATE    0                         0      0        0
  SINCE MAR 1      0                         0      0        0
  SINCE JAN 1      0                         0      0        0
..................................................................


WIND (MPH)
  HIGHEST WIND SPEED    33   HIGHEST WIND DIRECTION     S (170)
  HIGHEST GUST SPEED    40   HIGHEST GUST DIRECTION     S (170)
  AVERAGE WIND SPEED    13.3


SKY COVER
  POSSIBLE SUNSHINE  MM
  AVERAGE SKY COVER 0.8


WEATHER CONDITIONS
 THE FOLLOWING WEATHER WAS RECORDED YESTERDAY.
  LIGHT RAIN
  FOG


RELATIVE HUMIDITY (PERCENT)
 HIGHEST    85          1000 AM
 LOWEST     56           500 PM

..........................................................


THE MONTAGUE CA CLIMATE NORMALS FOR TODAY
                         NORMAL    RECORD    YEAR
 MAXIMUM TEMPERATURE (F)   57        78      1960
 MINIMUM TEMPERATURE (F)   30        21      1995


SUNRISE AND SUNSET
MARCH 25 2017.........SUNRISE   704 AM PDT   SUNSET   728 PM PDT
MARCH 26 2017.........SUNRISE   702 AM PDT   SUNSET   729 PM PDT


-  INDICATES NEGATIVE NUMBERS.
R  INDICATES RECORD WAS SET OR TIED.
MM INDICATES DATA IS MISSING.
T  INDICATES TRACE AMOUNT.




$$
