000
CDUS46 KMFR 220836
CLISIY


CLIMATE REPORT
NATIONAL WEATHER SERVICE MEDFORD, OR
1236 AM PST MON JAN 22 2018


...................................

...THE MONTAGUE CA CLIMATE SUMMARY FOR JANUARY 21 2018...

CLIMATE NORMAL PERIOD 1981 TO 2010
CLIMATE RECORD PERIOD 1948 TO 2018


WEATHER ITEM   OBSERVED TIME   RECORD YEAR NORMAL DEPARTURE LAST
                VALUE   (LST)  VALUE       VALUE  FROM      YEAR
                                                  NORMAL
..................................................................
TEMPERATURE (F)
 YESTERDAY
  MAXIMUM         44    111 PM  59    1961  45     -1       46
  MINIMUM         26   1203 AM   1    1962  26      0       30
  AVERAGE         35                        35      0       38

PRECIPITATION (IN)
  YESTERDAY        0.07          2.35 1964   0.05   0.02     0.02
  MONTH TO DATE    1.00                      1.77  -0.77     1.51
  SINCE OCT 1      3.27                      8.60  -5.33     9.72
  SINCE JAN 1      1.00                      1.77  -0.77     1.51

SNOWFALL (IN)
  YESTERDAY       MM                        MM     MM       MM
  MONTH TO DATE   MM                        MM     MM       MM
  SINCE JUL 1     MM                        MM     MM       MM
  SNOW DEPTH      MM

DEGREE DAYS
 HEATING
  YESTERDAY       30                        30      0       27
  MONTH TO DATE  518                       630   -112      745
  SINCE DEC 1   1525                      1557    -32     1759
  SINCE JUL 1   2755                      2863   -108     2889

 COOLING
  YESTERDAY        0                         0      0        0
  MONTH TO DATE    0                         0      0        0
  SINCE DEC 1      0                         0      0        0
  SINCE JAN 1      0                         0      0        0
..................................................................


WIND (MPH)
  HIGHEST WIND SPEED    28   HIGHEST WIND DIRECTION     S (170)
  HIGHEST GUST SPEED    35   HIGHEST GUST DIRECTION     S (170)
  AVERAGE WIND SPEED     9.2


SKY COVER
  POSSIBLE SUNSHINE  MM
  AVERAGE SKY COVER 0.9


WEATHER CONDITIONS
 THE FOLLOWING WEATHER WAS RECORDED YESTERDAY.
  RAIN
  LIGHT RAIN


RELATIVE HUMIDITY (PERCENT)
 HIGHEST   100           400 AM
 LOWEST     58          1200 PM

..........................................................


THE MONTAGUE CA CLIMATE NORMALS FOR TODAY
                         NORMAL    RECORD    YEAR
 MAXIMUM TEMPERATURE (F)   45        62      1981
 MINIMUM TEMPERATURE (F)   26        -2      1962


SUNRISE AND SUNSET
JANUARY 22 2018.......SUNRISE   731 AM PST   SUNSET   513 PM PST
JANUARY 23 2018.......SUNRISE   730 AM PST   SUNSET   514 PM PST


-  INDICATES NEGATIVE NUMBERS.
R  INDICATES RECORD WAS SET OR TIED.
MM INDICATES DATA IS MISSING.
T  INDICATES TRACE AMOUNT.




$$
