000
CDUS46 KMFR 210839
CLISIY


CLIMATE REPORT
NATIONAL WEATHER SERVICE MEDFORD, OR
139 AM PDT TUE OCT 21 2014


...................................

...THE MONTAGUE CA CLIMATE SUMMARY FOR OCTOBER 20 2014...

CLIMATE NORMAL PERIOD 1981 TO 2010
CLIMATE RECORD PERIOD 1948 TO 2014


WEATHER ITEM   OBSERVED TIME   RECORD YEAR NORMAL DEPARTURE LAST
                VALUE   (LST)  VALUE       VALUE  FROM      YEAR
                                                  NORMAL
..................................................................
TEMPERATURE (F)
 YESTERDAY
  MAXIMUM         62    337 AM  81    1991  65     -3       75
  MINIMUM         42   1159 PM  20    1949  35      7       29
  AVERAGE         52                        50      2       52

PRECIPITATION (IN)
  YESTERDAY        0.09          0.33 1979   0.04   0.05     0.00
  MONTH TO DATE    0.54                      0.54   0.00      T
  SINCE SEP 1      1.92                      1.18   0.74     0.74
  SINCE JAN 1      8.09                     12.18  -4.09     5.07

SNOWFALL (IN)
  YESTERDAY       MM                        MM     MM       MM
  MONTH TO DATE   MM                        MM     MM       MM
  SINCE JUL 1     MM                        MM     MM       MM
  SNOW DEPTH      MM

DEGREE DAYS
 HEATING
  YESTERDAY       13                        15     -2       13
  MONTH TO DATE  135                       223    -88      316
  SINCE SEP 1    181                       348   -167      463
  SINCE JUL 1    181                       365   -184      463

 COOLING
  YESTERDAY        0                         0      0        0
  MONTH TO DATE    0                         0      0        0
  SINCE SEP 1    112                        41     71       87
  SINCE JAN 1    913                       542    371      776
..................................................................


WIND (MPH)
  HIGHEST WIND SPEED    25   HIGHEST WIND DIRECTION     W (250)
  HIGHEST GUST SPEED    31   HIGHEST GUST DIRECTION     S (190)
  AVERAGE WIND SPEED    10.6


SKY COVER
  POSSIBLE SUNSHINE  MM
  AVERAGE SKY COVER 0.8


WEATHER CONDITIONS
 THE FOLLOWING WEATHER WAS RECORDED YESTERDAY.
  LIGHT RAIN


RELATIVE HUMIDITY (PERCENT)
 HIGHEST    92           900 PM
 LOWEST     49           400 PM

..........................................................


THE MONTAGUE CA CLIMATE NORMALS FOR TODAY
                         NORMAL    RECORD    YEAR
 MAXIMUM TEMPERATURE (F)   65        86      2003
 MINIMUM TEMPERATURE (F)   35        25      2012
                                             1996


SUNRISE AND SUNSET
OCTOBER 21 2014.......SUNRISE   729 AM PDT   SUNSET   619 PM PDT
OCTOBER 22 2014.......SUNRISE   730 AM PDT   SUNSET   618 PM PDT


-  INDICATES NEGATIVE NUMBERS.
R  INDICATES RECORD WAS SET OR TIED.
MM INDICATES DATA IS MISSING.
T  INDICATES TRACE AMOUNT.




$$
