000
CDUS46 KMFR 230846
CLISIY


CLIMATE REPORT
NATIONAL WEATHER SERVICE MEDFORD, OR
146 AM PDT SAT MAY 23 2015


...................................

...THE MONTAGUE CA CLIMATE SUMMARY FOR MAY 22 2015...

CLIMATE NORMAL PERIOD 1981 TO 2010
CLIMATE RECORD PERIOD 1948 TO 2015


WEATHER ITEM   OBSERVED TIME   RECORD YEAR NORMAL DEPARTURE LAST
                VALUE   (LST)  VALUE       VALUE  FROM      YEAR
                                                  NORMAL
..................................................................
TEMPERATURE (F)
 YESTERDAY
  MAXIMUM         66    126 PM  95    2001  74     -8       85
  MINIMUM         44   1159 PM  25    2013  42      2       43
  AVERAGE         55                        58     -3       64

PRECIPITATION (IN)
  YESTERDAY        0.01          0.46 1990   0.04  -0.03     0.00
  MONTH TO DATE    0.92                      1.21  -0.29     0.42
  SINCE OCT 1     11.96                     16.12  -4.16     6.47
  SINCE JAN 1      6.05                      9.29  -3.24     5.83

SNOWFALL (IN)
  YESTERDAY       MM                        MM     MM       MM
  MONTH TO DATE   MM                        MM     MM       MM
  SINCE JUL 1     MM                        MM     MM        0.0
  SNOW DEPTH      MM

DEGREE DAYS
 HEATING
  YESTERDAY       10                         8      2        1
  MONTH TO DATE  200                       225    -25      184
  SINCE MAR 1   1180                      1446   -266     1152
  SINCE JUL 1   4322                      5323  -1001     5200

 COOLING
  YESTERDAY        0                         1     -1        0
  MONTH TO DATE    0                         7     -7        4
  SINCE MAR 1      0                         7     -7        6
  SINCE JAN 1      0                         7     -7        6
..................................................................


WIND (MPH)
  HIGHEST WIND SPEED    20   HIGHEST WIND DIRECTION     N (10)
  HIGHEST GUST SPEED    26   HIGHEST GUST DIRECTION     N (20)
  AVERAGE WIND SPEED     7.4


SKY COVER
  POSSIBLE SUNSHINE  MM
  AVERAGE SKY COVER 0.6


WEATHER CONDITIONS
 THE FOLLOWING WEATHER WAS RECORDED YESTERDAY.
  LIGHT RAIN


RELATIVE HUMIDITY (PERCENT)
 HIGHEST    96           200 AM
 LOWEST     55           700 PM

..........................................................


THE MONTAGUE CA CLIMATE NORMALS FOR TODAY
                         NORMAL    RECORD    YEAR
 MAXIMUM TEMPERATURE (F)   74        94      2001
 MINIMUM TEMPERATURE (F)   42        30      1980


SUNRISE AND SUNSET
MAY 23 2015...........SUNRISE   543 AM PDT   SUNSET   831 PM PDT
MAY 24 2015...........SUNRISE   542 AM PDT   SUNSET   832 PM PDT


-  INDICATES NEGATIVE NUMBERS.
R  INDICATES RECORD WAS SET OR TIED.
MM INDICATES DATA IS MISSING.
T  INDICATES TRACE AMOUNT.




$$
