808
CDUS46 KMFR 240836
CLISIY


CLIMATE REPORT
NATIONAL WEATHER SERVICE MEDFORD, OR
136 AM PDT MON APR 24 2017


...................................

...THE MONTAGUE CA CLIMATE SUMMARY FOR APRIL 23 2017...

CLIMATE NORMAL PERIOD 1981 TO 2010
CLIMATE RECORD PERIOD 1948 TO 2017


WEATHER ITEM   OBSERVED TIME   RECORD YEAR NORMAL DEPARTURE LAST
                VALUE   (LST)  VALUE       VALUE  FROM      YEAR
                                                  NORMAL
..................................................................
TEMPERATURE (F)
 YESTERDAY
  MAXIMUM         60    136 PM  84    2012  63     -3       61
  MINIMUM         33    619 AM  26    2007  35     -2       35
                                      1958
  AVERAGE         47                        49     -2       48

PRECIPITATION (IN)
  YESTERDAY        T             0.65 1961   0.06  -0.06      T
  MONTH TO DATE    0.91                      1.09  -0.18     0.66
  SINCE OCT 1     14.78                     14.44   0.34    12.99
  SINCE JAN 1      6.57                      7.61  -1.04     7.90

SNOWFALL (IN)
  YESTERDAY       MM                        MM     MM       MM
  MONTH TO DATE   MM                        MM     MM       MM
  SINCE JUL 1     MM                        MM     MM       MM
  SNOW DEPTH      MM

DEGREE DAYS
 HEATING
  YESTERDAY       18                        16      2       17
  MONTH TO DATE  447                       438      9      233
  SINCE MAR 1   1056                      1120    -64      816
  SINCE JUL 1   4953                      4997    -44     4233

 COOLING
  YESTERDAY        0                         0      0        0
  MONTH TO DATE    0                         0      0        0
  SINCE MAR 1      0                         0      0        0
  SINCE JAN 1      0                         0      0        0
..................................................................


WIND (MPH)
  HIGHEST WIND SPEED    15   HIGHEST WIND DIRECTION     W (250)
  HIGHEST GUST SPEED    23   HIGHEST GUST DIRECTION    NW (300)
  AVERAGE WIND SPEED     6.0


SKY COVER
  POSSIBLE SUNSHINE  MM
  AVERAGE SKY COVER 0.4


WEATHER CONDITIONS
 THE FOLLOWING WEATHER WAS RECORDED YESTERDAY.
  NO SIGNIFICANT WEATHER WAS OBSERVED.


RELATIVE HUMIDITY (PERCENT)
 HIGHEST    96           600 AM
 LOWEST     43          1200 PM

..........................................................


THE MONTAGUE CA CLIMATE NORMALS FOR TODAY
                         NORMAL    RECORD    YEAR
 MAXIMUM TEMPERATURE (F)   64        85      1981
 MINIMUM TEMPERATURE (F)   35        24      1964


SUNRISE AND SUNSET
APRIL 24 2017.........SUNRISE   616 AM PDT   SUNSET   801 PM PDT
APRIL 25 2017.........SUNRISE   614 AM PDT   SUNSET   802 PM PDT


-  INDICATES NEGATIVE NUMBERS.
R  INDICATES RECORD WAS SET OR TIED.
MM INDICATES DATA IS MISSING.
T  INDICATES TRACE AMOUNT.




$$
