098
CDUS46 KMFR 200835
CLISIY


CLIMATE REPORT
NATIONAL WEATHER SERVICE MEDFORD, OR
1235 AM PST MON FEB 20 2017


...................................

...THE MONTAGUE CA CLIMATE SUMMARY FOR FEBRUARY 19 2017...

CLIMATE NORMAL PERIOD 1981 TO 2010
CLIMATE RECORD PERIOD 1948 TO 2017


WEATHER ITEM   OBSERVED TIME   RECORD YEAR NORMAL DEPARTURE LAST
                VALUE   (LST)  VALUE       VALUE  FROM      YEAR
                                                  NORMAL
..................................................................
TEMPERATURE (F)
 YESTERDAY
  MAXIMUM         51    247 PM  68    1995  52     -1       48
  MINIMUM         37    755 AM   5    1990  28      9       35
  AVERAGE         44                        40      4       42

PRECIPITATION (IN)
  YESTERDAY        0.13          0.63 1974   0.08   0.05     0.18
  MONTH TO DATE    2.48                      1.30   1.18     1.08
  SINCE OCT 1     12.32                     10.33   1.99     9.74
  SINCE JAN 1      4.11                      3.50   0.61     4.65

SNOWFALL (IN)
  YESTERDAY       MM                        MM     MM       MM
  MONTH TO DATE   MM                        MM     MM       MM
  SINCE JUL 1     MM                        MM     MM       MM
  SNOW DEPTH      MM

DEGREE DAYS
 HEATING
  YESTERDAY       21                        25     -4       23
  MONTH TO DATE  423                       510    -87      417
  SINCE DEC 1   2500                      2356    144     2110
  SINCE JUL 1   3630                      3662    -32     3193

 COOLING
  YESTERDAY        0                         0      0        0
  MONTH TO DATE    0                         0      0        0
  SINCE DEC 1      0                         0      0        0
  SINCE JAN 1      0                         0      0        0
..................................................................


WIND (MPH)
  HIGHEST WIND SPEED    26   HIGHEST WIND DIRECTION     S (180)
  HIGHEST GUST SPEED    33   HIGHEST GUST DIRECTION     S (180)
  AVERAGE WIND SPEED    12.7


SKY COVER
  POSSIBLE SUNSHINE  MM
  AVERAGE SKY COVER 0.7


WEATHER CONDITIONS
 THE FOLLOWING WEATHER WAS RECORDED YESTERDAY.
  LIGHT RAIN
  FOG


RELATIVE HUMIDITY (PERCENT)
 HIGHEST    92           700 AM
 LOWEST     56           300 PM

..........................................................


THE MONTAGUE CA CLIMATE NORMALS FOR TODAY
                         NORMAL    RECORD    YEAR
 MAXIMUM TEMPERATURE (F)   52        71      1977
 MINIMUM TEMPERATURE (F)   28         8      1990


SUNRISE AND SUNSET
FEBRUARY 20 2017......SUNRISE   658 AM PST   SUNSET   550 PM PST
FEBRUARY 21 2017......SUNRISE   656 AM PST   SUNSET   551 PM PST


-  INDICATES NEGATIVE NUMBERS.
R  INDICATES RECORD WAS SET OR TIED.
MM INDICATES DATA IS MISSING.
T  INDICATES TRACE AMOUNT.




$$
