000
CDUS46 KMTR 050837
CLISJC


CLIMATE REPORT
NATIONAL WEATHER SERVICE SAN FRANCISCO BAY AREA
137 AM PDT THU MAY 5 2016


...................................

...THE SAN JOSE AIRPORT CLIMATE SUMMARY FOR MAY 4 2016...

CLIMATE NORMAL PERIOD 1981 TO 2010
CLIMATE RECORD PERIOD 1893 TO 2016


WEATHER ITEM   OBSERVED TIME   RECORD YEAR NORMAL DEPARTURE LAST
                VALUE   (LST)  VALUE       VALUE  FROM      YEAR
                                                  NORMAL
..................................................................
TEMPERATURE (F)
 YESTERDAY
  MAXIMUM         72    311 PM  94    1990  74     -2       65
  MINIMUM         56    334 AM  36    1902  51      5       50
  AVERAGE         64                        62      2       58

PRECIPITATION (IN)
  YESTERDAY        0.00          0.51 2005   0.03  -0.03     0.00
  MONTH TO DATE    0.00                      0.10  -0.10     0.00
  SINCE OCT 1     14.59                     14.29   0.30    12.76
  SINCE JAN 1      9.89                      9.51   0.38     2.81

SNOWFALL (IN)
  YESTERDAY        0.0                      MM     MM        0.0
  MONTH TO DATE    0.0                      MM     MM        0.0
  SINCE MAR 1      0.0                      MM     MM        0.0
  SINCE JUL 1      0.0                      MM     MM        0.0

DEGREE DAYS
 HEATING
  YESTERDAY        1                         4     -3        7
  MONTH TO DATE    4                        16    -12       13
  SINCE MAR 1    321                       457   -136      314
  SINCE JUL 1   1691                      1920   -229     1534

 COOLING
  YESTERDAY        0                         1     -1        0
  MONTH TO DATE    4                         4      0        6
  SINCE MAR 1     33                        23     10       27
  SINCE JAN 1     33                        23     10       27
..................................................................


WIND (MPH)
  RESULTANT WIND SPEED   4   RESULTANT WIND DIRECTION  NW (300)
  HIGHEST WIND SPEED    16   HIGHEST WIND DIRECTION    NW (300)
  HIGHEST GUST SPEED    19   HIGHEST GUST DIRECTION     S (190)
  AVERAGE WIND SPEED     6.5


SKY COVER
  POSSIBLE SUNSHINE  MM
  AVERAGE SKY COVER 0.8


WEATHER CONDITIONS
 THE FOLLOWING WEATHER WAS RECORDED YESTERDAY.
  NO SIGNIFICANT WEATHER WAS OBSERVED.


RELATIVE HUMIDITY (PERCENT)
 HIGHEST    86           100 AM
 LOWEST     53           300 PM
 AVERAGE    70

..........................................................


THE SAN JOSE AIRPORT CLIMATE NORMALS FOR TODAY
                         NORMAL    RECORD    YEAR
 MAXIMUM TEMPERATURE (F)   74        98      1987
 MINIMUM TEMPERATURE (F)   51        39      1975


SUNRISE AND SUNSET
MAY  5 2016...........SUNRISE   608 AM PDT   SUNSET   802 PM PDT
MAY  6 2016...........SUNRISE   607 AM PDT   SUNSET   802 PM PDT


-  INDICATES NEGATIVE NUMBERS.
R  INDICATES RECORD WAS SET OR TIED.
MM INDICATES DATA IS MISSING.
T  INDICATES TRACE AMOUNT.




$$
