000
CDUS46 KMTR 270826
CLISJC


CLIMATE REPORT
NATIONAL WEATHER SERVICE SAN FRANCISCO BAY AREA
125 AM PDT SAT AUG 27 2016


...................................

...THE SAN JOSE AIRPORT CLIMATE SUMMARY FOR AUGUST 26 2016...

CLIMATE NORMAL PERIOD 1981 TO 2010
CLIMATE RECORD PERIOD 1893 TO 2016


WEATHER ITEM   OBSERVED TIME   RECORD YEAR NORMAL DEPARTURE LAST
                VALUE   (LST)  VALUE       VALUE  FROM      YEAR
                                                  NORMAL
..................................................................
TEMPERATURE (F)
 YESTERDAY
  MAXIMUM         81    127 PM  98    1894  83     -2       86
  MINIMUM         60    639 AM  39    1893  59      1       59
  AVERAGE         71                        71      0       73

PRECIPITATION (IN)
  YESTERDAY        0.00          0.54 1935   0.00   0.00     0.00
  MONTH TO DATE    T                         0.00   0.00     0.02
  SINCE OCT 1     14.91                     14.67   0.24    13.38
  SINCE JAN 1     10.21                      9.89   0.32     3.43

SNOWFALL (IN)
  YESTERDAY        0.0                      MM     MM        0.0
  MONTH TO DATE    0.0                      MM     MM        0.0
  SINCE JUN 1      0.0                      MM     MM        0.0
  SINCE JUL 1      0.0                      MM     MM        0.0

DEGREE DAYS
 HEATING
  YESTERDAY        0                         0      0        0
  MONTH TO DATE    0                         0      0        0
  SINCE JUN 1      6                        16    -10       10
  SINCE JUL 1      0                         1     -1        0

 COOLING
  YESTERDAY        6                         6      0        8
  MONTH TO DATE  119                       156    -37      154
  SINCE JUN 1    417                       455    -38      425
  SINCE JAN 1    499                       525    -26      452
..................................................................


WIND (MPH)
  RESULTANT WIND SPEED   1   RESULTANT WIND DIRECTION   E (110)
  HIGHEST WIND SPEED    16   HIGHEST WIND DIRECTION    NW (300)
  HIGHEST GUST SPEED    19   HIGHEST GUST DIRECTION     W (290)
  AVERAGE WIND SPEED     8.5


SKY COVER
  POSSIBLE SUNSHINE  MM
  AVERAGE SKY COVER 0.5


WEATHER CONDITIONS
 THE FOLLOWING WEATHER WAS RECORDED YESTERDAY.
  HAZE


RELATIVE HUMIDITY (PERCENT)
 HIGHEST    84           200 AM
 LOWEST     45           100 PM
 AVERAGE    65

..........................................................


THE SAN JOSE AIRPORT CLIMATE NORMALS FOR TODAY
                         NORMAL    RECORD    YEAR
 MAXIMUM TEMPERATURE (F)   83        99      1993
 MINIMUM TEMPERATURE (F)   58        43      1896


SUNRISE AND SUNSET
AUGUST 27 2016........SUNRISE   635 AM PDT   SUNSET   743 PM PDT
AUGUST 28 2016........SUNRISE   635 AM PDT   SUNSET   741 PM PDT


-  INDICATES NEGATIVE NUMBERS.
R  INDICATES RECORD WAS SET OR TIED.
MM INDICATES DATA IS MISSING.
T  INDICATES TRACE AMOUNT.




$$
