000
CDUS46 KMTR 220025
CLISJC


CLIMATE REPORT
NATIONAL WEATHER SERVICE SAN FRANCISCO BAY AREA
425 PM PST TUE NOV 21 2017


...................................

...THE SAN JOSE CA CLIMATE SUMMARY FOR NOVEMBER 21 2017...
VALID TODAY AS OF 0400 PM LOCAL TIME.

CLIMATE NORMAL PERIOD 1981 TO 2010
CLIMATE RECORD PERIOD 1893 TO 2017


WEATHER ITEM   OBSERVED TIME   RECORD YEAR NORMAL DEPARTURE LAST
                VALUE   (LST)  VALUE       VALUE  FROM      YEAR
                                                  NORMAL
..................................................................
TEMPERATURE (F)
 TODAY
  MAXIMUM         76R   316 PM  73    2002  62     14       63
  MINIMUM         53    532 AM  27    1894  45      8       49
  AVERAGE         65                        54     11       56

PRECIPITATION (IN)
  TODAY            0.00          0.80 1978   0.06  -0.06     0.00
  MONTH TO DATE    1.10                      1.07   0.03     0.41
  SINCE OCT 1      1.32                      1.87  -0.55     1.97
  SINCE JAN 1     15.40                     12.60   2.80    12.18

SNOWFALL (IN)
  TODAY            0.0           0.0  1947
  MONTH TO DATE    0.0
  SINCE SEP 1      0.0
  SINCE JUL 1      0.0

DEGREE DAYS
 HEATING
  TODAY            0                        11    -11        9
  MONTH TO DATE  125                       183    -58       77
  SINCE SEP 1    173                       287   -114      113
  SINCE JUL 1    173                       293   -120      113

 COOLING
  TODAY            0                         0      0        0
  MONTH TO DATE    0                         0      0        7
  SINCE SEP 1    345                       153    192      185
  SINCE JAN 1    990                       636    354      706
..................................................................


WIND (MPH)
  RESULTANT WIND SPEED   1   RESULTANT WIND DIRECTION   S (190)
  HIGHEST WIND SPEED     9   HIGHEST WIND DIRECTION     W (290)
  HIGHEST GUST SPEED    11   HIGHEST GUST DIRECTION    NW (310)
  AVERAGE WIND SPEED     1.9


SKY COVER
  POSSIBLE SUNSHINE  MM
  AVERAGE SKY COVER 0.5


WEATHER CONDITIONS
 THE FOLLOWING WEATHER WAS RECORDED TODAY.
  FOG
  HAZE


RELATIVE HUMIDITY (PERCENT)
 HIGHEST    93           500 AM
 LOWEST     46           300 PM
 AVERAGE    70

..........................................................


THE SAN JOSE CA CLIMATE NORMALS FOR TOMORROW
                         NORMAL    RECORD    YEAR
 MAXIMUM TEMPERATURE (F)   62        74      1959
 MINIMUM TEMPERATURE (F)   45        29      1894


SUNRISE AND SUNSET
NOVEMBER 21 2017......SUNRISE   654 AM PST   SUNSET   453 PM PST
NOVEMBER 22 2017......SUNRISE   655 AM PST   SUNSET   453 PM PST


-  INDICATES NEGATIVE NUMBERS.
R  INDICATES RECORD WAS SET OR TIED.
MM INDICATES DATA IS MISSING.
T  INDICATES TRACE AMOUNT.




$$
