000
CDUS46 KMTR 220826
CLISJC


CLIMATE REPORT
NATIONAL WEATHER SERVICE SAN FRANCISCO BAY AREA
126 AM PDT WED OCT 22 2014


...................................

...THE SAN JOSE AIRPORT CLIMATE SUMMARY FOR OCTOBER 21 2014...

CLIMATE NORMAL PERIOD 1981 TO 2010
CLIMATE RECORD PERIOD 1893 TO 2014


WEATHER ITEM   OBSERVED TIME   RECORD YEAR NORMAL DEPARTURE LAST
                VALUE   (LST)  VALUE       VALUE  FROM      YEAR
                                                  NORMAL
..................................................................
TEMPERATURE (F)
 YESTERDAY
  MAXIMUM         70    232 PM  89    1901  75     -5       70
  MINIMUM         48    619 AM  36    1893  52     -4       51
  AVERAGE         59                        63     -4       61

PRECIPITATION (IN)
  YESTERDAY        0.00          0.21 1941   0.03  -0.03     0.00
  MONTH TO DATE    T                         0.45  -0.45     0.00
  SINCE JUL 1      0.36                      0.68  -0.32     0.66
  SINCE JAN 1      5.15                     10.57  -5.42     2.90

SNOWFALL (IN)
  YESTERDAY        0.0                      MM     MM        0.0
  MONTH TO DATE    0.0                      MM     MM        0.0
  SINCE SEP 1      0.0                      MM     MM        0.0
  SINCE JUL 1      0.0                      MM     MM        0.0

DEGREE DAYS
 HEATING
  YESTERDAY        6                         3      3        4
  MONTH TO DATE   16                        33    -17       48
  SINCE SEP 1     18                        43    -25       56
  SINCE JUL 1     18                        46    -28       57

 COOLING
  YESTERDAY        0                         1     -1        0
  MONTH TO DATE   71                        39     32       13
  SINCE SEP 1    181                       176      5      124
  SINCE JAN 1    682                       722    -40      549
..................................................................


WIND (MPH)
  RESULTANT WIND SPEED   3   RESULTANT WIND DIRECTION  NW (300)
  HIGHEST WIND SPEED    20   HIGHEST WIND DIRECTION    NW (310)
  HIGHEST GUST SPEED    23   HIGHEST GUST DIRECTION    NW (310)
  AVERAGE WIND SPEED     4.9


SKY COVER
  POSSIBLE SUNSHINE  MM
  AVERAGE SKY COVER 0.2


WEATHER CONDITIONS
 THE FOLLOWING WEATHER WAS RECORDED YESTERDAY.
  NO SIGNIFICANT WEATHER WAS OBSERVED.


RELATIVE HUMIDITY (PERCENT)
 HIGHEST    93           400 AM
 LOWEST     37           300 PM
 AVERAGE    65

..........................................................


THE SAN JOSE AIRPORT CLIMATE NORMALS FOR TODAY
                         NORMAL    RECORD    YEAR
 MAXIMUM TEMPERATURE (F)   75        90      1901
 MINIMUM TEMPERATURE (F)   52        35      1893


SUNRISE AND SUNSET
OCTOBER 22 2014.......SUNRISE   722 AM PDT   SUNSET   621 PM PDT
OCTOBER 23 2014.......SUNRISE   723 AM PDT   SUNSET   620 PM PDT


-  INDICATES NEGATIVE NUMBERS.
R  INDICATES RECORD WAS SET OR TIED.
MM INDICATES DATA IS MISSING.
T  INDICATES TRACE AMOUNT.




$$
