000
CDUS46 KMTR 290029
CLISJC


CLIMATE REPORT
NATIONAL WEATHER SERVICE SAN FRANCISCO BAY AREA
529 PM PDT WED SEP 28 2016


...................................

...THE SAN JOSE CA CLIMATE SUMMARY FOR SEPTEMBER 28 2016...
VALID TODAY AS OF 0500 PM LOCAL TIME.

CLIMATE NORMAL PERIOD 1981 TO 2010
CLIMATE RECORD PERIOD 1893 TO 2016


WEATHER ITEM   OBSERVED TIME   RECORD YEAR NORMAL DEPARTURE LAST
                VALUE   (LST)  VALUE       VALUE  FROM      YEAR
                                                  NORMAL
..................................................................
TEMPERATURE (F)
 TODAY
  MAXIMUM         80    146 PM  99    2010  78      2       74
  MINIMUM         60    610 AM  38    1894  56      4       58
  AVERAGE         70                        67      3       66

PRECIPITATION (IN)
  TODAY            0.00          0.41 1976   0.01  -0.01     0.00
  MONTH TO DATE    T                         0.15  -0.15      T
  SINCE OCT 1     14.91                     15.79  -0.88    13.38
  SINCE JAN 1     10.21                     10.70  -0.49     3.43

SNOWFALL (IN)
  TODAY            0.0           0.0  1947
  MONTH TO DATE    0.0
  SINCE SEP 1      0.0
  SINCE JUL 1      0.0

DEGREE DAYS
 HEATING
  TODAY            0                         1     -1        0
  MONTH TO DATE    0                         8     -8        1
  SINCE SEP 1      0                         8     -8        1
  SINCE JUL 1      0                        14    -14        1

 COOLING
  TODAY            5                         3      2        1
  MONTH TO DATE  146                       111     35      170
  SINCE SEP 1    146                       111     35      170
  SINCE JAN 1    667                       594     73      669
..................................................................


WIND (MPH)
  RESULTANT WIND SPEED   5   RESULTANT WIND DIRECTION  NW (300)
  HIGHEST WIND SPEED    16   HIGHEST WIND DIRECTION     W (280)
  HIGHEST GUST SPEED    18   HIGHEST GUST DIRECTION     W (290)
  AVERAGE WIND SPEED     5.3


SKY COVER
  POSSIBLE SUNSHINE  MM
  AVERAGE SKY COVER 0.3


WEATHER CONDITIONS
 THE FOLLOWING WEATHER WAS RECORDED TODAY.
  NO SIGNIFICANT WEATHER WAS OBSERVED.


RELATIVE HUMIDITY (PERCENT)
 HIGHEST    84           200 AM
 LOWEST     42           100 PM
 AVERAGE    63

..........................................................


THE SAN JOSE CA CLIMATE NORMALS FOR TOMORROW
                         NORMAL    RECORD    YEAR
 MAXIMUM TEMPERATURE (F)   78        96      1997
 MINIMUM TEMPERATURE (F)   55        42      1905


SUNRISE AND SUNSET
SEPTEMBER 28 2016.....SUNRISE   701 AM PDT   SUNSET   654 PM PDT
SEPTEMBER 29 2016.....SUNRISE   702 AM PDT   SUNSET   653 PM PDT


-  INDICATES NEGATIVE NUMBERS.
R  INDICATES RECORD WAS SET OR TIED.
MM INDICATES DATA IS MISSING.
T  INDICATES TRACE AMOUNT.




$$
