000
CDUS46 KMTR 230035
CLISJC


CLIMATE REPORT
NATIONAL WEATHER SERVICE SAN FRANCISCO BAY AREA
435 PM PST SAT NOV 22 2014


...................................

...THE SAN JOSE CA CLIMATE SUMMARY FOR NOVEMBER 22 2014...
VALID TODAY AS OF 0400 PM LOCAL TIME.

CLIMATE NORMAL PERIOD 1981 TO 2010
CLIMATE RECORD PERIOD 1893 TO 2014


WEATHER ITEM   OBSERVED TIME   RECORD YEAR NORMAL DEPARTURE LAST
                VALUE   (LST)  VALUE       VALUE  FROM      YEAR
                                                  NORMAL
..................................................................
TEMPERATURE (F)
 TODAY
  MAXIMUM         64   1238 PM  74    1959  66     -2       69
  MINIMUM         56    618 AM  29    1894  45     11       47
  AVERAGE         60                        55      5       58

PRECIPITATION (IN)
  TODAY            0.01          0.67 1946   0.06  -0.05     0.00
  MONTH TO DATE    0.29                      1.37  -1.08     0.77
  SINCE JUL 1      1.27                      2.38  -1.11     1.43
  SINCE JAN 1      6.06                     12.27  -6.21     3.67

SNOWFALL (IN)
  TODAY            0.0           0.0  1947
  MONTH TO DATE    0.0
  SINCE SEP 1      0.0
  SINCE JUL 1      0.0

DEGREE DAYS
 HEATING
  TODAY            5                        10     -5        7
  MONTH TO DATE  150                       160    -10      168
  SINCE SEP 1    199                       239    -40      292
  SINCE JUL 1    199                       242    -43      293

 COOLING
  TODAY            0                         0      0        0
  MONTH TO DATE    0                         0      0        0
  SINCE SEP 1    184                       182      2      124
  SINCE JAN 1    685                       728    -43      549
..................................................................


WIND (MPH)
  RESULTANT WIND SPEED   7   RESULTANT WIND DIRECTION  SE (120)
  HIGHEST WIND SPEED    18   HIGHEST WIND DIRECTION    NW (300)
  HIGHEST GUST SPEED    24   HIGHEST GUST DIRECTION    NW (300)
  AVERAGE WIND SPEED    11.0


SKY COVER
  POSSIBLE SUNSHINE  MM
  AVERAGE SKY COVER 0.9


WEATHER CONDITIONS
 THE FOLLOWING WEATHER WAS RECORDED TODAY.
  LIGHT RAIN
  FOG
  HAZE


RELATIVE HUMIDITY (PERCENT)
 HIGHEST    93           200 PM
 LOWEST     77           100 AM
 AVERAGE    85

..........................................................


THE SAN JOSE CA CLIMATE NORMALS FOR TOMORROW
                         NORMAL    RECORD    YEAR
 MAXIMUM TEMPERATURE (F)   65        79      1959
 MINIMUM TEMPERATURE (F)   45        31      1947


SUNRISE AND SUNSET
NOVEMBER 22 2014......SUNRISE   654 AM PST   SUNSET   453 PM PST
NOVEMBER 23 2014......SUNRISE   655 AM PST   SUNSET   453 PM PST


-  INDICATES NEGATIVE NUMBERS.
R  INDICATES RECORD WAS SET OR TIED.
MM INDICATES DATA IS MISSING.
T  INDICATES TRACE AMOUNT.




$$
