000
CDUS46 KMTR 270026
CLISJC


CLIMATE REPORT
NATIONAL WEATHER SERVICE SAN FRANCISCO BAY AREA
526 PM PDT THU MAR 26 2015


...................................

...THE SAN JOSE CA CLIMATE SUMMARY FOR MARCH 26 2015...
VALID TODAY AS OF 0500 PM LOCAL TIME.

CLIMATE NORMAL PERIOD 1981 TO 2010
CLIMATE RECORD PERIOD 1893 TO 2015


WEATHER ITEM   OBSERVED TIME   RECORD YEAR NORMAL DEPARTURE LAST
                VALUE   (LST)  VALUE       VALUE  FROM      YEAR
                                                  NORMAL
..................................................................
TEMPERATURE (F)
 TODAY
  MAXIMUM         85R   256 PM  84    1988  67     18       63
  MINIMUM         52    536 AM  33    1936  47      5       50
  AVERAGE         69                        57     12       57

PRECIPITATION (IN)
  TODAY            0.00          0.68 1991   0.05  -0.05     0.08
  MONTH TO DATE    0.19                      1.77  -1.58     0.59
  SINCE OCT 1     11.88                     12.86  -0.98     4.26
  SINCE JAN 1      1.93                      8.08  -6.15     3.36

SNOWFALL (IN)
  TODAY            0.0           0.0  1947
  MONTH TO DATE    0.0
  SINCE MAR 1      0.0
  SINCE JUL 1      0.0

DEGREE DAYS
 HEATING
  TODAY            0                         8     -8        8
  MONTH TO DATE  121                       212    -91      124
  SINCE MAR 1    121                       212    -91      124
  SINCE JUL 1   1341                      1675   -334     1665

 COOLING
  TODAY            4                         0      4        0
  MONTH TO DATE   14                         0     14        4
  SINCE MAR 1     14                         0     14        4
  SINCE JAN 1     14                         0     14        4
..................................................................


WIND (MPH)
  RESULTANT WIND SPEED   1   RESULTANT WIND DIRECTION  NW (320)
  HIGHEST WIND SPEED    10   HIGHEST WIND DIRECTION    NW (300)
  HIGHEST GUST SPEED    14   HIGHEST GUST DIRECTION    NW (300)
  AVERAGE WIND SPEED     1.7


SKY COVER
  POSSIBLE SUNSHINE  MM
  AVERAGE SKY COVER 0.0


WEATHER CONDITIONS
 THE FOLLOWING WEATHER WAS RECORDED TODAY.
  NO SIGNIFICANT WEATHER WAS OBSERVED.


RELATIVE HUMIDITY (PERCENT)
 HIGHEST    83           100 AM
 LOWEST     26           200 PM
 AVERAGE    55

..........................................................


THE SAN JOSE CA CLIMATE NORMALS FOR TOMORROW
                         NORMAL    RECORD    YEAR
 MAXIMUM TEMPERATURE (F)   67        83      1986
 MINIMUM TEMPERATURE (F)   47        35      1972


SUNRISE AND SUNSET
MARCH 26 2015.........SUNRISE   702 AM PDT   SUNSET   725 PM PDT
MARCH 27 2015.........SUNRISE   701 AM PDT   SUNSET   726 PM PDT


-  INDICATES NEGATIVE NUMBERS.
R  INDICATES RECORD WAS SET OR TIED.
MM INDICATES DATA IS MISSING.
T  INDICATES TRACE AMOUNT.




$$
