000
CDUS44 KSJT 280704
CLISJT


CLIMATE REPORT
NATIONAL WEATHER SERVICE SAN ANGELO TX
204 AM CDT MON JUL 28 2014


...................................

...THE SAN ANGELO CLIMATE SUMMARY FOR JULY 27 2014...

CLIMATE NORMAL PERIOD 1981 TO 2010
CLIMATE RECORD PERIOD 1907 TO 2014


WEATHER ITEM   OBSERVED TIME   RECORD YEAR NORMAL DEPARTURE LAST
                VALUE   (LST)  VALUE       VALUE  FROM      YEAR
                                                  NORMAL
..................................................................
TEMPERATURE (F)
 YESTERDAY
  MAXIMUM        102    438 PM 111    1944  96      6       92
  MINIMUM         76    626 AM  60    1913  72      4       70
  AVERAGE         89                        84      5       81

PRECIPITATION (IN)
  YESTERDAY        0.00          0.68 1992   0.04  -0.04     0.00
  MONTH TO DATE    0.77                      1.05  -0.28     3.14
  SINCE JUN 1      3.06                      3.64  -0.58     4.54
  SINCE JAN 1     11.33                     11.66  -0.33    10.92

DEGREE DAYS
 HEATING
  YESTERDAY        0                         0      0        0
  MONTH TO DATE    0                         0      0        0
  SINCE JUN 1      0                         0      0        0
  SINCE JUL 1      0                         0      0        0

 COOLING
  YESTERDAY       24                        19      5       16
  MONTH TO DATE  495                       488      7      466
  SINCE JUN 1    979                       952     27     1027
  SINCE JAN 1   1581                      1412    169     1623
..................................................................


WIND (MPH)
  HIGHEST WIND SPEED    16   HIGHEST WIND DIRECTION    SE (130)
  HIGHEST GUST SPEED    24   HIGHEST GUST DIRECTION     S (200)
  AVERAGE WIND SPEED     8.8


SKY COVER
  POSSIBLE SUNSHINE  MM
  AVERAGE SKY COVER 0.1


WEATHER CONDITIONS
 THE FOLLOWING WEATHER WAS RECORDED YESTERDAY.
  NO SIGNIFICANT WEATHER WAS OBSERVED.


RELATIVE HUMIDITY (PERCENT)
 HIGHEST    79           600 AM
 LOWEST     23           400 PM
 AVERAGE    51

..........................................................


THE SAN ANGELO CLIMATE NORMALS FOR TODAY
                         NORMAL    RECORD    YEAR
 MAXIMUM TEMPERATURE (F)   96       110      1944
 MINIMUM TEMPERATURE (F)   72        62      1915


SUNRISE AND SUNSET
JULY 28 2014..........SUNRISE   656 AM CDT   SUNSET   841 PM CDT
JULY 29 2014..........SUNRISE   657 AM CDT   SUNSET   840 PM CDT


-  INDICATES NEGATIVE NUMBERS.
R  INDICATES RECORD WAS SET OR TIED.
MM INDICATES DATA IS MISSING.
T  INDICATES TRACE AMOUNT.




$$
