000
CDUS44 KSJT 290651
CLISJT


CLIMATE REPORT
NATIONAL WEATHER SERVICE SAN ANGELO TX
151 AM CDT FRI AUG 29 2014


...................................

...THE SAN ANGELO CLIMATE SUMMARY FOR AUGUST 28 2014...

CLIMATE NORMAL PERIOD 1981 TO 2010
CLIMATE RECORD PERIOD 1907 TO 2014


WEATHER ITEM   OBSERVED TIME   RECORD YEAR NORMAL DEPARTURE LAST
                VALUE   (LST)  VALUE       VALUE  FROM      YEAR
                                                  NORMAL
..................................................................
TEMPERATURE (F)
 YESTERDAY
  MAXIMUM         99    310 PM 108    2011  93      6       94
  MINIMUM         73    659 AM  52    1926  69      4       70
  AVERAGE         86                        81      5       82

PRECIPITATION (IN)
  YESTERDAY        0.00          2.65 2004   0.10  -0.10     0.00
  MONTH TO DATE    0.63                      1.96  -1.33     0.81
  SINCE JUN 1      3.69                      5.75  -2.06     5.38
  SINCE JAN 1     11.96                     13.77  -1.81    11.76

DEGREE DAYS
 HEATING
  YESTERDAY        0                         0      0        0
  MONTH TO DATE    0                         0      0        0
  SINCE JUN 1      0                         0      0        0
  SINCE JUL 1      0                         0      0        0

 COOLING
  YESTERDAY       21                        16      5       17
  MONTH TO DATE  535                       504     31      559
  SINCE JUN 1   1598                      1531     67     1674
  SINCE JAN 1   2200                      1991    209     2270
..................................................................


WIND (MPH)
  HIGHEST WIND SPEED    16   HIGHEST WIND DIRECTION    NE (60)
  HIGHEST GUST SPEED    21   HIGHEST GUST DIRECTION    NE (60)
  AVERAGE WIND SPEED     6.8


SKY COVER
  POSSIBLE SUNSHINE  MM
  AVERAGE SKY COVER 0.1


WEATHER CONDITIONS
 THE FOLLOWING WEATHER WAS RECORDED YESTERDAY.
  NO SIGNIFICANT WEATHER WAS OBSERVED.


RELATIVE HUMIDITY (PERCENT)
 HIGHEST    64           600 AM
 LOWEST     28           300 PM
 AVERAGE    46

..........................................................


THE SAN ANGELO CLIMATE NORMALS FOR TODAY
                         NORMAL    RECORD    YEAR
 MAXIMUM TEMPERATURE (F)   93       107      2011
 MINIMUM TEMPERATURE (F)   69        56      1926


SUNRISE AND SUNSET
AUGUST 29 2014........SUNRISE   716 AM CDT   SUNSET   809 PM CDT
AUGUST 30 2014........SUNRISE   717 AM CDT   SUNSET   808 PM CDT


-  INDICATES NEGATIVE NUMBERS.
R  INDICATES RECORD WAS SET OR TIED.
MM INDICATES DATA IS MISSING.
T  INDICATES TRACE AMOUNT.


$$
