000
CDUS44 KSJT 212329
CLISJT


CLIMATE REPORT
NATIONAL WEATHER SERVICE SAN ANGELO TX
524 PM CST TUE FEB 21 2017


...................................

...THE SAN ANGELO CLIMATE SUMMARY FOR FEBRUARY 21 2017...
VALID TODAY AS OF 0500 PM LOCAL TIME.

CLIMATE NORMAL PERIOD 1981 TO 2010
CLIMATE RECORD PERIOD 1907 TO 2017


WEATHER ITEM   OBSERVED TIME   RECORD YEAR NORMAL DEPARTURE LAST
                VALUE   (LST)  VALUE       VALUE  FROM      YEAR
                                                  NORMAL
..................................................................
TEMPERATURE (F)
 TODAY
  MAXIMUM         81    355 PM  93    1996  65     16       71
  MINIMUM         39    728 AM  19    1939  38      1       53
  AVERAGE         60                        52      8       62

PRECIPITATION (IN)
  TODAY            0.00          1.55 1958   0.04  -0.04     0.13
  MONTH TO DATE    1.23                      0.99   0.24     0.13
  SINCE DEC 1      3.45                      2.77   0.68     2.42
  SINCE JAN 1      2.71                      1.92   0.79     0.16

SNOWFALL (IN)
  TODAY            0.0           1.1  1966   0.0    0.0      0.0
  MONTH TO DATE    0.0                       0.2   -0.2      0.0
  SINCE NOV 1      T                         2.0   -2.0      3.1
  SINCE JUL 1      T                         2.0   -2.0      3.1

DEGREE DAYS
 HEATING
  TODAY            5                        14     -9        3
  MONTH TO DATE  170                       328   -158      233
  SINCE DEC 1   1119                      1472   -353     1208
  SINCE JUL 1   1287                      1872   -585     1494

 COOLING
  TODAY            0                         0      0        0
  MONTH TO DATE   11                         0     11       10
  SINCE DEC 1     13                         2     11       10
  SINCE JAN 1     12                         1     11       10
..................................................................


WIND (MPH)
  HIGHEST WIND SPEED    20   HIGHEST WIND DIRECTION     W (290)
  HIGHEST GUST SPEED    24   HIGHEST GUST DIRECTION     W (290)
  AVERAGE WIND SPEED     9.4


SKY COVER
  POSSIBLE SUNSHINE  MM
  AVERAGE SKY COVER 0.0


WEATHER CONDITIONS
 THE FOLLOWING WEATHER WAS RECORDED TODAY.
  NO SIGNIFICANT WEATHER WAS OBSERVED.


RELATIVE HUMIDITY (PERCENT)
 HIGHEST    70           800 AM
 LOWEST     19           100 PM
 AVERAGE    45

..........................................................


THE SAN ANGELO CLIMATE NORMALS FOR TOMORROW
                         NORMAL    RECORD    YEAR
 MAXIMUM TEMPERATURE (F)   65        97      1996
 MINIMUM TEMPERATURE (F)   39        18      1939


SUNRISE AND SUNSET
FEBRUARY 21 2017......SUNRISE   717 AM CST   SUNSET   634 PM CST
FEBRUARY 22 2017......SUNRISE   716 AM CST   SUNSET   635 PM CST


-  INDICATES NEGATIVE NUMBERS.
R  INDICATES RECORD WAS SET OR TIED.
MM INDICATES DATA IS MISSING.
T  INDICATES TRACE AMOUNT.




$$
