000
CDUS44 KSJT 302234
CLISJT


CLIMATE REPORT
NATIONAL WEATHER SERVICE SAN ANGELO TX
533 PM CDT SUN APR 30 2017


...................................

...THE SAN ANGELO CLIMATE SUMMARY FOR APRIL 30 2017...
VALID TODAY AS OF 0500 PM LOCAL TIME.

CLIMATE NORMAL PERIOD 1981 TO 2010
CLIMATE RECORD PERIOD 1907 TO 2017


WEATHER ITEM   OBSERVED TIME   RECORD YEAR NORMAL DEPARTURE LAST
                VALUE   (LST)  VALUE       VALUE  FROM      YEAR
                                                  NORMAL
..................................................................
TEMPERATURE (F)
 TODAY
  MAXIMUM         75    338 PM 100    2002  84     -9       82
                                      1948
  MINIMUM         43    626 AM  32    1908  56    -13       54
  AVERAGE         59                        70    -11       68

PRECIPITATION (IN)
  TODAY            0.00          1.22 1974   0.06  -0.06     0.00
  MONTH TO DATE    1.46                      1.42   0.04     5.10
  SINCE MAR 1      1.71                      2.92  -1.21     8.43
  SINCE JAN 1      4.42                      5.20  -0.78     9.23

SNOWFALL (IN)
  TODAY            0.0           0.0  2002   0.0    0.0      0.0
  MONTH TO DATE    T                         T      0.0      0.0
  SINCE NOV 1      T                         2.2   -2.2      3.1
  SINCE JUL 1      T                         2.2   -2.2      3.1

DEGREE DAYS
 HEATING
  TODAY            6                         1      5        0
  MONTH TO DATE   54                        88    -34       55
  SINCE MAR 1    174                       345   -171      210
  SINCE JUL 1   1498                      2306   -808     1803

 COOLING
  TODAY            0                         6     -6        3
  MONTH TO DATE  157                       118     39       82
  SINCE MAR 1    274                       151    123      124
  SINCE JAN 1    301                       156    145      134
..................................................................


WIND (MPH)
  HIGHEST WIND SPEED    28   HIGHEST WIND DIRECTION     W (290)
  HIGHEST GUST SPEED    38   HIGHEST GUST DIRECTION    NW (300)
  AVERAGE WIND SPEED    18.5


SKY COVER
  POSSIBLE SUNSHINE  MM
  AVERAGE SKY COVER 0.0


WEATHER CONDITIONS
 THE FOLLOWING WEATHER WAS RECORDED TODAY.
  LIGHT RAIN


RELATIVE HUMIDITY (PERCENT)
 HIGHEST    61          1200 AM
 LOWEST     19           400 PM
 AVERAGE    40

..........................................................


THE SAN ANGELO CLIMATE NORMALS FOR TOMORROW
                         NORMAL    RECORD    YEAR
 MAXIMUM TEMPERATURE (F)   84       104      2002
                                             1928
 MINIMUM TEMPERATURE (F)   57        40      1909


SUNRISE AND SUNSET
APRIL 30 2017.........SUNRISE   658 AM CDT   SUNSET   821 PM CDT
MAY  1 2017...........SUNRISE   657 AM CDT   SUNSET   822 PM CDT


-  INDICATES NEGATIVE NUMBERS.
R  INDICATES RECORD WAS SET OR TIED.
MM INDICATES DATA IS MISSING.
T  INDICATES TRACE AMOUNT.




$$
