000
CDUS44 KSJT 260753
CLISJT


CLIMATE REPORT
NATIONAL WEATHER SERVICE SAN ANGELO TX
253 AM CDT MON JUN 26 2017


...................................

...THE SAN ANGELO CLIMATE SUMMARY FOR JUNE 25 2017...

CLIMATE NORMAL PERIOD 1981 TO 2010
CLIMATE RECORD PERIOD 1907 TO 2017


WEATHER ITEM   OBSERVED TIME   RECORD YEAR NORMAL DEPARTURE LAST
                VALUE   (LST)  VALUE       VALUE  FROM      YEAR
                                                  NORMAL
..................................................................
TEMPERATURE (F)
 YESTERDAY
  MAXIMUM         89    345 PM 105    2011  93     -4       92
                                      1994
  MINIMUM         70    642 AM  49    1912  70      0       72
  AVERAGE         80                        82     -2       82

PRECIPITATION (IN)
  YESTERDAY        0.00          1.25 1925   0.06  -0.06     0.00
  MONTH TO DATE    1.51                      2.29  -0.78     3.12
  SINCE JUN 1      1.51                      2.29  -0.78     3.12
  SINCE JAN 1      7.99                     10.31  -2.32    18.75

DEGREE DAYS
 HEATING
  YESTERDAY        0                         0      0        0
  MONTH TO DATE    0                         0      0        0
  SINCE JUN 1      0                         0      0        0
  SINCE JUL 1   1507                      2316   -809     1825

 COOLING
  YESTERDAY       15                        17     -2       17
  MONTH TO DATE  475                       378     97      372
  SINCE JUN 1    475                       378     97      372
  SINCE JAN 1   1051                       838    213      783
..................................................................


WIND (MPH)
  HIGHEST WIND SPEED    17   HIGHEST WIND DIRECTION     E (100)
  HIGHEST GUST SPEED    22   HIGHEST GUST DIRECTION     E (100)
  AVERAGE WIND SPEED     8.6


SKY COVER
  POSSIBLE SUNSHINE  MM
  AVERAGE SKY COVER 0.5


WEATHER CONDITIONS
 THE FOLLOWING WEATHER WAS RECORDED YESTERDAY.
  NO SIGNIFICANT WEATHER WAS OBSERVED.


RELATIVE HUMIDITY (PERCENT)
 HIGHEST    84           600 AM
 LOWEST     40           400 PM
 AVERAGE    62

..........................................................


THE SAN ANGELO CLIMATE NORMALS FOR TODAY
                         NORMAL    RECORD    YEAR
 MAXIMUM TEMPERATURE (F)   93       108      2012
                                             1994
                                             1918
 MINIMUM TEMPERATURE (F)   70        51      1912


SUNRISE AND SUNSET
JUNE 26 2017..........SUNRISE   640 AM CDT   SUNSET   850 PM CDT
JUNE 27 2017..........SUNRISE   640 AM CDT   SUNSET   850 PM CDT


-  INDICATES NEGATIVE NUMBERS.
R  INDICATES RECORD WAS SET OR TIED.
MM INDICATES DATA IS MISSING.
T  INDICATES TRACE AMOUNT.




$$
