000
CDUS44 KSJT 230652
CLISJT


CLIMATE REPORT
NATIONAL WEATHER SERVICE SAN ANGELO TX
151 AM CDT THU OCT 23 2014


...................................

...THE SAN ANGELO CLIMATE SUMMARY FOR OCTOBER 22 2014...

CLIMATE NORMAL PERIOD 1981 TO 2010
CLIMATE RECORD PERIOD 1907 TO 2014


WEATHER ITEM   OBSERVED TIME   RECORD YEAR NORMAL DEPARTURE LAST
                VALUE   (LST)  VALUE       VALUE  FROM      YEAR
                                                  NORMAL
..................................................................
TEMPERATURE (F)
 YESTERDAY
  MAXIMUM         75    422 PM  92    1940  77     -2       74
  MINIMUM         59   1159 PM  33    1993  52      7       42
                                      1990
  AVERAGE         67                        64      3       58

PRECIPITATION (IN)
  YESTERDAY        0.03          2.10 1919   0.09  -0.06     0.00
  MONTH TO DATE    0.44                      2.03  -1.59     1.39
  SINCE SEP 1      1.33                      4.49  -3.16     6.01
  SINCE JAN 1     13.31                     18.56  -5.25    17.77

SNOWFALL (IN)
  YESTERDAY        0.0           0.0  2002   0.0    0.0      0.0
  MONTH TO DATE    0.0                       0.0    0.0      0.0
  SINCE NOV 1      1.6                       2.2   -0.6      2.8
  SINCE JUL 1      0.0                       0.0    0.0      0.0
  SNOW DEPTH       0

DEGREE DAYS
 HEATING
  YESTERDAY        0                         3     -3        7
  MONTH TO DATE   10                        41    -31       62
  SINCE SEP 1     15                        50    -35       62
  SINCE JUL 1     15                        50    -35       62

 COOLING
  YESTERDAY        2                         3     -1        0
  MONTH TO DATE  161                        99     62      112
  SINCE SEP 1    555                       428    127      500
  SINCE JAN 1   2813                      2464    349     2826
..................................................................


WIND (MPH)
  HIGHEST WIND SPEED    17   HIGHEST WIND DIRECTION    SW (240)
  HIGHEST GUST SPEED    20   HIGHEST GUST DIRECTION    SW (230)
  AVERAGE WIND SPEED     4.3


SKY COVER
  POSSIBLE SUNSHINE  MM
  AVERAGE SKY COVER 0.9


WEATHER CONDITIONS
 THE FOLLOWING WEATHER WAS RECORDED YESTERDAY.
  LIGHT RAIN


RELATIVE HUMIDITY (PERCENT)
 HIGHEST    84          1000 PM
 LOWEST     49           300 AM
 AVERAGE    67

..........................................................


THE SAN ANGELO CLIMATE NORMALS FOR TODAY
                         NORMAL    RECORD    YEAR
 MAXIMUM TEMPERATURE (F)   77        92      1989
 MINIMUM TEMPERATURE (F)   52        30      2008
                                             1911


SUNRISE AND SUNSET
OCTOBER 23 2014.......SUNRISE   751 AM CDT   SUNSET   701 PM CDT
OCTOBER 24 2014.......SUNRISE   751 AM CDT   SUNSET   700 PM CDT


-  INDICATES NEGATIVE NUMBERS.
R  INDICATES RECORD WAS SET OR TIED.
MM INDICATES DATA IS MISSING.
T  INDICATES TRACE AMOUNT.




$$
