000
CDUS44 KSJT 200750
CLISJT


CLIMATE REPORT
NATIONAL WEATHER SERVICE SAN ANGELO TX
150 AM CST SAT JAN 20 2018


...................................

...THE SAN ANGELO CLIMATE SUMMARY FOR JANUARY 19 2018...

CLIMATE NORMAL PERIOD 1981 TO 2010
CLIMATE RECORD PERIOD 1907 TO 2018


WEATHER ITEM   OBSERVED TIME   RECORD YEAR NORMAL DEPARTURE LAST
                VALUE   (LST)  VALUE       VALUE  FROM      YEAR
                                                  NORMAL
..................................................................
TEMPERATURE (F)
 YESTERDAY
  MAXIMUM         67    331 PM  87    2000  60      7       72
  MINIMUM         25    540 AM   8    1943  33     -8       36
  AVERAGE         46                        46      0       54

PRECIPITATION (IN)
  YESTERDAY        0.00          1.54 1990   0.03  -0.03     0.00
  MONTH TO DATE    T                         0.52  -0.52     1.35
  SINCE DEC 1      1.13                      1.37  -0.24     2.09
  SINCE JAN 1      T                         0.52  -0.52     1.35

SNOWFALL (IN)
  YESTERDAY        0.0           1.0  1936   0.0    0.0      0.0
  MONTH TO DATE    T                         0.8   -0.8       T
  SINCE NOV 1      T                         1.4   -1.4       T
  SINCE JUL 1      T                         1.4   -1.4       T
  SNOW DEPTH       0

DEGREE DAYS
 HEATING
  YESTERDAY       19                        19      0       11
  MONTH TO DATE  448                       361     87      313
  SINCE DEC 1   1002                       928     74      787
  SINCE JUL 1   1302                      1328    -26      955

 COOLING
  YESTERDAY        0                         0      0        0
  MONTH TO DATE    0                         0      0        0
  SINCE DEC 1      3                         1      2        1
  SINCE JAN 1      0                         0      0        0
..................................................................


WIND (MPH)
  HIGHEST WIND SPEED    22   HIGHEST WIND DIRECTION    SW (220)
  HIGHEST GUST SPEED    29   HIGHEST GUST DIRECTION    SW (210)
  AVERAGE WIND SPEED    11.9


SKY COVER
  POSSIBLE SUNSHINE  MM
  AVERAGE SKY COVER 0.0


WEATHER CONDITIONS
 THE FOLLOWING WEATHER WAS RECORDED YESTERDAY.
  NO SIGNIFICANT WEATHER WAS OBSERVED.


RELATIVE HUMIDITY (PERCENT)
 HIGHEST    75           500 AM
 LOWEST     24           400 PM
 AVERAGE    50

..........................................................


THE SAN ANGELO CLIMATE NORMALS FOR TODAY
                         NORMAL    RECORD    YEAR
 MAXIMUM TEMPERATURE (F)   60        85      1999
 MINIMUM TEMPERATURE (F)   33         7      1943


SUNRISE AND SUNSET
JANUARY 20 2018.......SUNRISE   740 AM CST   SUNSET   606 PM CST
JANUARY 21 2018.......SUNRISE   740 AM CST   SUNSET   607 PM CST


-  INDICATES NEGATIVE NUMBERS.
R  INDICATES RECORD WAS SET OR TIED.
MM INDICATES DATA IS MISSING.
T  INDICATES TRACE AMOUNT.




$$
