000
CDCA42 TJSJ 270445
CLISJU


CLIMATE REPORT
NATIONAL WEATHER SERVICE SAN JUAN, PR
1242 AM AST SAT DEC 27 2014


...................................

...THE SAN JUAN/P.R. CLIMATE SUMMARY FOR DECEMBER 26 2014...

CLIMATE NORMAL PERIOD 1981 TO 2010
CLIMATE RECORD PERIOD 1898 TO 2014


WEATHER ITEM   OBSERVED TIME   RECORD YEAR NORMAL DEPARTURE LAST
                VALUE   (LST)  VALUE       VALUE  FROM      YEAR
                                                  NORMAL
..................................................................
TEMPERATURE (F)
 YESTERDAY
  MAXIMUM         84    117 PM  91    1994  84      0       87
  MINIMUM         73    711 AM  64    1961  73      0       73
  AVERAGE         79                        78      1       80

PRECIPITATION (IN)
  YESTERDAY        0.04          1.52 1906   0.16  -0.12      T
  MONTH TO DATE    5.25                      4.28   0.97     7.43
  SINCE DEC 1      5.25                      4.28   0.97     7.43
  SINCE JAN 1     58.83                     55.61   3.22    84.93

SNOWFALL (IN)
  YESTERDAY        0.0
  MONTH TO DATE    0.0
  SINCE DEC 1      0.0
  SINCE JUL 1      0.0

DEGREE DAYS
 HEATING
  YESTERDAY        0                         0      0        0
  MONTH TO DATE    0                         0      0        0
  SINCE DEC 1      0                         0      0        0
  SINCE JUL 1      0                         0      0        0

 COOLING
  YESTERDAY       14                        13      1       15
  MONTH TO DATE  378                       356     22      397
  SINCE DEC 1    378                       356     22      397
  SINCE JAN 1   6240                      5782    458     5960
..................................................................


WIND (MPH)
  RESULTANT WIND SPEED   7   RESULTANT WIND DIRECTION   E (70)
  HIGHEST WIND SPEED    20   HIGHEST WIND DIRECTION    NE (60)
  HIGHEST GUST SPEED    25   HIGHEST GUST DIRECTION    NE (40)
  AVERAGE WIND SPEED     7.4


SKY COVER
  AVERAGE SKY COVER 0.4


WEATHER CONDITIONS
 THE FOLLOWING WEATHER WAS RECORDED YESTERDAY.
  LIGHT RAIN
  FOG


RELATIVE HUMIDITY (PERCENT)
 HIGHEST   100
 LOWEST     69
 AVERAGE    85

..........................................................


THE SAN JUAN/P.R. CLIMATE NORMALS FOR TODAY
                         NORMAL    RECORD    YEAR
 MAXIMUM TEMPERATURE (F)   84        90      1963
 MINIMUM TEMPERATURE (F)   73        66      1964


SUNRISE AND SUNSET
DECEMBER 27 2014......SUNRISE   654 AM AST   SUNSET   556 PM AST
DECEMBER 28 2014......SUNRISE   655 AM AST   SUNSET   557 PM AST


-  INDICATES NEGATIVE NUMBERS.
R  INDICATES RECORD WAS SET OR TIED.
MM INDICATES DATA IS MISSING.
T  INDICATES TRACE AMOUNT.




$$
