000
CDCA42 TJSJ 021227
CLISJU


CLIMATE REPORT
NATIONAL WEATHER SERVICE SAN JUAN, PR
826 AM AST THU JUL 2 2015


...................................

...THE SAN JUAN AREA/PR CLIMATE SUMMARY FOR JULY 1 2015...

CLIMATE NORMAL PERIOD 1981 TO 2010
CLIMATE RECORD PERIOD 1898 TO 2015


WEATHER ITEM   OBSERVED TIME   RECORD YEAR NORMAL DEPARTURE LAST
                VALUE   (LST)  VALUE       VALUE  FROM      YEAR
                                                  NORMAL
..................................................................
TEMPERATURE (F)
 YESTERDAY
  MAXIMUM         88        MM  94    1995  89     -1       93
  MINIMUM         77        MM  69    1959  78     -1       80
  AVERAGE         83                        83      0       87

PRECIPITATION (IN)
  YESTERDAY        0.15          1.54 1983   0.15   0.00     0.00
  MONTH TO DATE    0.15                      0.15   0.00     0.00
  SINCE JUN 1      2.26                      4.56  -2.30     0.77
  SINCE JAN 1     15.65                     23.24  -7.59    19.36

SNOWFALL (IN)
  YESTERDAY        0.0                       0.0    0.0      0.0
  MONTH TO DATE    0.0                       0.0    0.0      0.0
  SINCE JUN 1      0.0                       0.0    0.0      0.0
  SINCE JUL 1      0.0                       0.0    0.0      0.0

DEGREE DAYS
 HEATING
  YESTERDAY        0                         0      0        0
  MONTH TO DATE    0                         0      0        0
  SINCE JUN 1      0                         0      0        0
  SINCE JUL 1      0                         0      0        0

 COOLING
  YESTERDAY       18                        18      0       22
  MONTH TO DATE   18                        18      0       22
  SINCE JUN 1    592                       567     25      632
  SINCE JAN 1   2933                      2732    201     3038
..................................................................


WIND (MPH)
  HIGHEST WIND SPEED    20   HIGHEST WIND DIRECTION     E (100)
  HIGHEST GUST SPEED    24   HIGHEST GUST DIRECTION     E (100)
  AVERAGE WIND SPEED    12.4


SKY COVER
  AVERAGE SKY COVER 0.4


WEATHER CONDITIONS
 THE FOLLOWING WEATHER WAS RECORDED YESTERDAY.
  RAIN
  LIGHT RAIN


RELATIVE HUMIDITY (PERCENT)
 HIGHEST    97
 LOWEST     61
 AVERAGE    79

..........................................................


THE SAN JUAN AREA/PR CLIMATE NORMALS FOR TODAY
                         NORMAL    RECORD    YEAR
 MAXIMUM TEMPERATURE (F)   89        93      1995
 MINIMUM TEMPERATURE (F)   78        71      1913


SUNRISE AND SUNSET
JULY  2 2015..........SUNRISE   552 AM AST   SUNSET   704 PM AST
JULY  3 2015..........SUNRISE   552 AM AST   SUNSET   705 PM AST


-  INDICATES NEGATIVE NUMBERS.
R  INDICATES RECORD WAS SET OR TIED.
MM INDICATES DATA IS MISSING.
T  INDICATES TRACE AMOUNT.




$$
