000
CDUS45 KSLC 211226
CLISLC


CLIMATE REPORT
NATIONAL WEATHER SERVICE SALT LAKE CITY UT
526 AM MST FRI NOV 21 2014


...................................

...THE SALT LAKE CITY UT CLIMATE SUMMARY FOR NOVEMBER 20 2014...

CLIMATE NORMAL PERIOD 1981 TO 2010
CLIMATE RECORD PERIOD 1874 TO 2014


WEATHER ITEM   OBSERVED TIME   RECORD YEAR NORMAL DEPARTURE LAST
                VALUE   (LST)  VALUE       VALUE  FROM      YEAR
                                                  NORMAL
..................................................................
TEMPERATURE (F)
 YESTERDAY
  MAXIMUM         50    312 PM  65    1966  47      3       54
  MINIMUM         27    522 AM   2    1930  29     -2       43
  AVERAGE         39                        38      1       49

PRECIPITATION (IN)
  YESTERDAY        0.00          0.66 1898   0.05  -0.05     0.08
  MONTH TO DATE    0.14                      0.99  -0.85     0.53
  SINCE OCT 1      0.15                      2.51  -2.36     1.27
  SINCE JAN 1     12.60                     14.23  -1.63     9.88

SNOWFALL (IN)
  YESTERDAY        0.0           7.0  1946   0.4   -0.4      0.0
  MONTH TO DATE    0.3                       4.1   -3.8      3.5
  SINCE OCT 1      0.3                       5.5   -5.2      3.5
  SINCE JUL 1      0.3                       5.5   -5.2      3.5
  SNOW DEPTH       0

DEGREE DAYS
 HEATING
  YESTERDAY       26                        27     -1       16
  MONTH TO DATE  501                       454     47      357
  SINCE SEP 1    767                       917   -150      795
  SINCE JUL 1    768                       922   -154      795

 COOLING
  YESTERDAY        0                         0      0        0
  MONTH TO DATE    0                         0      0        0
  SINCE SEP 1    191                       124     67      222
  SINCE JAN 1   1244                      1160     84     1768
..................................................................


WIND (MPH)
  RESULTANT WIND SPEED   1   RESULTANT WIND DIRECTION   W (290)
  HIGHEST WIND SPEED     9   HIGHEST WIND DIRECTION     N (350)
  HIGHEST GUST SPEED    11   HIGHEST GUST DIRECTION     N (350)
  AVERAGE WIND SPEED     2.4


SKY COVER
  POSSIBLE SUNSHINE  MM
  AVERAGE SKY COVER 0.4


WEATHER CONDITIONS
 THE FOLLOWING WEATHER WAS RECORDED YESTERDAY.
  FOG
  HAZE


RELATIVE HUMIDITY (PERCENT)
 HIGHEST    85           300 AM
 LOWEST     34           400 PM
 AVERAGE    60

..........................................................


THE SALT LAKE CITY UT CLIMATE NORMALS FOR TODAY
                         NORMAL    RECORD    YEAR
 MAXIMUM TEMPERATURE (F)   46        65      1996
                                             1932
                                             1921
 MINIMUM TEMPERATURE (F)   28         5      1931


SUNRISE AND SUNSET
NOVEMBER 21 2014......SUNRISE   722 AM MST   SUNSET   505 PM MST
NOVEMBER 22 2014......SUNRISE   723 AM MST   SUNSET   505 PM MST


-  INDICATES NEGATIVE NUMBERS.
R  INDICATES RECORD WAS SET OR TIED.
MM INDICATES DATA IS MISSING.
T  INDICATES TRACE AMOUNT.




$$
