000
CDUS45 KSLC 190026
CLISLC


CLIMATE REPORT
NATIONAL WEATHER SERVICE SALT LAKE CITY UT
525 PM MST SAT NOV 18 2017


...................................

...THE SALT LAKE CITY UT CLIMATE SUMMARY FOR NOVEMBER 18 2017...
VALID TODAY AS OF 0500 PM LOCAL TIME.

CLIMATE NORMAL PERIOD 1981 TO 2010
CLIMATE RECORD PERIOD 1874 TO 2017


WEATHER ITEM   OBSERVED TIME   RECORD YEAR NORMAL DEPARTURE LAST
                VALUE   (LST)  VALUE       VALUE  FROM      YEAR
                                                  NORMAL
..................................................................
TEMPERATURE (F)
 TODAY
  MAXIMUM         45    346 PM  68    2007  48     -3       46
  MINIMUM         30    543 AM   3    1880  30      0       28
  AVERAGE         38                        39     -1       37

PRECIPITATION (IN)
  TODAY            0.00          1.56 1875   0.05  -0.05     0.00
  MONTH TO DATE    0.98                      0.89   0.09     0.11
  SINCE OCT 1      1.16                      2.41  -1.25     1.01
  SINCE JAN 1     15.03                     14.13   0.90    11.21

SNOWFALL (IN)
  TODAY            0.0           4.1  1985   0.3   -0.3      0.0
  MONTH TO DATE    T                         3.4   -3.4      0.3
  SINCE OCT 1      T                         4.8   -4.8      0.3
  SINCE JUL 1      T                         4.8   -4.8      0.3
  SNOW DEPTH       0

DEGREE DAYS
 HEATING
  TODAY           27                        26      1       28
  MONTH TO DATE  311                       400    -89      262
  SINCE SEP 1    822                       863    -41      530
  SINCE JUL 1    822                       868    -46      531

 COOLING
  TODAY            0                         0      0        0
  MONTH TO DATE    0                         0      0        0
  SINCE SEP 1    196                       124     72      142
  SINCE JAN 1   1758                      1160    598     1619
..................................................................


WIND (MPH)
  RESULTANT WIND SPEED   4   RESULTANT WIND DIRECTION   S (160)
  HIGHEST WIND SPEED    12   HIGHEST WIND DIRECTION    SE (150)
  HIGHEST GUST SPEED    14   HIGHEST GUST DIRECTION    SE (150)
  AVERAGE WIND SPEED     6.2


SKY COVER
  POSSIBLE SUNSHINE  MM
  AVERAGE SKY COVER 0.2


WEATHER CONDITIONS
 THE FOLLOWING WEATHER WAS RECORDED TODAY.
  NO SIGNIFICANT WEATHER WAS OBSERVED.


RELATIVE HUMIDITY (PERCENT)
 HIGHEST    78           400 AM
 LOWEST     37           300 PM
 AVERAGE    58

..........................................................


THE SALT LAKE CITY UT CLIMATE NORMALS FOR TOMORROW
                         NORMAL    RECORD    YEAR
 MAXIMUM TEMPERATURE (F)   47        71      2007
 MINIMUM TEMPERATURE (F)   29         3      1930


SUNRISE AND SUNSET
NOVEMBER 18 2017......SUNRISE   719 AM MST   SUNSET   507 PM MST
NOVEMBER 19 2017......SUNRISE   720 AM MST   SUNSET   506 PM MST


-  INDICATES NEGATIVE NUMBERS.
R  INDICATES RECORD WAS SET OR TIED.
MM INDICATES DATA IS MISSING.
T  INDICATES TRACE AMOUNT.




$$
