000
CDUS45 KSLC 230026
CLISLC


CLIMATE REPORT
NATIONAL WEATHER SERVICE SALT LAKE CITY UT
526 PM MST MON DEC 22 2014


...................................

...THE SALT LAKE CITY UT CLIMATE SUMMARY FOR DECEMBER 22 2014...
VALID TODAY AS OF 0500 PM LOCAL TIME.

CLIMATE NORMAL PERIOD 1981 TO 2010
CLIMATE RECORD PERIOD 1874 TO 2014


WEATHER ITEM   OBSERVED TIME   RECORD YEAR NORMAL DEPARTURE LAST
                VALUE   (LST)  VALUE       VALUE  FROM      YEAR
                                                  NORMAL
..................................................................
TEMPERATURE (F)
 TODAY
  MAXIMUM         46    239 PM  57    1964  37      9       35
  MINIMUM         38    919 AM -10    1990  22     16       29
  AVERAGE         42                        29     13       32

PRECIPITATION (IN)
  TODAY            0.25          0.79 1924   0.04   0.21     0.06
  MONTH TO DATE    0.98                      1.01  -0.03     1.64
  SINCE OCT 1      1.59                      3.98  -2.39     3.00
  SINCE JAN 1     14.04                     15.70  -1.66    11.61

SNOWFALL (IN)
  TODAY           MM             4.7  1987   0.4   MM        0.6
  MONTH TO DATE    0.2                       9.1   -8.9     19.2
  SINCE OCT 1      1.0                      18.1  -17.1     22.7
  SINCE JUL 1      1.0                      18.1  -17.1     22.7
  SNOW DEPTH       0

DEGREE DAYS
 HEATING
  TODAY           23                        36    -13       33
  MONTH TO DATE  493                       754   -261      901
  SINCE DEC 1    493                       754   -261      901
  SINCE JUL 1   1463                      1972   -509     1948

 COOLING
  TODAY            0                         0      0        0
  MONTH TO DATE    0                         0      0        0
  SINCE DEC 1      0                         0      0        0
  SINCE JAN 1   1244                      1160     84     1768
..................................................................


WIND (MPH)
  RESULTANT WIND SPEED   2   RESULTANT WIND DIRECTION  NW (330)
  HIGHEST WIND SPEED    29   HIGHEST WIND DIRECTION    NW (310)
  HIGHEST GUST SPEED    35   HIGHEST GUST DIRECTION    NW (320)
  AVERAGE WIND SPEED     8.4


SKY COVER
  POSSIBLE SUNSHINE  MM
  AVERAGE SKY COVER 0.9


WEATHER CONDITIONS
 THE FOLLOWING WEATHER WAS RECORDED TODAY.
  RAIN
  LIGHT RAIN
  HAIL
  FOG


RELATIVE HUMIDITY (PERCENT)
 HIGHEST   100           600 AM
 LOWEST     53           400 PM
 AVERAGE    77

..........................................................


THE SALT LAKE CITY UT CLIMATE NORMALS FOR TOMORROW
                         NORMAL    RECORD    YEAR
 MAXIMUM TEMPERATURE (F)   37        59      1933
 MINIMUM TEMPERATURE (F)   22       -11      1990


SUNRISE AND SUNSET
DECEMBER 22 2014......SUNRISE   749 AM MST   SUNSET   504 PM MST
DECEMBER 23 2014......SUNRISE   750 AM MST   SUNSET   505 PM MST


-  INDICATES NEGATIVE NUMBERS.
R  INDICATES RECORD WAS SET OR TIED.
MM INDICATES DATA IS MISSING.
T  INDICATES TRACE AMOUNT.




$$
