000
CDUS45 KSLC 240029
CLISLC


CLIMATE REPORT
NATIONAL WEATHER SERVICE SALT LAKE CITY UT
629 PM MDT SUN JUL 23 2017


...................................

...THE SALT LAKE CITY UT CLIMATE SUMMARY FOR JULY 23 2017...
VALID TODAY AS OF 0500 PM LOCAL TIME.

CLIMATE NORMAL PERIOD 1981 TO 2010
CLIMATE RECORD PERIOD 1874 TO 2017


WEATHER ITEM   OBSERVED TIME   RECORD YEAR NORMAL DEPARTURE LAST
                VALUE   (LST)  VALUE       VALUE  FROM      YEAR
                                                  NORMAL
..................................................................
TEMPERATURE (F)
 TODAY
  MAXIMUM         99    207 PM 104    2003  94      5       95
  MINIMUM         71    535 AM  47    1954  66      5       67
  AVERAGE         85                        80      5       81

PRECIPITATION (IN)
  TODAY            0.00          0.77 1893   0.02  -0.02     0.00
  MONTH TO DATE    0.01                      0.44  -0.43      T
  SINCE OCT 1     15.90                     14.03   1.87    11.42
  SINCE JAN 1     11.26                      9.65   1.61     8.17

SNOWFALL (IN)
  TODAY            0.0          MM      MM   0.0    0.0      0.0
  MONTH TO DATE    0.0                       0.0    0.0      0.0
  SINCE OCT 1     51.4                      56.2   -4.8     34.3
  SINCE JUL 1      0.0                       0.0    0.0      0.0
  SNOW DEPTH       0

DEGREE DAYS
 HEATING
  TODAY            0                         0      0        0
  MONTH TO DATE    0                         0      0        1
  SINCE JUN 1      4                        46    -42        1
  SINCE JUL 1      0                         0      0        1

 COOLING
  TODAY           20                        15      5       16
  MONTH TO DATE  507                       306    201      394
  SINCE JUN 1    848                       493    355      774
  SINCE JAN 1    923                       543    380      821
..................................................................


WIND (MPH)
  RESULTANT WIND SPEED   2   RESULTANT WIND DIRECTION  SW (240)
  HIGHEST WIND SPEED    18   HIGHEST WIND DIRECTION     W (270)
  HIGHEST GUST SPEED    23   HIGHEST GUST DIRECTION     W (270)
  AVERAGE WIND SPEED     6.4


SKY COVER
  POSSIBLE SUNSHINE  MM
  AVERAGE SKY COVER 0.1


WEATHER CONDITIONS
 THE FOLLOWING WEATHER WAS RECORDED TODAY.
  NO SIGNIFICANT WEATHER WAS OBSERVED.


RELATIVE HUMIDITY (PERCENT)
 HIGHEST    49           500 AM
 LOWEST     16           200 PM
 AVERAGE    33

..........................................................


THE SALT LAKE CITY UT CLIMATE NORMALS FOR TOMORROW
                         NORMAL    RECORD    YEAR
 MAXIMUM TEMPERATURE (F)   94       105      1931
 MINIMUM TEMPERATURE (F)   66        50      1954


SUNRISE AND SUNSET
JULY 23 2017..........SUNRISE   616 AM MDT   SUNSET   852 PM MDT
JULY 24 2017..........SUNRISE   617 AM MDT   SUNSET   851 PM MDT


-  INDICATES NEGATIVE NUMBERS.
R  INDICATES RECORD WAS SET OR TIED.
MM INDICATES DATA IS MISSING.
T  INDICATES TRACE AMOUNT.




$$
