000
CDUS45 KSLC 170029
CLISLC


CLIMATE REPORT
NATIONAL WEATHER SERVICE SALT LAKE CITY UT
528 PM MST MON JAN 16 2017


...................................

...THE SALT LAKE CITY UT CLIMATE SUMMARY FOR JANUARY 16 2017...
VALID TODAY AS OF 0500 PM LOCAL TIME.

CLIMATE NORMAL PERIOD 1981 TO 2010
CLIMATE RECORD PERIOD 1874 TO 2017


WEATHER ITEM   OBSERVED TIME   RECORD YEAR NORMAL DEPARTURE LAST
                VALUE   (LST)  VALUE       VALUE  FROM      YEAR
                                                  NORMAL
..................................................................
TEMPERATURE (F)
 TODAY
  MAXIMUM         30    255 PM  59    2000  37     -7       38
  MINIMUM         22    908 AM  -9    1888  22      0       28
  AVERAGE         26                        29     -3       33

PRECIPITATION (IN)
  TODAY            T             0.56 1956   0.04  -0.04     0.03
  MONTH TO DATE    1.01                      0.67   0.34     0.40
  SINCE OCT 1      5.65                      5.05   0.60     3.65
  SINCE JAN 1      1.01                      0.67   0.34     0.40

SNOWFALL (IN)
  TODAY            T             6.9  1955   0.4   -0.4       T
  MONTH TO DATE   12.6                       6.9    5.7      2.7
  SINCE OCT 1     29.4                      29.1    0.3     20.0
  SINCE JUL 1     29.4                      29.1    0.3     20.0
  SNOW DEPTH       T

DEGREE DAYS
 HEATING
  TODAY           39                        36      3       32
  MONTH TO DATE  601                       576     25      597
  SINCE DEC 1   1694                      1652     42     1632
  SINCE JUL 1   2493                      2870   -377     2574

 COOLING
  TODAY            0                         0      0        0
  MONTH TO DATE    0                         0      0        0
  SINCE DEC 1      0                         0      0        0
  SINCE JAN 1      0                         0      0        0
..................................................................


WIND (MPH)
  RESULTANT WIND SPEED   7   RESULTANT WIND DIRECTION  NW (320)
  HIGHEST WIND SPEED    14   HIGHEST WIND DIRECTION    NW (310)
  HIGHEST GUST SPEED    16   HIGHEST GUST DIRECTION    NW (310)
  AVERAGE WIND SPEED     7.6


SKY COVER
  POSSIBLE SUNSHINE  MM
  AVERAGE SKY COVER 0.6


WEATHER CONDITIONS
 THE FOLLOWING WEATHER WAS RECORDED TODAY.
  LIGHT SNOW
  FOG
  HAZE


RELATIVE HUMIDITY (PERCENT)
 HIGHEST    92           100 AM
 LOWEST     63          1200 PM
 AVERAGE    78

..........................................................


THE SALT LAKE CITY UT CLIMATE NORMALS FOR TOMORROW
                         NORMAL    RECORD    YEAR
 MAXIMUM TEMPERATURE (F)   37        56      1998
                                             1923
 MINIMUM TEMPERATURE (F)   22        -9      1930


SUNRISE AND SUNSET
JANUARY 16 2017.......SUNRISE   749 AM MST   SUNSET   527 PM MST
JANUARY 17 2017.......SUNRISE   749 AM MST   SUNSET   528 PM MST


-  INDICATES NEGATIVE NUMBERS.
R  INDICATES RECORD WAS SET OR TIED.
MM INDICATES DATA IS MISSING.
T  INDICATES TRACE AMOUNT.




$$
