000
CDUS45 KSLC 231234
CLISLC


CLIMATE REPORT
NATIONAL WEATHER SERVICE SALT LAKE CITY UT
633 AM MDT THU MAR 23 2017


...................................

...THE SALT LAKE CITY UT CLIMATE SUMMARY FOR MARCH 22 2017...

CLIMATE NORMAL PERIOD 1981 TO 2010
CLIMATE RECORD PERIOD 1874 TO 2017


WEATHER ITEM   OBSERVED TIME   RECORD YEAR NORMAL DEPARTURE LAST
                VALUE   (LST)  VALUE       VALUE  FROM      YEAR
                                                  NORMAL
..................................................................
TEMPERATURE (F)
 YESTERDAY
  MAXIMUM         62   1123 AM  75    1972  56      6       61
  MINIMUM         48   1159 PM  13    1898  35     13       33
  AVERAGE         55                        45     10       47

PRECIPITATION (IN)
  YESTERDAY        0.19          0.83 1964   0.06   0.13     0.53
  MONTH TO DATE    0.46                      1.21  -0.75     1.42
  SINCE OCT 1      8.76                      8.09   0.67     7.13
  SINCE JAN 1      4.12                      3.71   0.41     3.88

SNOWFALL (IN)
  YESTERDAY        0.0          11.5  1964   0.2   -0.2      1.2
  MONTH TO DATE    3.4                       4.8   -1.4      1.3
  SINCE OCT 1     50.1                      50.2   -0.1     32.9
  SINCE JUL 1     50.1                      50.2   -0.1     32.9
  SNOW DEPTH       0

DEGREE DAYS
 HEATING
  YESTERDAY       10                        20    -10       18
  MONTH TO DATE  288                       494   -206      359
  SINCE MAR 1    288                       494   -206      359
  SINCE JUL 1   4041                      4750   -709     4204

 COOLING
  YESTERDAY        0                         0      0        0
  MONTH TO DATE    2                         0      2        0
  SINCE MAR 1      2                         0      2        0
  SINCE JAN 1      2                         0      2        0
..................................................................


WIND (MPH)
  RESULTANT WIND SPEED   5   RESULTANT WIND DIRECTION   N (350)
  HIGHEST WIND SPEED    21   HIGHEST WIND DIRECTION    NW (310)
  HIGHEST GUST SPEED    25   HIGHEST GUST DIRECTION     N (350)
  AVERAGE WIND SPEED     8.9


SKY COVER
  POSSIBLE SUNSHINE  MM
  AVERAGE SKY COVER 0.7


WEATHER CONDITIONS
 THE FOLLOWING WEATHER WAS RECORDED YESTERDAY.
  THUNDERSTORM
  RAIN
  LIGHT RAIN
  FOG


RELATIVE HUMIDITY (PERCENT)
 HIGHEST    83           800 AM
 LOWEST     55          1000 AM
 AVERAGE    69

..........................................................


THE SALT LAKE CITY UT CLIMATE NORMALS FOR TODAY
                         NORMAL    RECORD    YEAR
 MAXIMUM TEMPERATURE (F)   56        74      2004
 MINIMUM TEMPERATURE (F)   35        11      1898


SUNRISE AND SUNSET
MARCH 23 2017.........SUNRISE   726 AM MDT   SUNSET   744 PM MDT
MARCH 24 2017.........SUNRISE   724 AM MDT   SUNSET   745 PM MDT


-  INDICATES NEGATIVE NUMBERS.
R  INDICATES RECORD WAS SET OR TIED.
MM INDICATES DATA IS MISSING.
T  INDICATES TRACE AMOUNT.




$$
