000
CDUS45 KSLC 291233
CLISLC


CLIMATE REPORT
NATIONAL WEATHER SERVICE SALT LAKE CITY UT
633 AM MDT SUN MAY 29 2016


...................................

...THE SALT LAKE CITY UT CLIMATE SUMMARY FOR MAY 28 2016...

CLIMATE NORMAL PERIOD 1981 TO 2010
CLIMATE RECORD PERIOD 1874 TO 2016


WEATHER ITEM   OBSERVED TIME   RECORD YEAR NORMAL DEPARTURE LAST
                VALUE   (LST)  VALUE       VALUE  FROM      YEAR
                                                  NORMAL
..................................................................
TEMPERATURE (F)
 YESTERDAY
  MAXIMUM         76    318 PM  99    2003  76      0       71
  MINIMUM         52    525 AM  32    1954  51      1       51
  AVERAGE         64                        64      0       61

PRECIPITATION (IN)
  YESTERDAY        T             0.93 1906   0.06  -0.06     0.10
  MONTH TO DATE    1.57                      1.79  -0.22     4.19
  SINCE OCT 1     10.89                     12.45  -1.56    10.40
  SINCE JAN 1      7.64                      8.07  -0.43     8.39

SNOWFALL (IN)
  YESTERDAY        0.0           T    1982   0.0    0.0      0.0
  MONTH TO DATE    0.0                       0.3   -0.3      0.0
  SINCE OCT 1     34.3                      56.2  -21.9     15.4
  SINCE JUL 1     34.3                      56.2  -21.9     15.4
  SNOW DEPTH       0

DEGREE DAYS
 HEATING
  YESTERDAY        1                         4     -3        4
  MONTH TO DATE  133                       194    -61      178
  SINCE MAR 1    977                      1294   -317     1015
  SINCE JUL 1   4822                      5550   -728     4362

 COOLING
  YESTERDAY        0                         2     -2        0
  MONTH TO DATE   30                        38     -8       14
  SINCE MAR 1     40                        42     -2       14
  SINCE JAN 1     40                        42     -2       14
..................................................................


WIND (MPH)
  RESULTANT WIND SPEED   3   RESULTANT WIND DIRECTION   N (10)
  HIGHEST WIND SPEED    15   HIGHEST WIND DIRECTION     N (350)
  HIGHEST GUST SPEED    21   HIGHEST GUST DIRECTION     N (350)
  AVERAGE WIND SPEED     6.5


SKY COVER
  POSSIBLE SUNSHINE  MM
  AVERAGE SKY COVER 0.3


WEATHER CONDITIONS
 THE FOLLOWING WEATHER WAS RECORDED YESTERDAY.
  NO SIGNIFICANT WEATHER WAS OBSERVED.


RELATIVE HUMIDITY (PERCENT)
 HIGHEST    77           400 AM
 LOWEST     27           400 PM
 AVERAGE    52

..........................................................


THE SALT LAKE CITY UT CLIMATE NORMALS FOR TODAY
                         NORMAL    RECORD    YEAR
 MAXIMUM TEMPERATURE (F)   76        99      2003
 MINIMUM TEMPERATURE (F)   51        37      1946
                                             1927


SUNRISE AND SUNSET
MAY 29 2016...........SUNRISE   600 AM MDT   SUNSET   851 PM MDT
MAY 30 2016...........SUNRISE   559 AM MDT   SUNSET   852 PM MDT


-  INDICATES NEGATIVE NUMBERS.
R  INDICATES RECORD WAS SET OR TIED.
MM INDICATES DATA IS MISSING.
T  INDICATES TRACE AMOUNT.




$$
