000
CDUS45 KSLC 311216
CLISLC


CLIMATE REPORT
NATIONAL WEATHER SERVICE SALT LAKE CITY UT
516 AM MST SAT JAN 31 2015


...................................

...THE SALT LAKE CITY UT CLIMATE SUMMARY FOR JANUARY 30 2015...

CLIMATE NORMAL PERIOD 1981 TO 2010
CLIMATE RECORD PERIOD 1874 TO 2015


WEATHER ITEM   OBSERVED TIME   RECORD YEAR NORMAL DEPARTURE LAST
                VALUE   (LST)  VALUE       VALUE  FROM      YEAR
                                                  NORMAL
..................................................................
TEMPERATURE (F)
 YESTERDAY
  MAXIMUM         44    216 PM  61    1971  39      5       39
  MINIMUM         36    540 AM  -6    1979  22     14       32
  AVERAGE         40                        30     10       36

PRECIPITATION (IN)
  YESTERDAY        T             0.39 1887   0.04  -0.04     0.12
                                      1883
  MONTH TO DATE    0.86                      1.21  -0.35     1.20
  SINCE OCT 1      2.87                      5.59  -2.72     4.21
  SINCE JAN 1      0.86                      1.21  -0.35     1.20

SNOWFALL (IN)
  YESTERDAY        0.0           4.2  1996   0.3   -0.3      0.8
  MONTH TO DATE    0.3                      12.1  -11.8     10.1
  SINCE OCT 1      6.8                      34.3  -27.5     32.8
  SINCE JUL 1      6.8                      34.3  -27.5     32.8
  SNOW DEPTH       0

DEGREE DAYS
 HEATING
  YESTERDAY       25                        35    -10       29
  MONTH TO DATE  918                      1069   -151     1031
  SINCE DEC 1   1768                      2145   -377     2275
  SINCE JUL 1   2738                      3363   -625     3322

 COOLING
  YESTERDAY        0                         0      0        0
  MONTH TO DATE    0                         0      0        0
  SINCE DEC 1      0                         0      0        0
  SINCE JAN 1      0                         0      0        0
..................................................................


WIND (MPH)
  RESULTANT WIND SPEED   3   RESULTANT WIND DIRECTION   W (290)
  HIGHEST WIND SPEED     9   HIGHEST WIND DIRECTION     W (290)
  HIGHEST GUST SPEED    12   HIGHEST GUST DIRECTION     W (290)
  AVERAGE WIND SPEED     3.9


SKY COVER
  POSSIBLE SUNSHINE  MM
  AVERAGE SKY COVER 0.9


WEATHER CONDITIONS
 THE FOLLOWING WEATHER WAS RECORDED YESTERDAY.
  FOG


RELATIVE HUMIDITY (PERCENT)
 HIGHEST    92          1200 AM
 LOWEST     76           100 PM
 AVERAGE    84

..........................................................


THE SALT LAKE CITY UT CLIMATE NORMALS FOR TODAY
                         NORMAL    RECORD    YEAR
 MAXIMUM TEMPERATURE (F)   39        63      2003
 MINIMUM TEMPERATURE (F)   22        -8      1979


SUNRISE AND SUNSET
JANUARY 31 2015.......SUNRISE   739 AM MST   SUNSET   544 PM MST
FEBRUARY  1 2015......SUNRISE   738 AM MST   SUNSET   545 PM MST


-  INDICATES NEGATIVE NUMBERS.
R  INDICATES RECORD WAS SET OR TIED.
MM INDICATES DATA IS MISSING.
T  INDICATES TRACE AMOUNT.




$$
