000
CDUS46 KPQR 041144
CLISLE


CLIMATE REPORT
NATIONAL WEATHER SERVICE PORTLAND OREGON
443 AM PDT TUE AUG 4 2015


...................................

...THE SALEM OR CLIMATE SUMMARY FOR AUGUST 3 2015...

CLIMATE NORMAL PERIOD 1981 TO 2010
CLIMATE RECORD PERIOD 1892 TO 2015


WEATHER ITEM   OBSERVED TIME   RECORD YEAR NORMAL DEPARTURE LAST
                VALUE   (LST)  VALUE       VALUE  FROM      YEAR
                                                  NORMAL
..................................................................
TEMPERATURE (F)
 YESTERDAY
  MAXIMUM         84    526 PM 102    1952  84      0       94
  MINIMUM         63   1159 PM  42    1931  54      9       56
  AVERAGE         74                        69      5       75

PRECIPITATION (IN)
  YESTERDAY        0.00          0.24 1962   0.00   0.00     0.00
  MONTH TO DATE    0.00                      0.02  -0.02     0.15
  SINCE OCT 1     32.82                     37.96  -5.14    27.20
  SINCE JAN 1     15.28                     21.57  -6.29    22.62

DEGREE DAYS
 HEATING
  YESTERDAY        0                         0      0        0
  MONTH TO DATE    0                         0      0        0
  SINCE JUN 1     24                       160   -136       69
  SINCE JUL 1      2                        30    -28        3

 COOLING
  YESTERDAY        9                         4      5       10
  MONTH TO DATE   32                        12     20       34
  SINCE JUN 1    453                       149    304      295
  SINCE JAN 1    466                       158    308      311
..................................................................


WIND (MPH)
  HIGHEST WIND SPEED    14   HIGHEST WIND DIRECTION    NW (300)
  HIGHEST GUST SPEED    16   HIGHEST GUST DIRECTION    NW (310)
  AVERAGE WIND SPEED     5.1


SKY COVER
  POSSIBLE SUNSHINE  MM
  AVERAGE SKY COVER 0.1


WEATHER CONDITIONS
 THE FOLLOWING WEATHER WAS RECORDED YESTERDAY.
  NO SIGNIFICANT WEATHER WAS OBSERVED.


RELATIVE HUMIDITY (PERCENT)
 HIGHEST    73           300 AM
 LOWEST     29           300 PM
 AVERAGE    51

..........................................................


THE SALEM OR CLIMATE NORMALS FOR TODAY
                         NORMAL    RECORD    YEAR
 MAXIMUM TEMPERATURE (F)   84       103      2012
 MINIMUM TEMPERATURE (F)   54        39      1931


SUNRISE AND SUNSET
AUGUST  4 2015........SUNRISE   601 AM PDT   SUNSET   835 PM PDT
AUGUST  5 2015........SUNRISE   602 AM PDT   SUNSET   833 PM PDT


-  INDICATES NEGATIVE NUMBERS.
R  INDICATES RECORD WAS SET OR TIED.
MM INDICATES DATA IS MISSING.
T  INDICATES TRACE AMOUNT.




$$
