000
CDUS46 KPQR 300228
CLISLE


CLIMATE REPORT
NATIONAL WEATHER SERVICE PORTLAND OREGON
728 PM PDT MON SEP 29 2014


...................................

...THE SALEM OR CLIMATE SUMMARY FOR SEPTEMBER 29 2014...
VALID TODAY AS OF 0700 PM LOCAL TIME.

CLIMATE NORMAL PERIOD 1981 TO 2010
CLIMATE RECORD PERIOD 1892 TO 2014


WEATHER ITEM   OBSERVED TIME   RECORD YEAR NORMAL DEPARTURE LAST
                VALUE   (LST)  VALUE       VALUE  FROM      YEAR
                                                  NORMAL
..................................................................
TEMPERATURE (F)
 TODAY
  MAXIMUM         67   1228 PM  91    1935  72     -5       MM
  MINIMUM         48    627 AM  33    1983  45      3       MM
  AVERAGE         58                        59     -1       MM

PRECIPITATION (IN)
  TODAY            0.04          1.63 2013   0.06  -0.02     1.63
  MONTH TO DATE    1.17                      1.22  -0.05     6.62
  SINCE OCT 1     28.57                     39.61 -11.04    40.84
  SINCE JAN 1     23.99                     23.22   0.77    18.58

DEGREE DAYS
 HEATING
  TODAY            7                         6      1       MM
  MONTH TO DATE   22                       102    -80       52
  SINCE SEP 1     22                       102    -80       52
  SINCE JUL 1     26                       158   -132       57

 COOLING
  TODAY            0                         0      0       MM
  MONTH TO DATE   73                        36     37       75
  SINCE SEP 1     73                        36     37       75
  SINCE JAN 1    591                       288    303      502
..................................................................


WIND (MPH)
  HIGHEST WIND SPEED    16   HIGHEST WIND DIRECTION     S (190)
  HIGHEST GUST SPEED    20   HIGHEST GUST DIRECTION     S (190)
  AVERAGE WIND SPEED     7.4


SKY COVER
  POSSIBLE SUNSHINE  MM
  AVERAGE SKY COVER 0.5


WEATHER CONDITIONS
 THE FOLLOWING WEATHER WAS RECORDED TODAY.
  LIGHT RAIN
  FOG
  HAZE


RELATIVE HUMIDITY (PERCENT)
 HIGHEST    93           100 AM
 LOWEST     58          1100 AM
 AVERAGE    76

..........................................................


THE SALEM OR CLIMATE NORMALS FOR TOMORROW
                         NORMAL    RECORD    YEAR
 MAXIMUM TEMPERATURE (F)   72        90      1975
 MINIMUM TEMPERATURE (F)   45        33      1983


SUNRISE AND SUNSET
SEPTEMBER 29 2014.....SUNRISE   708 AM PDT   SUNSET   656 PM PDT
SEPTEMBER 30 2014.....SUNRISE   709 AM PDT   SUNSET   654 PM PDT


-  INDICATES NEGATIVE NUMBERS.
R  INDICATES RECORD WAS SET OR TIED.
MM INDICATES DATA IS MISSING.
T  INDICATES TRACE AMOUNT.




$$
