000
CDUS46 KPQR 210222
CLISLE


CLIMATE REPORT
NATIONAL WEATHER SERVICE PORTLAND OREGON
622 PM PST MON NOV 20 2017


...................................

...THE SALEM OR CLIMATE SUMMARY FOR NOVEMBER 20 2017...
VALID TODAY AS OF 0600 PM LOCAL TIME.

CLIMATE NORMAL PERIOD 1981 TO 2010
CLIMATE RECORD PERIOD 1892 TO 2017


WEATHER ITEM   OBSERVED TIME   RECORD YEAR NORMAL DEPARTURE LAST
                VALUE   (LST)  VALUE       VALUE  FROM      YEAR
                                                  NORMAL
..................................................................
TEMPERATURE (F)
 TODAY
  MAXIMUM         59   1200 PM  65    1910  51      8       57
  MINIMUM         48    559 PM  15    1977  38     10       50
  AVERAGE         54                        44     10       54

PRECIPITATION (IN)
  TODAY            0.28          2.30 1921   0.24   0.04     0.29
  MONTH TO DATE    4.47                      4.08   0.39     2.83
  SINCE OCT 1      9.92                      7.11   2.81    14.08
  SINCE JAN 1     45.73                     30.39  15.34    37.79

DEGREE DAYS
 HEATING
  TODAY           11                        20     -9       11
  MONTH TO DATE  344                       366    -22      237
  SINCE SEP 1    761                       842    -81      616
  SINCE JUL 1    763                       898   -135      631

 COOLING
  TODAY            0                         0      0        0
  MONTH TO DATE    0                         0      0        0
  SINCE SEP 1    127                        38     89       19
  SINCE JAN 1    647                       290    357      465
..................................................................


WIND (MPH)
  HIGHEST WIND SPEED    31   HIGHEST WIND DIRECTION     S (180)
  HIGHEST GUST SPEED    39   HIGHEST GUST DIRECTION     S (180)
  AVERAGE WIND SPEED    10.0


SKY COVER
  POSSIBLE SUNSHINE  MM
  AVERAGE SKY COVER 0.6


WEATHER CONDITIONS
 THE FOLLOWING WEATHER WAS RECORDED TODAY.
  RAIN
  LIGHT RAIN
  FOG


RELATIVE HUMIDITY (PERCENT)
 HIGHEST    93           900 AM
 LOWEST     62          1200 PM
 AVERAGE    78

..........................................................


THE SALEM OR CLIMATE NORMALS FOR TOMORROW
                         NORMAL    RECORD    YEAR
 MAXIMUM TEMPERATURE (F)   51        61      1933
 MINIMUM TEMPERATURE (F)   38        20      1900


SUNRISE AND SUNSET
NOVEMBER 20 2017......SUNRISE   717 AM PST   SUNSET   438 PM PST
NOVEMBER 21 2017......SUNRISE   718 AM PST   SUNSET   438 PM PST


-  INDICATES NEGATIVE NUMBERS.
R  INDICATES RECORD WAS SET OR TIED.
MM INDICATES DATA IS MISSING.
T  INDICATES TRACE AMOUNT.




$$
