000
CDUS46 KPQR 291143
CLISLE


CLIMATE REPORT
NATIONAL WEATHER SERVICE PORTLAND OREGON
442 AM PDT SAT JUL 29 2017


...................................

...THE SALEM OR CLIMATE SUMMARY FOR JULY 28 2017...

CLIMATE NORMAL PERIOD 1981 TO 2010
CLIMATE RECORD PERIOD 1892 TO 2017


WEATHER ITEM   OBSERVED TIME   RECORD YEAR NORMAL DEPARTURE LAST
                VALUE   (LST)  VALUE       VALUE  FROM      YEAR
                                                  NORMAL
..................................................................
TEMPERATURE (F)
 YESTERDAY
  MAXIMUM         86    450 PM 107    2009  84      2       96
  MINIMUM         54    524 AM  42    1959  54      0       59
                                      1933
                                      1929
  AVERAGE         70                        69      1       78

PRECIPITATION (IN)
  YESTERDAY        0.00          0.27 1975   0.01  -0.01     0.00
  MONTH TO DATE    0.00                      0.43  -0.43     0.45
  SINCE OCT 1     56.60                     37.91  18.69    45.31
  SINCE JAN 1     33.30                     21.52  11.78    21.76

DEGREE DAYS
 HEATING
  YESTERDAY        0                         0      0        0
  MONTH TO DATE    0                        30    -30        5
  SINCE JUN 1     82                       160    -78       83
  SINCE JUL 1      0                        30    -30        5

 COOLING
  YESTERDAY        5                         4      1       13
  MONTH TO DATE  133                        93     40      102
  SINCE JUN 1    205                       121     84      193
  SINCE JAN 1    232                       130    102      214
..................................................................


WIND (MPH)
  HIGHEST WIND SPEED    15   HIGHEST WIND DIRECTION     N (10)
  HIGHEST GUST SPEED    18   HIGHEST GUST DIRECTION     N (10)
  AVERAGE WIND SPEED     5.9


SKY COVER
  POSSIBLE SUNSHINE  MM
  AVERAGE SKY COVER 0.0


WEATHER CONDITIONS
 THE FOLLOWING WEATHER WAS RECORDED YESTERDAY.
  NO SIGNIFICANT WEATHER WAS OBSERVED.


RELATIVE HUMIDITY (PERCENT)
 HIGHEST    83           300 AM
 LOWEST     26           300 PM
 AVERAGE    55

..........................................................


THE SALEM OR CLIMATE NORMALS FOR TODAY
                         NORMAL    RECORD    YEAR
 MAXIMUM TEMPERATURE (F)   84       106      2009
 MINIMUM TEMPERATURE (F)   54        42      1956
                                             1929


SUNRISE AND SUNSET
JULY 29 2017..........SUNRISE   555 AM PDT   SUNSET   842 PM PDT
JULY 30 2017..........SUNRISE   556 AM PDT   SUNSET   840 PM PDT


-  INDICATES NEGATIVE NUMBERS.
R  INDICATES RECORD WAS SET OR TIED.
MM INDICATES DATA IS MISSING.
T  INDICATES TRACE AMOUNT.




$$
