000
CDUS46 KPQR 021141
CLISLE


CLIMATE REPORT
NATIONAL WEATHER SERVICE PORTLAND OREGON
340 AM PST MON MAR 2 2015


...................................

...THE SALEM OR CLIMATE SUMMARY FOR MARCH 1 2015...

CLIMATE NORMAL PERIOD 1981 TO 2010
CLIMATE RECORD PERIOD 1892 TO 2015


WEATHER ITEM   OBSERVED TIME   RECORD YEAR NORMAL DEPARTURE LAST
                VALUE   (LST)  VALUE       VALUE  FROM      YEAR
                                                  NORMAL
..................................................................
TEMPERATURE (F)
 YESTERDAY
  MAXIMUM         57    416 PM  70    1905  54      3       49
  MINIMUM         26    721 AM  12    1971  35     -9       40
  AVERAGE         42                        45     -3       45

PRECIPITATION (IN)
  YESTERDAY        0.00          1.22 1997   0.16  -0.16     0.07
  MONTH TO DATE    0.00                      0.16  -0.16     0.07
  SINCE OCT 1     25.08                     27.07  -1.99    13.92
  SINCE JAN 1      7.54                     10.68  -3.14     9.34

DEGREE DAYS
 HEATING
  YESTERDAY       23                        20      3       20
  MONTH TO DATE   23                        20      3       20
  SINCE MAR 1     23                        20      3       20
  SINCE JUL 1   2493                      3260   -767     3306

 COOLING
  YESTERDAY        0                         0      0        0
  MONTH TO DATE    0                         0      0        0
  SINCE MAR 1      0                         0      0        0
  SINCE JAN 1      0                         0      0        0
..................................................................


WIND (MPH)
  HIGHEST WIND SPEED    16   HIGHEST WIND DIRECTION     W (290)
  HIGHEST GUST SPEED    20   HIGHEST GUST DIRECTION     W (290)
  AVERAGE WIND SPEED     3.9


SKY COVER
  POSSIBLE SUNSHINE  MM
  AVERAGE SKY COVER 0.1


WEATHER CONDITIONS
 THE FOLLOWING WEATHER WAS RECORDED YESTERDAY.
  NO SIGNIFICANT WEATHER WAS OBSERVED.


RELATIVE HUMIDITY (PERCENT)
 HIGHEST    92           700 AM
 LOWEST     25           400 PM
 AVERAGE    59

..........................................................


THE SALEM OR CLIMATE NORMALS FOR TODAY
                         NORMAL    RECORD    YEAR
 MAXIMUM TEMPERATURE (F)   54        69      1921
                                             1905
 MINIMUM TEMPERATURE (F)   36        21      1971


SUNRISE AND SUNSET
MARCH  2 2015.........SUNRISE   648 AM PST   SUNSET   601 PM PST
MARCH  3 2015.........SUNRISE   646 AM PST   SUNSET   602 PM PST


-  INDICATES NEGATIVE NUMBERS.
R  INDICATES RECORD WAS SET OR TIED.
MM INDICATES DATA IS MISSING.
T  INDICATES TRACE AMOUNT.




$$
