000
CDUS46 KPQR 251142
CLISLE


CLIMATE REPORT
NATIONAL WEATHER SERVICE PORTLAND OREGON
341 AM PST SUN JAN 25 2015


...................................

...THE SALEM OR CLIMATE SUMMARY FOR JANUARY 24 2015...

CLIMATE NORMAL PERIOD 1981 TO 2010
CLIMATE RECORD PERIOD 1892 TO 2015


WEATHER ITEM   OBSERVED TIME   RECORD YEAR NORMAL DEPARTURE LAST
                VALUE   (LST)  VALUE       VALUE  FROM      YEAR
                                                  NORMAL
..................................................................
TEMPERATURE (F)
 YESTERDAY
  MAXIMUM         64R   409 PM  64    1935  49     15       56
  MINIMUM         43   1125 PM   5    1943  35      8       28
  AVERAGE         54                        42     12       42

PRECIPITATION (IN)
  YESTERDAY        0.00          2.00 1903   0.18  -0.18     0.00
  MONTH TO DATE    3.21                      4.73  -1.52     1.79
  SINCE OCT 1     20.75                     21.12  -0.37     6.37
  SINCE JAN 1      3.21                      4.73  -1.52     1.79

DEGREE DAYS
 HEATING
  YESTERDAY       11                        23    -12       23
  MONTH TO DATE  512                       577    -65      570
  SINCE DEC 1   1126                      1349   -223     1457
  SINCE JUL 1   1892                      2466   -574     2500

 COOLING
  YESTERDAY        0                         0      0        0
  MONTH TO DATE    0                         0      0        0
  SINCE DEC 1      0                         0      0        0
  SINCE JAN 1      0                         0      0        0
..................................................................


WIND (MPH)
  HIGHEST WIND SPEED     9   HIGHEST WIND DIRECTION    SE (130)
  HIGHEST GUST SPEED    11   HIGHEST GUST DIRECTION     S (160)
  AVERAGE WIND SPEED     2.8


SKY COVER
  POSSIBLE SUNSHINE  MM
  AVERAGE SKY COVER 0.1


WEATHER CONDITIONS
 THE FOLLOWING WEATHER WAS RECORDED YESTERDAY.
  FOG
  FOG W/VISIBILITY <= 1/4 MILE


RELATIVE HUMIDITY (PERCENT)
 HIGHEST   100          1000 PM
 LOWEST     65           200 PM
 AVERAGE    83

..........................................................


THE SALEM OR CLIMATE NORMALS FOR TODAY
                         NORMAL    RECORD    YEAR
 MAXIMUM TEMPERATURE (F)   49        63      1993
 MINIMUM TEMPERATURE (F)   35         2      1930


SUNRISE AND SUNSET
JANUARY 25 2015.......SUNRISE   739 AM PST   SUNSET   510 PM PST
JANUARY 26 2015.......SUNRISE   738 AM PST   SUNSET   512 PM PST


-  INDICATES NEGATIVE NUMBERS.
R  INDICATES RECORD WAS SET OR TIED.
MM INDICATES DATA IS MISSING.
T  INDICATES TRACE AMOUNT.




$$
