000
CDUS41 KBTV 290527
CLISLK


CLIMATE REPORT
NATIONAL WEATHER SERVICE BURLINGTON VT
123 AM EDT SUN MAR 29 2015


...................................

...THE SARANAC LAKE NY CLIMATE SUMMARY FOR MARCH 28 2015...

CLIMATE NORMAL PERIOD 1981 TO 2010
CLIMATE RECORD PERIOD 9999 TO 9999


WEATHER ITEM   OBSERVED TIME   NORMAL DEPARTURE LAST
                VALUE   (LST)  VALUE  FROM      YEAR
                                      NORMAL
......................................................
TEMPERATURE (F)
 YESTERDAY
  MAXIMUM         22    317 PM  41    -19       42
  MINIMUM         -4   1159 PM  18    -22       28
  AVERAGE          9            30    -21       35

PRECIPITATION (IN)
  YESTERDAY        0.01          0.09  -0.08     0.36
  MONTH TO DATE    0.78          2.01  -1.23     1.07
  SINCE MAR 1      0.78          2.01  -1.23     1.07
  SINCE JAN 1      1.65          5.75  -4.10     3.69

DEGREE DAYS
 HEATING
  YESTERDAY       56            35     21       30
  MONTH TO DATE 1280          1154    126     1445
  SINCE MAR 1   1280          1154    126     1445
  SINCE JUL 1   8063          7859    204     8429

 COOLING
  YESTERDAY        0             0      0        0
  MONTH TO DATE    0             0      0        0
  SINCE MAR 1      0             0      0        0
  SINCE JAN 1      0             0      0        0
......................................................


WIND (MPH)
  HIGHEST WIND SPEED    14   HIGHEST WIND DIRECTION    NE (30)
  HIGHEST GUST SPEED    18   HIGHEST GUST DIRECTION    NE (40)
  AVERAGE WIND SPEED     4.9


SKY COVER
  AVERAGE SKY COVER 0.7


WEATHER CONDITIONS
 THE FOLLOWING WEATHER WAS RECORDED YESTERDAY.
  LIGHT SNOW
  FOG
  HAZE


RELATIVE HUMIDITY (PERCENT)
 HIGHEST    88           400 AM
 LOWEST     49           600 PM
 AVERAGE    69

..........................................................


THE SARANAC LAKE NY CLIMATE NORMALS FOR TODAY
                         NORMAL    RECORD    YEAR
 MAXIMUM TEMPERATURE (F)   42        61      2004
 MINIMUM TEMPERATURE (F)   19        -4      2001


SUNRISE AND SUNSET
MARCH 29 2015.........SUNRISE   644 AM EDT   SUNSET   720 PM EDT
MARCH 30 2015.........SUNRISE   642 AM EDT   SUNSET   721 PM EDT


-  INDICATES NEGATIVE NUMBERS.
R  INDICATES RECORD WAS SET OR TIED.
MM INDICATES DATA IS MISSING.
T  INDICATES TRACE AMOUNT.




$$
