032
CDUS41 KBTV 250708
CLISLK


CLIMATE REPORT
NATIONAL WEATHER SERVICE BURLINGTON VT
307 AM EDT MON SEP 25 2017


...................................

...THE SARANAC LAKE NY CLIMATE SUMMARY FOR SEPTEMBER 24 2017...

CLIMATE NORMAL PERIOD 1981 TO 2010
CLIMATE RECORD PERIOD 9999 TO 9999


WEATHER ITEM   OBSERVED TIME   NORMAL DEPARTURE LAST
                VALUE   (LST)  VALUE  FROM      YEAR
                                      NORMAL
......................................................
TEMPERATURE (F)
 YESTERDAY
  MAXIMUM         87    321 PM  62     25       56
  MINIMUM         50    551 AM  38     12       29
  AVERAGE         69            50     19       43

PRECIPITATION (IN)
  YESTERDAY        0.00          0.10  -0.10     0.00
  MONTH TO DATE    1.65          2.71  -1.06     2.22
  SINCE SEP 1      1.65          2.71  -1.06     2.22
  SINCE JAN 1     33.31         27.25   6.06    24.14

DEGREE DAYS
 HEATING
  YESTERDAY        0            15    -15       22
  MONTH TO DATE  186           249    -63      167
  SINCE SEP 1    186           249    -63      167
  SINCE JUL 1    458           489    -31      288

 COOLING
  YESTERDAY        4             0      4        0
  MONTH TO DATE    4             7     -3       15
  SINCE SEP 1      4             7     -3       15
  SINCE JAN 1     57           114    -57      166
......................................................


WIND (MPH)
  HIGHEST WIND SPEED     9   HIGHEST WIND DIRECTION     W (290)
  HIGHEST GUST SPEED    14   HIGHEST GUST DIRECTION     W (290)
  AVERAGE WIND SPEED     2.1


SKY COVER
  AVERAGE SKY COVER 0.3


WEATHER CONDITIONS
 THE FOLLOWING WEATHER WAS RECORDED YESTERDAY.
  FOG
  FOG W/VISIBILITY <= 1/4 MILE


RELATIVE HUMIDITY (PERCENT)
 HIGHEST   100          1200 AM
 LOWEST     45           300 PM
 AVERAGE    73

..........................................................


THE SARANAC LAKE NY CLIMATE NORMALS FOR TODAY
                         NORMAL    RECORD    YEAR
 MAXIMUM TEMPERATURE (F)   62        87      2007
 MINIMUM TEMPERATURE (F)   38        24      2000


SUNRISE AND SUNSET
SEPTEMBER 25 2017.....SUNRISE   648 AM EDT   SUNSET   648 PM EDT
SEPTEMBER 26 2017.....SUNRISE   649 AM EDT   SUNSET   646 PM EDT


-  INDICATES NEGATIVE NUMBERS.
R  INDICATES RECORD WAS SET OR TIED.
MM INDICATES DATA IS MISSING.
T  INDICATES TRACE AMOUNT.




$$
