000
CDUS41 KBTV 180546
CLISLK


CLIMATE REPORT
NATIONAL WEATHER SERVICE BURLINGTON VT
1242 AM EST SAT NOV 18 2017


...................................

...THE SARANAC LAKE NY CLIMATE SUMMARY FOR NOVEMBER 17 2017...

CLIMATE NORMAL PERIOD 1981 TO 2010
CLIMATE RECORD PERIOD 9999 TO 9999


WEATHER ITEM   OBSERVED TIME   NORMAL DEPARTURE LAST
                VALUE   (LST)  VALUE  FROM      YEAR
                                      NORMAL
......................................................
TEMPERATURE (F)
 YESTERDAY
  MAXIMUM         27   1229 AM  42    -15       42
  MINIMUM          8   1157 PM  22    -14       38
  AVERAGE         18            32    -14       40

PRECIPITATION (IN)
  YESTERDAY        0.01          0.11  -0.10     0.00
  MONTH TO DATE    1.85          1.96  -0.11     1.37
  SINCE SEP 1      9.11          9.30  -0.19     8.17
  SINCE JAN 1     40.77         33.84   6.93    30.09

DEGREE DAYS
 HEATING
  YESTERDAY       47            33     14       25
  MONTH TO DATE  575           511     64      418
  SINCE SEP 1   1293          1563   -270     1293
  SINCE JUL 1   1565          1803   -238     1414

 COOLING
  YESTERDAY        0             0      0        0
  MONTH TO DATE    0             0      0        0
  SINCE SEP 1     16             7      9       15
  SINCE JAN 1     69           114    -45      166
......................................................


WIND (MPH)
  HIGHEST WIND SPEED    16   HIGHEST WIND DIRECTION     W (280)
  HIGHEST GUST SPEED    28   HIGHEST GUST DIRECTION     W (280)
  AVERAGE WIND SPEED     5.7


SKY COVER
  AVERAGE SKY COVER 0.5


WEATHER CONDITIONS
 THE FOLLOWING WEATHER WAS RECORDED YESTERDAY.
  LIGHT SNOW
  FOG


RELATIVE HUMIDITY (PERCENT)
 HIGHEST   100           200 AM
 LOWEST     68           300 PM
 AVERAGE    84

..........................................................


THE SARANAC LAKE NY CLIMATE NORMALS FOR TODAY
                         NORMAL    RECORD    YEAR
 MAXIMUM TEMPERATURE (F)   41        62      2016
 MINIMUM TEMPERATURE (F)   22         3      2007


SUNRISE AND SUNSET
NOVEMBER 18 2017......SUNRISE   657 AM EST   SUNSET   427 PM EST
NOVEMBER 19 2017......SUNRISE   658 AM EST   SUNSET   426 PM EST


-  INDICATES NEGATIVE NUMBERS.
R  INDICATES RECORD WAS SET OR TIED.
MM INDICATES DATA IS MISSING.
T  INDICATES TRACE AMOUNT.




$$
