000
CDUS41 KBTV 310535
CLISLK


CLIMATE REPORT
NATIONAL WEATHER SERVICE BURLINGTON VT
134 AM EDT FRI JUL 31 2015


...................................

...THE SARANAC LAKE NY CLIMATE SUMMARY FOR JULY 30 2015...

CLIMATE NORMAL PERIOD 1981 TO 2010
CLIMATE RECORD PERIOD 9999 TO 9999


WEATHER ITEM   OBSERVED TIME   NORMAL DEPARTURE LAST
                VALUE   (LST)  VALUE  FROM      YEAR
                                      NORMAL
......................................................
TEMPERATURE (F)
 YESTERDAY
  MAXIMUM         79    325 PM  75      4       70
  MINIMUM         55    509 AM  51      4       37
  AVERAGE         67            63      4       54

PRECIPITATION (IN)
  YESTERDAY        0.14          0.14   0.00     0.00
  MONTH TO DATE    3.06          4.06  -1.00     3.63
  SINCE JUN 1     12.83          7.91   4.92    10.41
  SINCE JAN 1     20.62         20.26   0.36    22.57

DEGREE DAYS
 HEATING
  YESTERDAY        0             3     -3       11
  MONTH TO DATE   95            90      5      125
  SINCE JUN 1    291           274     17      292
  SINCE JUL 1     95            90      5      125

 COOLING
  YESTERDAY        2             1      1        0
  MONTH TO DATE   50            45      5       38
  SINCE JUN 1     56            71    -15       59
  SINCE JAN 1     72            74     -2       60
......................................................


WIND (MPH)
  HIGHEST WIND SPEED    16   HIGHEST WIND DIRECTION     W (250)
  HIGHEST GUST SPEED    25   HIGHEST GUST DIRECTION    SW (240)
  AVERAGE WIND SPEED     5.5


SKY COVER
  AVERAGE SKY COVER 0.3


WEATHER CONDITIONS
 THE FOLLOWING WEATHER WAS RECORDED YESTERDAY.
  RAIN
  LIGHT RAIN
  FOG
  HAZE


RELATIVE HUMIDITY (PERCENT)
 HIGHEST   100           200 AM
 LOWEST     47           500 PM
 AVERAGE    74

..........................................................


THE SARANAC LAKE NY CLIMATE NORMALS FOR TODAY
                         NORMAL    RECORD    YEAR
 MAXIMUM TEMPERATURE (F)   75        87      1999
 MINIMUM TEMPERATURE (F)   51        36      2010


SUNRISE AND SUNSET
JULY 31 2015..........SUNRISE   542 AM EDT   SUNSET   823 PM EDT
AUGUST  1 2015........SUNRISE   544 AM EDT   SUNSET   822 PM EDT


-  INDICATES NEGATIVE NUMBERS.
R  INDICATES RECORD WAS SET OR TIED.
MM INDICATES DATA IS MISSING.
T  INDICATES TRACE AMOUNT.




$$
