000
CDUS41 KBTV 220526
CLISLK


CLIMATE REPORT
NATIONAL WEATHER SERVICE BURLINGTON VT
124 AM EDT MON MAY 22 2017


...................................

...THE SARANAC LAKE NY CLIMATE SUMMARY FOR MAY 21 2017...

CLIMATE NORMAL PERIOD 1981 TO 2010
CLIMATE RECORD PERIOD 9999 TO 9999


WEATHER ITEM   OBSERVED TIME   NORMAL DEPARTURE LAST
                VALUE   (LST)  VALUE  FROM      YEAR
                                      NORMAL
......................................................
TEMPERATURE (F)
 YESTERDAY
  MAXIMUM         67    149 PM  65      2       71
  MINIMUM         28   1232 AM  39    -11       33
  AVERAGE         48            52     -4       52

PRECIPITATION (IN)
  YESTERDAY        0.25          0.12   0.13     0.00
  MONTH TO DATE    4.34          2.19   2.15     1.81
  SINCE MAR 1      9.47          7.36   2.11     7.51
  SINCE JAN 1     14.01         11.10   2.91    11.39

DEGREE DAYS
 HEATING
  YESTERDAY       17            13      4       13
  MONTH TO DATE  370           349     21      387
  SINCE MAR 1   2403          2415    -12     2319
  SINCE JUL 1   8099          9120  -1021     7914

 COOLING
  YESTERDAY        0             0      0        0
  MONTH TO DATE    6             0      6        0
  SINCE MAR 1      6             0      6        0
  SINCE JAN 1      6             0      6        0
......................................................


WIND (MPH)
  HIGHEST WIND SPEED    14   HIGHEST WIND DIRECTION     S (170)
  HIGHEST GUST SPEED    19   HIGHEST GUST DIRECTION     S (160)
  AVERAGE WIND SPEED     4.6


SKY COVER
  AVERAGE SKY COVER 0.5


WEATHER CONDITIONS
 THE FOLLOWING WEATHER WAS RECORDED YESTERDAY.
  RAIN
  LIGHT RAIN
  FOG


RELATIVE HUMIDITY (PERCENT)
 HIGHEST   100          1000 PM
 LOWEST     26           200 PM
 AVERAGE    63

..........................................................


THE SARANAC LAKE NY CLIMATE NORMALS FOR TODAY
                         NORMAL    RECORD    YEAR
 MAXIMUM TEMPERATURE (F)   66        82      2010
 MINIMUM TEMPERATURE (F)   39        25      2007


SUNRISE AND SUNSET
MAY 22 2017...........SUNRISE   522 AM EDT   SUNSET   825 PM EDT
MAY 23 2017...........SUNRISE   522 AM EDT   SUNSET   826 PM EDT


-  INDICATES NEGATIVE NUMBERS.
R  INDICATES RECORD WAS SET OR TIED.
MM INDICATES DATA IS MISSING.
T  INDICATES TRACE AMOUNT.




$$
