000
CDUS41 KBTV 250531
CLISLK


CLIMATE REPORT
NATIONAL WEATHER SERVICE BURLINGTON VT
127 AM EDT FRI APR 25 2014


...................................

...THE SARANAC LAKE NY CLIMATE SUMMARY FOR APRIL 24 2014...

CLIMATE NORMAL PERIOD 1981 TO 2010
CLIMATE RECORD PERIOD 9999 TO 9999


WEATHER ITEM   OBSERVED TIME   NORMAL DEPARTURE LAST
                VALUE   (LST)  VALUE  FROM      YEAR
                                      NORMAL
......................................................
TEMPERATURE (F)
 YESTERDAY
  MAXIMUM         46    410 PM  55     -9       72
  MINIMUM         21   1158 PM  29     -8       22
  AVERAGE         34            42     -8       47

PRECIPITATION (IN)
  YESTERDAY        0.00          0.09  -0.09     0.25
  MONTH TO DATE    2.37          2.26   0.11     2.45
  SINCE MAR 1      4.00          4.54  -0.54     3.30
  SINCE JAN 1      6.62          8.28  -1.66     5.19

DEGREE DAYS
 HEATING
  YESTERDAY       31            23      8       18
  MONTH TO DATE  664           679    -15      704
  SINCE MAR 1   2216          1936    280     1965
  SINCE JUL 1   9200          8641    559     8222

 COOLING
  YESTERDAY        0             0      0        0
  MONTH TO DATE    0             0      0        0
  SINCE MAR 1      0             0      0        0
  SINCE JAN 1      0             0      0        0
......................................................


WIND (MPH)
  HIGHEST WIND SPEED    16   HIGHEST WIND DIRECTION     W (280)
  HIGHEST GUST SPEED    24   HIGHEST GUST DIRECTION    NW (310)
  AVERAGE WIND SPEED     7.3


SKY COVER
  AVERAGE SKY COVER 0.0


WEATHER CONDITIONS
 THE FOLLOWING WEATHER WAS RECORDED YESTERDAY.
  NO SIGNIFICANT WEATHER WAS OBSERVED.


RELATIVE HUMIDITY (PERCENT)
 HIGHEST    74          1100 PM
 LOWEST     28           400 PM
 AVERAGE    51

..........................................................


THE SARANAC LAKE NY CLIMATE NORMALS FOR TODAY
                         NORMAL    RECORD    YEAR
 MAXIMUM TEMPERATURE (F)   55        MM        MM
 MINIMUM TEMPERATURE (F)   29        MM        MM


SUNRISE AND SUNSET
APRIL 25 2014.........SUNRISE   557 AM EDT   SUNSET   754 PM EDT
APRIL 26 2014.........SUNRISE   555 AM EDT   SUNSET   755 PM EDT


-  INDICATES NEGATIVE NUMBERS.
R  INDICATES RECORD WAS SET OR TIED.
MM INDICATES DATA IS MISSING.
T  INDICATES TRACE AMOUNT.




$$
