000
CDUS43 KICT 280630
CLISLN


CLIMATE REPORT
NATIONAL WEATHER SERVICE WICHITA KS
130 AM CDT SAT MAR 28 2015


...................................

...THE SALINA KS CLIMATE SUMMARY FOR MARCH 27 2015...

CLIMATE NORMAL PERIOD 1981 TO 2010
CLIMATE RECORD PERIOD 1894 TO 2015


WEATHER ITEM   OBSERVED TIME   RECORD YEAR NORMAL DEPARTURE LAST
                VALUE   (LST)  VALUE       VALUE  FROM      YEAR
                                                  NORMAL
..................................................................
TEMPERATURE (F)
 YESTERDAY
  MAXIMUM         50    551 PM  88    1910  61    -11       65
  MINIMUM         32    652 AM   9    1913  37     -5       33
  AVERAGE         41                        49     -8       49

PRECIPITATION (IN)
  YESTERDAY        T             1.55 2004   0.09  -0.09      T
  MONTH TO DATE    0.05                      2.02  -1.97     0.30
  SINCE MAR 1      0.05                      2.02  -1.97     0.30
  SINCE JAN 1      1.49                      3.82  -2.33     2.11

DEGREE DAYS
 HEATING
  YESTERDAY       24                        16      8       16
  MONTH TO DATE  480                       546    -66      679
  SINCE MAR 1    480                       546    -66      679
  SINCE JUL 1   4309                      4387    -78     4929

 COOLING
  YESTERDAY        0                         0      0        0
  MONTH TO DATE    1                         0      1        0
  SINCE MAR 1      1                         0      1        0
  SINCE JAN 1      1                         0      1        0
..................................................................


WIND (MPH)
  HIGHEST WIND SPEED    22   HIGHEST WIND DIRECTION    NE (30)
  HIGHEST GUST SPEED    31   HIGHEST GUST DIRECTION    NE (40)
  AVERAGE WIND SPEED     8.1


SKY COVER
  POSSIBLE SUNSHINE  MM
  AVERAGE SKY COVER 0.7


WEATHER CONDITIONS
 THE FOLLOWING WEATHER WAS RECORDED YESTERDAY.
  NO SIGNIFICANT WEATHER WAS OBSERVED.


RELATIVE HUMIDITY (PERCENT)
 HIGHEST    85           100 AM
 LOWEST     38           200 PM
 AVERAGE    62

..........................................................


THE SALINA KS CLIMATE NORMALS FOR TODAY
                         NORMAL    RECORD    YEAR
 MAXIMUM TEMPERATURE (F)   61        94      1895
 MINIMUM TEMPERATURE (F)   37        10      1899


SUNRISE AND SUNSET
MARCH 28 2015.........SUNRISE   722 AM CDT   SUNSET   750 PM CDT
MARCH 29 2015.........SUNRISE   720 AM CDT   SUNSET   751 PM CDT


-  INDICATES NEGATIVE NUMBERS.
R  INDICATES RECORD WAS SET OR TIED.
MM INDICATES DATA IS MISSING.
T  INDICATES TRACE AMOUNT.




$$
