000
CDUS43 KICT 010634
CLISLN

CLIMATE REPORT
NATIONAL WEATHER SERVICE WICHITA KS
132 AM CDT WED JUL 1 2015

...................................

...THE SALINA KS CLIMATE SUMMARY FOR JUNE 30 2015...

CLIMATE NORMAL PERIOD 1981 TO 2010
CLIMATE RECORD PERIOD 1894 TO 2015


WEATHER ITEM   OBSERVED TIME   RECORD YEAR NORMAL DEPARTURE LAST
                VALUE   (LST)  VALUE       VALUE  FROM      YEAR
                                                  NORMAL
..................................................................
TEMPERATURE (F)
 YESTERDAY
  MAXIMUM        103    419 PM 112    1980  92     11       97
  MINIMUM         65    556 AM  54    1918  68     -3       71
  AVERAGE         84                        80      4       84

PRECIPITATION (IN)
  YESTERDAY        0.00          4.27 1905   0.12  -0.12     0.00
  MONTH TO DATE    4.50                      4.11   0.39     8.19
  SINCE JUN 1      4.50                      4.11   0.39     8.19
  SINCE JAN 1     16.10                     16.10   0.00    15.58

DEGREE DAYS
 HEATING
  YESTERDAY        0                         0      0        0
  MONTH TO DATE    0                         5     -5        1
  SINCE JUN 1      0                         7     -7        1
  SINCE JUL 1   4660                      4871   -211     5398

 COOLING
  YESTERDAY       19                        15      4       19
  MONTH TO DATE  440                       325    115      357
  SINCE JUN 1    440                       325    115      357
  SINCE JAN 1    530                       453     77      589
..................................................................


WIND (MPH)
  HIGHEST WIND SPEED    16   HIGHEST WIND DIRECTION    SW (230)
  HIGHEST GUST SPEED    26   HIGHEST GUST DIRECTION     E (110)
  AVERAGE WIND SPEED     7.1


SKY COVER
  POSSIBLE SUNSHINE  MM
  AVERAGE SKY COVER 0.0


WEATHER CONDITIONS
 THE FOLLOWING WEATHER WAS RECORDED YESTERDAY.
  HAZE


RELATIVE HUMIDITY (PERCENT)
 HIGHEST    84           400 AM
 LOWEST     20           400 PM
 AVERAGE    52

..........................................................


THE SALINA KS CLIMATE NORMALS FOR TODAY
                         NORMAL    RECORD    YEAR
 MAXIMUM TEMPERATURE (F)   92       114      1913
 MINIMUM TEMPERATURE (F)   68        53      1918


SUNRISE AND SUNSET
JULY  1 2015..........SUNRISE   609 AM CDT   SUNSET   900 PM CDT
JULY  2 2015..........SUNRISE   610 AM CDT   SUNSET   859 PM CDT


-  INDICATES NEGATIVE NUMBERS.
R  INDICATES RECORD WAS SET OR TIED.
MM INDICATES DATA IS MISSING.
T  INDICATES TRACE AMOUNT.

$$
