000
CDUS46 KLOX 280127
CLISMX


CLIMATE REPORT
NATIONAL WEATHER SERVICE LOS ANGELES/OXNARD CA
626 PM PDT SAT MAY 27 2017


...................................

...THE SANTA MARIA AIRPORT CA CLIMATE SUMMARY FOR MAY 27 2017...
VALID TODAY AS OF 0600 PM LOCAL TIME.

CLIMATE NORMAL PERIOD 1981 TO 2010
CLIMATE RECORD PERIOD 1906 TO 2017


WEATHER ITEM   OBSERVED TIME   RECORD YEAR NORMAL DEPARTURE LAST
                VALUE   (LST)  VALUE       VALUE  FROM      YEAR
                                                  NORMAL
..................................................................
TEMPERATURE (F)
 TODAY
  MAXIMUM         67    139 PM  93    1973  69     -2       66
  MINIMUM         47    445 AM  36    1918  49     -2       52
  AVERAGE         57                        59     -2       59

PRECIPITATION (IN)
  TODAY            0.00          1.15 1906   0.00   0.00     0.00
  MONTH TO DATE    0.34                      0.29   0.05     0.24
  SINCE OCT 1     18.44                     13.70   4.74     9.00
  SINCE JAN 1     13.64                      9.65   3.99     7.12

SNOWFALL (IN)
  TODAY            0.0
  MONTH TO DATE    0.0
  SINCE MAR 1      0.0
  SINCE JUL 1      0.0

DEGREE DAYS
 HEATING
  TODAY            8                         6      2
  MONTH TO DATE  161                       198    -37
  SINCE MAR 1    601                       824   -223
  SINCE JUL 1   2325                      2657   -332

 COOLING
  TODAY            0                         0      0
  MONTH TO DATE    4                         0      4
  SINCE MAR 1     14                         5      9
  SINCE JAN 1     14                         6      8
..................................................................


WIND (MPH)
  HIGHEST WIND SPEED    23   HIGHEST WIND DIRECTION     W (290)
  HIGHEST GUST SPEED    28   HIGHEST GUST DIRECTION    NW (310)
  AVERAGE WIND SPEED     8.4


SKY COVER
  POSSIBLE SUNSHINE  MM
  AVERAGE SKY COVER 0.4


WEATHER CONDITIONS
 THE FOLLOWING WEATHER WAS RECORDED TODAY.
  FOG


RELATIVE HUMIDITY (PERCENT)
 HIGHEST   100           100 AM
 LOWEST     56          1100 AM
 AVERAGE    78

..........................................................


THE SANTA MARIA AIRPORT CA CLIMATE NORMALS FOR TOMORROW
                         NORMAL    RECORD    YEAR
 MAXIMUM TEMPERATURE (F)   69        92      1973
 MINIMUM TEMPERATURE (F)   49        39      1920


SUNRISE AND SUNSET
MAY 27 2017...........SUNRISE   551 AM PDT   SUNSET   807 PM PDT
MAY 28 2017...........SUNRISE   551 AM PDT   SUNSET   808 PM PDT


-  INDICATES NEGATIVE NUMBERS.
R  INDICATES RECORD WAS SET OR TIED.
MM INDICATES DATA IS MISSING.
T  INDICATES TRACE AMOUNT.




$$
