000
CDUS46 KLOX 300111
CLISMX


CLIMATE REPORT
NATIONAL WEATHER SERVICE LOS ANGELES/OXNARD CA
611 PM PDT WED JUL 29 2015


...................................

...THE SANTA MARIA AIRPORT CA CLIMATE SUMMARY FOR JULY 29 2015...
VALID TODAY AS OF 0600 PM LOCAL TIME.

CLIMATE NORMAL PERIOD 1981 TO 2010
CLIMATE RECORD PERIOD 1906 TO 2015


WEATHER ITEM   OBSERVED TIME   RECORD YEAR NORMAL DEPARTURE LAST
                VALUE   (LST)  VALUE       VALUE  FROM      YEAR
                                                  NORMAL
..................................................................
TEMPERATURE (F)
 TODAY
  MAXIMUM         77    241 PM  89    1996  73      4       78
  MINIMUM         60    722 AM  43    1932  54      6       62
                                      1927
                                      1920
  AVERAGE         69                        64      5       70

PRECIPITATION (IN)
  TODAY            0.00          0.01 1972   0.00   0.00     0.00
                                      1965
                                      1937
  MONTH TO DATE    0.14                      0.03   0.11      T
  SINCE OCT 1      7.78                     13.79  -6.01     4.50
  SINCE JAN 1      2.22                      9.74  -7.52     4.01

SNOWFALL (IN)
  TODAY            0.0
  MONTH TO DATE    0.0
  SINCE JUN 1      0.0
  SINCE JUL 1      0.0

DEGREE DAYS
 HEATING
  TODAY            0                         2     -2
  MONTH TO DATE    0                        69    -69
  SINCE JUN 1     43                       210   -167
  SINCE JUL 1      0                        69    -69

 COOLING
  TODAY            4                         1      3
  MONTH TO DATE  108                        24     84
  SINCE JUN 1    128                        30     98
  SINCE JAN 1    156                        40    116
..................................................................


WIND (MPH)
  HIGHEST WIND SPEED    15   HIGHEST WIND DIRECTION    NW (320)
  HIGHEST GUST SPEED    20   HIGHEST GUST DIRECTION    NW (320)
  AVERAGE WIND SPEED     5.8


SKY COVER
  POSSIBLE SUNSHINE  MM
  AVERAGE SKY COVER 0.6


WEATHER CONDITIONS
 THE FOLLOWING WEATHER WAS RECORDED TODAY.
  FOG
  HAZE


RELATIVE HUMIDITY (PERCENT)
 HIGHEST   100           800 AM
 LOWEST     56           100 PM
 AVERAGE    78

..........................................................


THE SANTA MARIA AIRPORT CA CLIMATE NORMALS FOR TOMORROW
                         NORMAL    RECORD    YEAR
 MAXIMUM TEMPERATURE (F)   73        87      1995
 MINIMUM TEMPERATURE (F)   54        43      1920


SUNRISE AND SUNSET
JULY 29 2015..........SUNRISE   609 AM PDT   SUNSET   807 PM PDT
JULY 30 2015..........SUNRISE   610 AM PDT   SUNSET   806 PM PDT


-  INDICATES NEGATIVE NUMBERS.
R  INDICATES RECORD WAS SET OR TIED.
MM INDICATES DATA IS MISSING.
T  INDICATES TRACE AMOUNT.




$$
