114
CDUS46 KLOX 180118
CLISMX


CLIMATE REPORT
NATIONAL WEATHER SERVICE LOS ANGELES/OXNARD CA
518 PM PST SAT FEB 17 2018


...................................

...THE SANTA MARIA AIRPORT CA CLIMATE SUMMARY FOR FEBRUARY 17 2018...
VALID TODAY AS OF 0500 PM LOCAL TIME.

CLIMATE NORMAL PERIOD 1981 TO 2010
CLIMATE RECORD PERIOD 1906 TO 2018


WEATHER ITEM   OBSERVED TIME   RECORD YEAR NORMAL DEPARTURE LAST
                VALUE   (LST)  VALUE       VALUE  FROM      YEAR
                                                  NORMAL
..................................................................
TEMPERATURE (F)
 TODAY
  MAXIMUM         76   1238 PM  89    1930  64     12       58
  MINIMUM         39    708 AM  24    1956  42     -3       49
  AVERAGE         58                        53      5       54

PRECIPITATION (IN)
  TODAY            0.00          1.98 2017   0.11  -0.11     1.98
  MONTH TO DATE    T                         1.78  -1.78     4.65
  SINCE OCT 1      2.02                      8.58  -6.56    15.29
  SINCE JAN 1      1.90                      4.53  -2.63    10.49

SNOWFALL (IN)
  TODAY            0.0
  MONTH TO DATE    0.0
  SINCE DEC 1      0.0
  SINCE JUL 1      0.0

DEGREE DAYS
 HEATING
  TODAY            7                        12     -5
  MONTH TO DATE  111                       212   -101
  SINCE DEC 1    639                      1058   -419
  SINCE JUL 1    912                      1704   -792

 COOLING
  TODAY            0                         0      0
  MONTH TO DATE    0                         0      0
  SINCE DEC 1      0                         0      0
  SINCE JAN 1      0                         0      0
..................................................................


WIND (MPH)
  HIGHEST WIND SPEED    18   HIGHEST WIND DIRECTION    NW (320)
  HIGHEST GUST SPEED    22   HIGHEST GUST DIRECTION    NW (310)
  AVERAGE WIND SPEED     5.8


SKY COVER
  POSSIBLE SUNSHINE  MM
  AVERAGE SKY COVER 0.0


WEATHER CONDITIONS
 THE FOLLOWING WEATHER WAS RECORDED TODAY.
  NO SIGNIFICANT WEATHER WAS OBSERVED.


RELATIVE HUMIDITY (PERCENT)
 HIGHEST    82           100 AM
 LOWEST     14          1200 PM
 AVERAGE    48

..........................................................


THE SANTA MARIA AIRPORT CA CLIMATE NORMALS FOR TOMORROW
                         NORMAL    RECORD    YEAR
 MAXIMUM TEMPERATURE (F)   64        86      1935
 MINIMUM TEMPERATURE (F)   42        29      1975
                                             1911


SUNRISE AND SUNSET
FEBRUARY 17 2018......SUNRISE   645 AM PST   SUNSET   547 PM PST
FEBRUARY 18 2018......SUNRISE   644 AM PST   SUNSET   548 PM PST


-  INDICATES NEGATIVE NUMBERS.
R  INDICATES RECORD WAS SET OR TIED.
MM INDICATES DATA IS MISSING.
T  INDICATES TRACE AMOUNT.




$$
