697
CDUS46 KLOX 312221
CLISMX


CLIMATE REPORT
NATIONAL WEATHER SERVICE LOS ANGELES/OXNARD CA
321 PM PDT TUE MAY 31 2016


...................................

...THE SANTA MARIA AIRPORT CA CLIMATE SUMMARY FOR MAY 31 2016...
VALID AS OF 0300 PM LOCAL TIME.

CLIMATE NORMAL PERIOD 1981 TO 2010
CLIMATE RECORD PERIOD 1906 TO 2016


WEATHER ITEM   OBSERVED TIME   RECORD YEAR NORMAL DEPARTURE LAST
                VALUE   (LST)  VALUE       VALUE  FROM      YEAR
                                                  NORMAL
..................................................................
TEMPERATURE (F)
 TODAY
  MAXIMUM         69   1216 PM  92    1997  69      0       68
  MINIMUM         52    710 AM  36    1920  49      3       50
  AVERAGE         61                        59      2       59

PRECIPITATION (IN)
  TODAY            0.00          0.03 1925   0.00   0.00     0.00
  MONTH TO DATE    0.24                      0.31  -0.07     0.24
  SINCE OCT 1      9.00                     13.72  -4.72     7.61
  SINCE JAN 1      7.12                      9.67  -2.55     2.05

SNOWFALL (IN)
  TODAY            0.0
  MONTH TO DATE    0.0
  SINCE MAR 1      0.0
  SINCE JUL 1      0.0

DEGREE DAYS
 HEATING
  TODAY            4                         6     -2
  MONTH TO DATE  166                       222    -56
  SINCE MAR 1    495                       849   -354
  SINCE JUL 1   1618                      2682  -1064

 COOLING
  TODAY            0                         0      0
  MONTH TO DATE    0                         4     -4
  SINCE MAR 1     20                         9     11
  SINCE JAN 1     38                        10     28
..................................................................


WIND (MPH)
  HIGHEST WIND SPEED    13   HIGHEST WIND DIRECTION    NW (320)
  HIGHEST GUST SPEED    MM   HIGHEST GUST DIRECTION    MM
  AVERAGE WIND SPEED     4.4


SKY COVER
  POSSIBLE SUNSHINE  MM
  AVERAGE SKY COVER 0.7


WEATHER CONDITIONS
 THE FOLLOWING WEATHER WAS RECORDED TODAY.
  FOG
  FOG W/VISIBILITY <= 1/4 MILE


RELATIVE HUMIDITY (PERCENT)
 HIGHEST   100
 LOWEST     63          1100 AM
 AVERAGE    82

..........................................................


THE SANTA MARIA AIRPORT CA CLIMATE NORMALS FOR TOMORROW
                         NORMAL    RECORD    YEAR
 MAXIMUM TEMPERATURE (F)   69        92      1987
 MINIMUM TEMPERATURE (F)   49        36      1920


SUNRISE AND SUNSET
MAY 31 2016...........SUNRISE   549 AM PDT   SUNSET   810 PM PDT
JUNE  1 2016..........SUNRISE   549 AM PDT   SUNSET   811 PM PDT


-  INDICATES NEGATIVE NUMBERS.
R  INDICATES RECORD WAS SET OR TIED.
MM INDICATES DATA IS MISSING.
T  INDICATES TRACE AMOUNT.




$$
