000
CDUS46 KLOX 280912
CLISMX


CLIMATE REPORT
NATIONAL WEATHER SERVICE LOS ANGELES/OXNARD CA
112 AM PST SUN DEC 28 2014


...................................

...THE SANTA MARIA AIRPORT CA CLIMATE SUMMARY FOR DECEMBER 27 2014...

CLIMATE NORMAL PERIOD 1981 TO 2010
CLIMATE RECORD PERIOD 1906 TO 2014


WEATHER ITEM   OBSERVED TIME   RECORD YEAR NORMAL DEPARTURE LAST
                VALUE   (LST)  VALUE       VALUE  FROM      YEAR
                                                  NORMAL
..................................................................
TEMPERATURE (F)
 YESTERDAY
  MAXIMUM         63    233 PM  84    2013  63      0       84
  MINIMUM         35    700 AM  25    1966  39     -4       38
  AVERAGE         49                        51     -2       61

PRECIPITATION (IN)
  YESTERDAY        0.00          1.74 2004   0.09  -0.09     0.00
  MONTH TO DATE    4.24                      1.79   2.45     0.18
  SINCE JUL 1      5.56                      3.91   1.65     0.50
  SINCE JAN 1      9.57                     13.62  -4.05     2.99

SNOWFALL (IN)
  YESTERDAY        0.0
  MONTH TO DATE    0.0
  SINCE DEC 1      0.0
  SINCE JUL 1      0.0

DEGREE DAYS
 HEATING
  YESTERDAY       16                        14      2
  MONTH TO DATE  165                       368   -203
  SINCE DEC 1    165                       368   -203
  SINCE JUL 1    263                      1014   -751

 COOLING
  YESTERDAY        0                         0      0
  MONTH TO DATE    2                         0      2
  SINCE DEC 1      2                         0      2
  SINCE JAN 1    568                       104    464
..................................................................


WIND (MPH)
  HIGHEST WIND SPEED    13   HIGHEST WIND DIRECTION    NW (320)
  HIGHEST GUST SPEED    MM   HIGHEST GUST DIRECTION    MM
  AVERAGE WIND SPEED     3.3


SKY COVER
  POSSIBLE SUNSHINE  MM
  AVERAGE SKY COVER 0.0


WEATHER CONDITIONS
 THE FOLLOWING WEATHER WAS RECORDED YESTERDAY.
  NO SIGNIFICANT WEATHER WAS OBSERVED.


RELATIVE HUMIDITY (PERCENT)
 HIGHEST    76           100 AM
 LOWEST     32          1100 AM
 AVERAGE    54

..........................................................


THE SANTA MARIA AIRPORT CA CLIMATE NORMALS FOR TODAY
                         NORMAL    RECORD    YEAR
 MAXIMUM TEMPERATURE (F)   63        81      1956
 MINIMUM TEMPERATURE (F)   39        23      1966


SUNRISE AND SUNSET
DECEMBER 28 2014......SUNRISE   709 AM PST   SUNSET   458 PM PST
DECEMBER 29 2014......SUNRISE   709 AM PST   SUNSET   459 PM PST


-  INDICATES NEGATIVE NUMBERS.
R  INDICATES RECORD WAS SET OR TIED.
MM INDICATES DATA IS MISSING.
T  INDICATES TRACE AMOUNT.




$$
